{"id":156692,"date":"2025-10-30T14:31:24","date_gmt":"2025-10-30T14:31:24","guid":{"rendered":"https:\/\/dev.codekraft.it\/ravaglioli.it\/product\/radgreifanlage-rav263\/"},"modified":"2026-01-14T23:03:07","modified_gmt":"2026-01-14T23:03:07","slug":"radgreifanlage-rav263","status":"publish","type":"product","link":"https:\/\/dev.codekraft.it\/ravaglioli.it\/de\/product\/radgreifanlage-rav263\/","title":{"rendered":"Radgreifanlage RAV263"},"content":{"rendered":"<ul>\n<li>6 Baureichen mit Tragf\u00e4higkeiten von 3 t bis 8,5 t je S\u00e4ule<\/li>\n<li>2 Auslegungen: f\u00fcr Einsatz in Hallen und im Freien<\/li>\n<li>3 Konfigurationen: 4, 6 oder 8 S\u00e4ulens\u00e4tze<\/li>\n<li>Grossdimensionierter\u00a0Grundrahmen f\u00fcr maximale Stabilit\u00e4t bei Belastung<\/li>\n<li>Hubspindel aus gewalztem Stahl mit Trag- und Sicherheitsmutter aus Bronze<\/li>\n<\/ul>\n<ul>\n<li>S\u00e4ulen aus Kastenblech mit Gleitprofil f\u00fcr hochwiderstandsf\u00e4hige Stahlrollen<\/li>\n<li>Hubwagen-Stahlrollen mit selbstschmierenden, wartungsfreien Lagern<\/li>\n<li>Selbstbremsender direkt mit der Hubspindel verbundener Getriebemotor<\/li>\n<li>Automatische Schmierung der Spindel-Trag\/Sicherheitsmuttergruppe.<\/li>\n<\/ul>\n<ul>\n<li>Sicherheit: Den europ\u00e4ischen Normen entsprechende mechanische und elektrische Sicherheitseinrichtungen<\/li>\n<li>Hublaufsperre bei starker Abnutzung der Tragmutter<\/li>\n<li>Motoren mit \u00dcberlastw\u00e4rmeschutz<\/li>\n<li>Elektronische Gleichlaufkontrolleinrichtung (SPS programmierbare Kontrolleinrichtung mit Eigendiagnosesystem) mit automatischem Ausgleich und Notaus<\/li>\n<li>Verschiedene selektierbare Betriebsmodalit\u00e4ten:\n<ul>\n<li>Kollektivbetrieb aller S\u00e4ulen<\/li>\n<li>Betrieb 1 oder mehrerer S\u00e4ulenpaare<\/li>\n<li>Einzelbetrieb<\/li>\n<\/ul>\n<\/li>\n<li>Elektronische Einrichtung zur automatischen Bestimmung der korrekten Phasenfolge<\/li>\n<li>Niederspannungssteuerung (24 V) auf allen S\u00e4ulen, mit Totmanntasten und Sicherheitsblockierung bei Interferenzen auf der bereits aktivierten Steuerung<\/li>\n<li>Schaltschrank der Haupts\u00e4ule mit allen Selektier- und Kontrollsteuerungen<\/li>\n<li>Sekund\u00e4rschaltschrank mit den Hub- und Absenksteuerungen und Notausschalter<\/li>\n<li>M\u00f6glichkeit, vorbestimmte Differenzen zwischen 2 oder mehreren S\u00e4ulenpaaren zu selektieren<\/li>\n<li>Modularelektroanlangen zur Gew\u00e4hrleistung darauffolgender Konfigurations\u00e4nderungen (\u00dcbergang von 4 auf 6 oder 8 S\u00e4ulen oder Betrieb mit 2 S\u00e4tzen zu 4, erzielt durch Trennung 1 Satzes zu 8)<\/li>\n<\/ul>\n","protected":false},"excerpt":{"rendered":"<p>6 x 8,5 t, elektromechanisch, kabelgebunden, Hubspindel, mobil, ideal f\u00fcr Transporter, Lkw und Wohnmobile<\/p>\n","protected":false},"featured_media":146900,"template":"","meta":[],"product_brand":[],"product_cat":[58234],"product_tag":[63075,58374,58357,58476,58323,58340],"product_approvals":[],"product_application":[],"class_list":{"0":"post-156692","1":"product","2":"type-product","3":"status-publish","4":"has-post-thumbnail","6":"product_cat-radgreifanlagen-de","7":"product_tag-anhanger-de","8":"product_tag-buses-de","9":"product_tag-trucks-de","10":"product_tag-trailer-de","11":"product_tag-light-commercial-de","12":"product_tag-motor-homes-de","14":"first","15":"instock","16":"shipping-taxable","17":"product-type-simple"},"approvals":[],"application":[],"brb_media_brochure":[{"id":146901,"url":"https:\/\/dev.codekraft.it\/ravaglioli.it\/wp-content\/uploads\/brb_media\/00511138_rav_210_220_230_240_260_270_07-br-screen.pdf","title":"RAV 210 220 230 240 260 270 (07) BR screen","mpn":"","thumbnail":"https:\/\/dev.codekraft.it\/ravaglioli.it\/wp-content\/uploads\/brb_media\/00511138_rav_210_220_230_240_260_270_07-br-screen-pdf-106x150.png","description":""}],"brb_media_drawing":"","brb_media_manuals":"","brb_media_safety_datasheets":"","brb_media_spare_parts":[],"_cdmm_p_id":"503107","_company":"Ravaglioli","_gtin":"4057612815832","accessories":[{"id":155431,"mpn":"S260A1","name":"Abst\u00fctzbock","description":"7500 kg, 1330 - 2030 mm, in 7 x 100-mm-Schritten h\u00f6henverstellbar, 2 Rollen, U-Aufnahme | Grau (RAL 7040)","thumbnail":"https:\/\/dev.codekraft.it\/ravaglioli.it\/wp-content\/uploads\/brb_media\/00535518_mobile-columns-s260a1-mi-150x150.png","url":"https:\/\/dev.codekraft.it\/ravaglioli.it\/de\/product\/abstutzbock-3\/"},{"id":152045,"mpn":"S270A1","name":"Abst\u00fctzbock","description":"10000 kg, 1235 - 2040 mm, in 6 x 100-mm-Schritten h\u00f6henverstellbar, stufenlos verstellbares Oberteil (115 mm), 2 Rollen, U-Aufnahme und Prisma-Aufnahme (wechselbar) | Grau (RAL 7040)","thumbnail":"https:\/\/dev.codekraft.it\/ravaglioli.it\/wp-content\/uploads\/brb_media\/00535519_mobile-columns-s270a1-mi-150x150.png","url":"https:\/\/dev.codekraft.it\/ravaglioli.it\/de\/product\/abstutzbock\/"},{"id":152275,"mpn":"S270A2","name":"Abst\u00fctzbock","description":"10000 kg, 1235 - 2040 mm, in 6 x 100-mm-Schritten h\u00f6henverstellbar, stufenlos verstellbares Oberteil (115 mm), 3 federnde Rollen, U-Aufnahme und Prisma-Aufnahme (wechselbar), fertig montiert | Grau (RAL 7040)","thumbnail":"https:\/\/dev.codekraft.it\/ravaglioli.it\/wp-content\/uploads\/brb_media\/00535520_mobile-columns-s270a2-mi-150x150.png","url":"https:\/\/dev.codekraft.it\/ravaglioli.it\/de\/product\/abstutzbock-2\/"},{"id":152064,"mpn":"S260A5","name":"Quertraverse f\u00fcr ArtisLift MRG55","description":"15 t","thumbnail":"https:\/\/dev.codekraft.it\/ravaglioli.it\/wp-content\/uploads\/brb_media\/00507074_s260a5-150x150.png","url":"https:\/\/dev.codekraft.it\/ravaglioli.it\/de\/product\/quertraverse-fur-artislift-mrg55\/"},{"id":153581,"mpn":"S270A7","name":"Quertraverse max. 20000 kg","description":"Quertraverse f\u00fcr alle Versionen mit Radgreifern","thumbnail":"https:\/\/dev.codekraft.it\/ravaglioli.it\/wp-content\/uploads\/brb_media\/00507074_s260a5-150x150.png","url":"https:\/\/dev.codekraft.it\/ravaglioli.it\/de\/product\/quertraverse-max-20000-kg\/"},{"id":153119,"mpn":"S270A8","name":"Radgabelreduzierung f\u00fcr Radgreifanlagen | Reifen-\u00d8 700 &#8211; 500 mm","description":"Reduzierung der Radgabel f\u00fcr Reifen von \u00d8 700 mm auf \u00d8 500 mm | 1 St\u00fcck\/pro S\u00e4ule","thumbnail":"https:\/\/dev.codekraft.it\/ravaglioli.it\/wp-content\/uploads\/brb_media\/00535683_mobile-columns-s270a4-s270a8-mi-150x150.png","url":"https:\/\/dev.codekraft.it\/ravaglioli.it\/de\/product\/radgabelreduzierung-fur-radgreifanlagen-reifen-o-700-500-mm\/"},{"id":155944,"mpn":"S270A4","name":"Radgabelreduzierung f\u00fcr Radgreifanlagen | Reifen-\u00d8 800 &#8211; 700 mm","description":"Reduzierung der Radgabel f\u00fcr Reifen von \u00d8 800 mm auf \u00d8 700 mm | 1 St\u00fcck\/pro S\u00e4ule","thumbnail":"https:\/\/dev.codekraft.it\/ravaglioli.it\/wp-content\/uploads\/brb_media\/00535683_mobile-columns-s270a4-s270a8-mi-150x150.png","url":"https:\/\/dev.codekraft.it\/ravaglioli.it\/de\/product\/radgabelreduzierung-fur-radgreifanlagen-reifen-o-800-700-mm\/"},{"id":153125,"mpn":"S270A3","name":"Radgabelreduzierung f\u00fcr Radgreifanlagen | Reifen-\u00d8 900 &#8211; 800 mm","description":"Reduzierung der Radgabel f\u00fcr Reifen von \u00d8 900 mm auf \u00d8 800 mm | 1 St\u00fcck\/pro S\u00e4ule","thumbnail":"https:\/\/dev.codekraft.it\/ravaglioli.it\/wp-content\/uploads\/brb_media\/00535684_mobile-columns-s270a3-mi-150x150.png","url":"https:\/\/dev.codekraft.it\/ravaglioli.it\/de\/product\/radgabelreduzierung-fur-radgreifanlagen-reifen-o-900-800-mm\/"},{"id":155950,"mpn":"S270A5","name":"Radgabelverl\u00e4ngerung f\u00fcr ArtisLift MRG55","description":"L\u00e4nge ca. 123 mm | Reduzierung der Tragf\u00e4higkeit auf 5 t | 1 Satz (f\u00fcr 1 Radgreifers\u00e4ule)","thumbnail":"https:\/\/dev.codekraft.it\/ravaglioli.it\/wp-content\/uploads\/brb_media\/00535685_mobile-columns-s270a5-mi-150x150.png","url":"https:\/\/dev.codekraft.it\/ravaglioli.it\/de\/product\/radgabelverlangerung-fur-artislift-mrg55\/"}],"components":[],"delivery":[],"package":[],"related":[],"similar":[{"id":156686,"mpn":"RAV261","name":"Radgreifanlage RAV261","description":"4 x 8,5 t, elektromechanisch, kabelgebunden, Hubspindel, mobil, ideal f\u00fcr Transporter, Lkw und Wohnmobile","thumbnail":"https:\/\/dev.codekraft.it\/ravaglioli.it\/wp-content\/uploads\/brb_media\/00511142_mobile-column-lift-210-column-mi-150x150.png","url":"https:\/\/dev.codekraft.it\/ravaglioli.it\/de\/product\/radgreifanlage-rav261\/"}],"page_logo_src":"https:\/\/dev.codekraft.it\/ravaglioli.it\/wp-content\/uploads\/2026\/04\/rav-negative-logo-1.png","lang":"de","translations":{"de":156692,"en":156691,"fr":156693,"it":156694,"es":156695,"ru":156696},"pll_sync_post":[],"_links":{"self":[{"href":"https:\/\/dev.codekraft.it\/ravaglioli.it\/wp-json\/wp\/v2\/product\/156692","targetHints":{"allow":["GET"]}}],"collection":[{"href":"https:\/\/dev.codekraft.it\/ravaglioli.it\/wp-json\/wp\/v2\/product"}],"about":[{"href":"https:\/\/dev.codekraft.it\/ravaglioli.it\/wp-json\/wp\/v2\/types\/product"}],"wp:featuredmedia":[{"embeddable":true,"href":"https:\/\/dev.codekraft.it\/ravaglioli.it\/wp-json\/wp\/v2\/media\/146900"}],"wp:attachment":[{"href":"https:\/\/dev.codekraft.it\/ravaglioli.it\/wp-json\/wp\/v2\/media?parent=156692"}],"wp:term":[{"taxonomy":"product_brand","embeddable":true,"href":"https:\/\/dev.codekraft.it\/ravaglioli.it\/wp-json\/wp\/v2\/product_brand?post=156692"},{"taxonomy":"product_cat","embeddable":true,"href":"https:\/\/dev.codekraft.it\/ravaglioli.it\/wp-json\/wp\/v2\/product_cat?post=156692"},{"taxonomy":"product_tag","embeddable":true,"href":"https:\/\/dev.codekraft.it\/ravaglioli.it\/wp-json\/wp\/v2\/product_tag?post=156692"},{"taxonomy":"product_approvals","embeddable":true,"href":"https:\/\/dev.codekraft.it\/ravaglioli.it\/wp-json\/wp\/v2\/product_approvals?post=156692"},{"taxonomy":"product_application","embeddable":true,"href":"https:\/\/dev.codekraft.it\/ravaglioli.it\/wp-json\/wp\/v2\/product_application?post=156692"}],"curies":[{"name":"wp","href":"https:\/\/api.w.org\/{rel}","templated":true}]}}