{"id":156666,"date":"2025-10-30T14:31:24","date_gmt":"2025-10-30T14:31:24","guid":{"rendered":"https:\/\/dev.codekraft.it\/ravaglioli.it\/product\/mobile-column-lift-rav241\/"},"modified":"2026-01-14T22:59:13","modified_gmt":"2026-01-14T22:59:13","slug":"mobile-column-lift-rav241","status":"publish","type":"product","link":"https:\/\/dev.codekraft.it\/ravaglioli.it\/product\/mobile-column-lift-rav241\/","title":{"rendered":"Mobile column lift RAV241"},"content":{"rendered":"<ul>\n<li>6 Models with capacities ranging from 3 to 8,5 tonnes per column<\/li>\n<li>2 Versions: indoor and outdoor installation<\/li>\n<li>3 Configurations: 4, 6 or 8 columns<\/li>\n<li>Large and solid base for maximum stability under load<\/li>\n<li>Lifting spindles in rolled steel with bronze main and safety nuts<\/li>\n<\/ul>\n<ul>\n<li>Columns in boxed sheet steel with rollers sliding profiles in high resistance steel<\/li>\n<li>Steel rollers for carriage movement fitted on self-lubrificating bearings requiring no maintenance<\/li>\n<li>Direct drive to the spindle by means of a self-braking motor-gear unit<\/li>\n<li>Automatic lubrication of spindle and nuts<\/li>\n<\/ul>\n<ul>\n<li>Safety: Mechanical and electrical safety devices comply with European Safety Regulations<\/li>\n<li>Cut-out of lifting operation in case of wear of main nut<\/li>\n<li>Thermal protection against motors overload<\/li>\n<li>Electronic system ensuring synchronization of all columns (PLC programmable controller with self-diagnostic system)<\/li>\n<li>Safety stop in case of malfunction<\/li>\n<li>Possibility to select several operating modes:\n<ul>\n<li>Simultaneous operation of all columns<\/li>\n<li>One or more pairs of columns<\/li>\n<li>Single column<\/li>\n<\/ul>\n<\/li>\n<li>Electronic device selects automatically the correct main supply phase sequence<\/li>\n<li>Low voltage controls (24 V) on all columns with deadman push buttons and safety interlock in case of interference in the activated control<\/li>\n<li>Control panel of the main column featuring all controls<\/li>\n<li>Secondary control panel, featuring lifting and lowering controls and emergency stop button<\/li>\n<li>Possibility of setting a different height between pairs of columns<\/li>\n<li>Modular electrical system enables various configurations (passing 4 to 6 to 8 columns, or creating two sets of 4 by splitting a set of 8)<\/li>\n<\/ul>\n","protected":false},"excerpt":{"rendered":"<p>4 x 7.0 t, electromechanical, cable-bound, lift spindle, mobile, ideal for transporter, truck and mobile home<\/p>\n","protected":false},"featured_media":146900,"template":"","meta":[],"product_brand":[],"product_cat":[58230],"product_tag":[58321,58338,58474],"product_approvals":[],"product_application":[],"class_list":{"0":"post-156666","1":"product","2":"type-product","3":"status-publish","4":"has-post-thumbnail","6":"product_cat-mobile-column-lifts-en","7":"product_tag-light-commercial-en","8":"product_tag-motor-homes-en","9":"product_tag-trailer-en","11":"first","12":"instock","13":"shipping-taxable","14":"product-type-simple"},"approvals":[],"application":[],"brb_media_brochure":[{"id":146901,"url":"https:\/\/dev.codekraft.it\/ravaglioli.it\/wp-content\/uploads\/brb_media\/00511138_rav_210_220_230_240_260_270_07-br-screen.pdf","title":"RAV 210 220 230 240 260 270 (07) BR screen","mpn":"","thumbnail":"https:\/\/dev.codekraft.it\/ravaglioli.it\/wp-content\/uploads\/brb_media\/00511138_rav_210_220_230_240_260_270_07-br-screen-pdf-106x150.png","description":""}],"brb_media_drawing":"","brb_media_manuals":"","brb_media_safety_datasheets":"","brb_media_spare_parts":[],"_cdmm_p_id":"503100","_company":"Ravaglioli","_gtin":"4057612815658","accessories":[{"id":155426,"mpn":"S260A1","name":"Support trestle","description":"7500 kg, 1330 - 2030 mm, height adjustable in 7 x 100 mm steps, 2 castors, U-bracket | Grey (RAL 7040)","thumbnail":"https:\/\/dev.codekraft.it\/ravaglioli.it\/wp-content\/uploads\/brb_media\/00535518_mobile-columns-s260a1-mi-150x150.png","url":"https:\/\/dev.codekraft.it\/ravaglioli.it\/product\/support-trestle-3\/"},{"id":152044,"mpn":"S270A1","name":"Support trestle","description":"10000 kg, 1235 - 2040 mm, height adjustable in 6 x 100 mm steps, additionally with infinitely adjustable upper part (115 mm), 2 rollers, U-shaped holder and prismatic holder (interchangeable) | Grey (RAL 7040)","thumbnail":"https:\/\/dev.codekraft.it\/ravaglioli.it\/wp-content\/uploads\/brb_media\/00535519_mobile-columns-s270a1-mi-150x150.png","url":"https:\/\/dev.codekraft.it\/ravaglioli.it\/product\/support-trestle\/"},{"id":152274,"mpn":"S270A2","name":"Support trestle","description":"10000 kg, 1235 - 2040 mm, height adjustable in 6 x 100 mm steps, additionally with infinitely adjustable upper part (115 mm), 3 springy wheels, U-shaped holder and prismatic holder (interchangeable), ready assembled | Grey (RAL 7040)","thumbnail":"https:\/\/dev.codekraft.it\/ravaglioli.it\/wp-content\/uploads\/brb_media\/00535520_mobile-columns-s270a2-mi-150x150.png","url":"https:\/\/dev.codekraft.it\/ravaglioli.it\/product\/support-trestle-2\/"},{"id":152063,"mpn":"S260A5","name":"Cross-beam for ArtisLift MRG55","description":"15 t","thumbnail":"https:\/\/dev.codekraft.it\/ravaglioli.it\/wp-content\/uploads\/brb_media\/00507074_s260a5-150x150.png","url":"https:\/\/dev.codekraft.it\/ravaglioli.it\/product\/cross-beam-for-artislift-mrg55\/"},{"id":153580,"mpn":"S270A7","name":"Cross beam max. 20000 kg","description":"Crossbar for standard lifts with adjustable fork","thumbnail":"https:\/\/dev.codekraft.it\/ravaglioli.it\/wp-content\/uploads\/brb_media\/00507074_s260a5-150x150.png","url":"https:\/\/dev.codekraft.it\/ravaglioli.it\/product\/cross-beam-max-20000-kg\/"},{"id":153118,"mpn":"S270A8","name":"Wheel fork reduction for mobile column lifts | tires \u00d8 700 &#8211; 500 mm","description":"Reduction of the wheel fork for tires from \u00d8 700 mm to \u00d8 500 mm | 1 piece\/per column","thumbnail":"https:\/\/dev.codekraft.it\/ravaglioli.it\/wp-content\/uploads\/brb_media\/00535683_mobile-columns-s270a4-s270a8-mi-150x150.png","url":"https:\/\/dev.codekraft.it\/ravaglioli.it\/product\/wheel-fork-reduction-for-mobile-column-lifts-tires-o-700-500-mm\/"},{"id":155943,"mpn":"S270A4","name":"Wheel fork reduction for mobile column lifts | tires \u00d8 800 &#8211; 700 mm","description":"Reduction of the wheel fork for tires from \u00d8 800 mm to \u00d8 700 mm | 1 piece\/per column","thumbnail":"https:\/\/dev.codekraft.it\/ravaglioli.it\/wp-content\/uploads\/brb_media\/00535683_mobile-columns-s270a4-s270a8-mi-150x150.png","url":"https:\/\/dev.codekraft.it\/ravaglioli.it\/product\/wheel-fork-reduction-for-mobile-column-lifts-tires-o-800-700-mm\/"},{"id":153124,"mpn":"S270A3","name":"Wheel fork reduction for mobile column lifts | tires \u00d8 900 &#8211; 800 mm","description":"Reduction of the wheel fork for tires from \u00d8 900 mm to \u00d8 800 mm | 1 piece\/per column","thumbnail":"https:\/\/dev.codekraft.it\/ravaglioli.it\/wp-content\/uploads\/brb_media\/00535684_mobile-columns-s270a3-mi-150x150.png","url":"https:\/\/dev.codekraft.it\/ravaglioli.it\/product\/wheel-fork-reduction-for-mobile-column-lifts-tires-o-900-800-mm\/"},{"id":155949,"mpn":"S270A5","name":"Wheel fork extension for ArtisLift MRG55","description":"Length approx. 123 mm | load capacity is reduced to 5 t | 1 set (for 1 wheel gripper)","thumbnail":"https:\/\/dev.codekraft.it\/ravaglioli.it\/wp-content\/uploads\/brb_media\/00535685_mobile-columns-s270a5-mi-150x150.png","url":"https:\/\/dev.codekraft.it\/ravaglioli.it\/product\/wheel-fork-extension-for-artislift-mrg55\/"}],"components":[],"delivery":[],"package":[],"related":[],"similar":[{"id":156673,"mpn":"RAV243","name":"Mobile column lift RAV243","description":"6 x 7.0 t, electromechanical, cable-bound, lift spindle, mobile, ideal for transporter, truck and mobile home","thumbnail":"https:\/\/dev.codekraft.it\/ravaglioli.it\/wp-content\/uploads\/brb_media\/00511142_mobile-column-lift-210-column-mi-150x150.png","url":"https:\/\/dev.codekraft.it\/ravaglioli.it\/product\/mobile-column-lift-rav243\/"},{"id":156679,"mpn":"RAV245","name":"Mobile column lift RAV245","description":"8 x 7.0 t, electromechanical, cable-bound, lift spindle, mobile, ideal for transporter, truck and mobile home","thumbnail":"https:\/\/dev.codekraft.it\/ravaglioli.it\/wp-content\/uploads\/brb_media\/00511142_mobile-column-lift-210-column-mi-150x150.png","url":"https:\/\/dev.codekraft.it\/ravaglioli.it\/product\/mobile-column-lift-rav245\/"}],"page_logo_src":"https:\/\/dev.codekraft.it\/ravaglioli.it\/wp-content\/uploads\/2026\/04\/rav-negative-logo-1.png","lang":"en","translations":{"en":156666,"de":156668,"fr":156669,"it":156670,"es":156671,"ru":156672},"pll_sync_post":[],"_links":{"self":[{"href":"https:\/\/dev.codekraft.it\/ravaglioli.it\/wp-json\/wp\/v2\/product\/156666","targetHints":{"allow":["GET"]}}],"collection":[{"href":"https:\/\/dev.codekraft.it\/ravaglioli.it\/wp-json\/wp\/v2\/product"}],"about":[{"href":"https:\/\/dev.codekraft.it\/ravaglioli.it\/wp-json\/wp\/v2\/types\/product"}],"wp:featuredmedia":[{"embeddable":true,"href":"https:\/\/dev.codekraft.it\/ravaglioli.it\/wp-json\/wp\/v2\/media\/146900"}],"wp:attachment":[{"href":"https:\/\/dev.codekraft.it\/ravaglioli.it\/wp-json\/wp\/v2\/media?parent=156666"}],"wp:term":[{"taxonomy":"product_brand","embeddable":true,"href":"https:\/\/dev.codekraft.it\/ravaglioli.it\/wp-json\/wp\/v2\/product_brand?post=156666"},{"taxonomy":"product_cat","embeddable":true,"href":"https:\/\/dev.codekraft.it\/ravaglioli.it\/wp-json\/wp\/v2\/product_cat?post=156666"},{"taxonomy":"product_tag","embeddable":true,"href":"https:\/\/dev.codekraft.it\/ravaglioli.it\/wp-json\/wp\/v2\/product_tag?post=156666"},{"taxonomy":"product_approvals","embeddable":true,"href":"https:\/\/dev.codekraft.it\/ravaglioli.it\/wp-json\/wp\/v2\/product_approvals?post=156666"},{"taxonomy":"product_application","embeddable":true,"href":"https:\/\/dev.codekraft.it\/ravaglioli.it\/wp-json\/wp\/v2\/product_application?post=156666"}],"curies":[{"name":"wp","href":"https:\/\/api.w.org\/{rel}","templated":true}]}}