{"id":156390,"date":"2025-10-30T14:31:24","date_gmt":"2025-10-30T14:31:24","guid":{"rendered":"https:\/\/dev.codekraft.it\/ravaglioli.it\/product\/elevador-de-tijera-para-camion-rav825-9i\/"},"modified":"2026-01-14T22:31:16","modified_gmt":"2026-01-14T22:31:16","slug":"elevador-de-tijera-para-camion-rav825-9i","status":"publish","type":"product","link":"https:\/\/dev.codekraft.it\/ravaglioli.it\/es\/product\/elevador-de-tijera-para-camion-rav825-9i\/","title":{"rendered":"Elevador de tijera para cami\u00f3n RAV825.9I"},"content":{"rendered":"<p>Elevadores para vehiculos industriales<\/p>\n<ul>\n<li>Ausencia de conexiones mec\u00e1nicas entre las plataformas. M\u00e1xima operatividad en el \u00e1rea de trabajo.<\/li>\n<li>Sincronizaci\u00f3n electronica de los movimientos de las plataformas independientemente del reparto de la carga.<\/li>\n<li>Dispositivo de apoyo mec\u00e1nico de funcionamiento autom\u00e1tico y desbloqueo neum\u00e1tico, como garantia de la m\u00e1xima seguridad en la fase de estacionamiento.<\/li>\n<li>Pernos de articulaci\u00f3n con casquillos autolubrificantes que no requieren mantenimiento alguno.<\/li>\n<li>Superficie de las plataformas con material antideslizante.<\/li>\n<li>La mejor soluci\u00f3n para el ambiente de\u00a0trabajo racional:\n<ul>\n<li>m\u00ednimo espacio ocupado cuando el elevador est\u00e1 levantado.<\/li>\n<li>suelo completamente libre cuando el elevador est\u00e1 en posici\u00f3n todo bajo.<\/li>\n<\/ul>\n<\/li>\n<\/ul>\n","protected":false},"excerpt":{"rendered":"<p>25 t, electrohidr\u00e1ulico, longitud de plataforma 9000 mm, con cierre de seguridad, bajo suelo<\/p>\n","protected":false},"featured_media":44224,"template":"","meta":[],"product_brand":[],"product_cat":[58182],"product_tag":[58383,58366,58349,58332],"product_approvals":[],"product_application":[],"class_list":{"0":"post-156390","1":"product","2":"type-product","3":"status-publish","4":"has-post-thumbnail","6":"product_cat-elevadores-de-tijeras-es","7":"product_tag-buses-es","8":"product_tag-trucks-es","9":"product_tag-motor-homes-es","10":"product_tag-light-commercial-es","12":"first","13":"instock","14":"shipping-taxable","15":"product-type-simple"},"approvals":[],"application":[],"brb_media_brochure":[{"id":44225,"url":"https:\/\/dev.codekraft.it\/ravaglioli.it\/wp-content\/uploads\/brb_media\/00509653_scissor-lifts-rav825-rav835-br-multi-06-2023-screen.pdf","title":"Scissor Lifts RAV825 RAV835 BR multi 06 2023 screen","mpn":"","thumbnail":"https:\/\/dev.codekraft.it\/ravaglioli.it\/wp-content\/uploads\/brb_media\/00509653_scissor-lifts-rav825-rav835-br-multi-06-2023-screen-pdf-106x150.png","description":""}],"brb_media_drawing":"","brb_media_manuals":"","brb_media_safety_datasheets":"","brb_media_spare_parts":[],"_cdmm_p_id":"502919","_company":"Ravaglioli","_gtin":"4057612818512","accessories":[],"components":[],"delivery":[],"package":[],"related":[],"similar":[{"id":156291,"mpn":"RAV825.6I","name":"Elevador de tijera para cami\u00f3n RAV825.6I","description":"25 t, electrohidr\u00e1ulico, longitud de plataforma 6000 mm, con cierre de seguridad, bajo suelo","thumbnail":"https:\/\/dev.codekraft.it\/ravaglioli.it\/wp-content\/uploads\/brb_media\/00509655_platform-lift-rav825-mi-150x150.png","url":"https:\/\/dev.codekraft.it\/ravaglioli.it\/es\/product\/elevador-de-tijera-para-camion-rav825-6i\/"},{"id":156384,"mpn":"RAV825.8I","name":"Elevador de tijera para cami\u00f3n RAV825.8I","description":"25 t, electrohidr\u00e1ulico, longitud de plataforma 8000 mm, con cierre de seguridad, bajo suelo","thumbnail":"https:\/\/dev.codekraft.it\/ravaglioli.it\/wp-content\/uploads\/brb_media\/00509655_platform-lift-rav825-mi-150x150.png","url":"https:\/\/dev.codekraft.it\/ravaglioli.it\/es\/product\/elevador-de-tijera-para-camion-rav825-8i\/"},{"id":156396,"mpn":"RAV825.10I","name":"Elevador de tijera para cami\u00f3n RAV825.10I","description":"25 t, electrohidr\u00e1ulico, longitud de plataforma 10000 mm, con cierre de seguridad, bajo suelo","thumbnail":"https:\/\/dev.codekraft.it\/ravaglioli.it\/wp-content\/uploads\/brb_media\/00509655_platform-lift-rav825-mi-150x150.png","url":"https:\/\/dev.codekraft.it\/ravaglioli.it\/es\/product\/elevador-de-tijera-para-camion-rav825-10i\/"},{"id":156408,"mpn":"RAV825.11I","name":"Elevador de tijera para cami\u00f3n RAV825.11I","description":"25 t, electrohidr\u00e1ulico, longitud de plataforma 11000 mm, con cierre de seguridad, bajo suelo","thumbnail":"https:\/\/dev.codekraft.it\/ravaglioli.it\/wp-content\/uploads\/brb_media\/00509655_platform-lift-rav825-mi-150x150.png","url":"https:\/\/dev.codekraft.it\/ravaglioli.it\/es\/product\/elevador-de-tijera-para-camion-rav825-11i\/"},{"id":156414,"mpn":"RAV825.12I","name":"Elevador de tijera para cami\u00f3n RAV825.12I","description":"25 t, electrohidr\u00e1ulico, longitud de plataforma 12000 mm, con cierre de seguridad, bajo suelo","thumbnail":"https:\/\/dev.codekraft.it\/ravaglioli.it\/wp-content\/uploads\/brb_media\/00509655_platform-lift-rav825-mi-150x150.png","url":"https:\/\/dev.codekraft.it\/ravaglioli.it\/es\/product\/elevador-de-tijera-para-camion-rav825-12i\/"},{"id":156420,"mpn":"RAV825.13I","name":"Elevador de tijera para cami\u00f3n RAV825.13I","description":"25 t, electrohidr\u00e1ulico, longitud de plataforma 13000 mm, con cierre de seguridad, bajo suelo","thumbnail":"https:\/\/dev.codekraft.it\/ravaglioli.it\/wp-content\/uploads\/brb_media\/00509655_platform-lift-rav825-mi-150x150.png","url":"https:\/\/dev.codekraft.it\/ravaglioli.it\/es\/product\/elevador-de-tijera-para-camion-rav825-13i\/"},{"id":156426,"mpn":"RAV825.145I","name":"Elevador de tijera para cami\u00f3n RAV825.145I","description":"25 t, electrohidr\u00e1ulico, longitud de plataforma 14500 mm, con cierre de seguridad, bajo suelo","thumbnail":"https:\/\/dev.codekraft.it\/ravaglioli.it\/wp-content\/uploads\/brb_media\/00509655_platform-lift-rav825-mi-150x150.png","url":"https:\/\/dev.codekraft.it\/ravaglioli.it\/es\/product\/elevador-de-tijera-para-camion-rav825-145i\/"},{"id":156402,"mpn":"RAV825.10AI","name":"Elevador de tijera para cami\u00f3n RAV825.10AI","description":"25 t, electrohidr\u00e1ulico, longitud de plataforma 10000 mm, con cierre de seguridad, bajo suelo, plataformas con asientos para platos giratorios delanteros","thumbnail":"https:\/\/dev.codekraft.it\/ravaglioli.it\/wp-content\/uploads\/brb_media\/00509655_platform-lift-rav825-mi-150x150.png","url":"https:\/\/dev.codekraft.it\/ravaglioli.it\/es\/product\/elevador-de-tijera-para-camion-rav825-10ai\/"}],"page_logo_src":"https:\/\/dev.codekraft.it\/ravaglioli.it\/wp-content\/uploads\/2026\/04\/rav-negative-logo-1.png","lang":"es","translations":{"es":156390,"en":156386,"de":156387,"fr":156388,"it":156389,"ru":156391},"pll_sync_post":[],"_links":{"self":[{"href":"https:\/\/dev.codekraft.it\/ravaglioli.it\/wp-json\/wp\/v2\/product\/156390","targetHints":{"allow":["GET"]}}],"collection":[{"href":"https:\/\/dev.codekraft.it\/ravaglioli.it\/wp-json\/wp\/v2\/product"}],"about":[{"href":"https:\/\/dev.codekraft.it\/ravaglioli.it\/wp-json\/wp\/v2\/types\/product"}],"wp:featuredmedia":[{"embeddable":true,"href":"https:\/\/dev.codekraft.it\/ravaglioli.it\/wp-json\/wp\/v2\/media\/44224"}],"wp:attachment":[{"href":"https:\/\/dev.codekraft.it\/ravaglioli.it\/wp-json\/wp\/v2\/media?parent=156390"}],"wp:term":[{"taxonomy":"product_brand","embeddable":true,"href":"https:\/\/dev.codekraft.it\/ravaglioli.it\/wp-json\/wp\/v2\/product_brand?post=156390"},{"taxonomy":"product_cat","embeddable":true,"href":"https:\/\/dev.codekraft.it\/ravaglioli.it\/wp-json\/wp\/v2\/product_cat?post=156390"},{"taxonomy":"product_tag","embeddable":true,"href":"https:\/\/dev.codekraft.it\/ravaglioli.it\/wp-json\/wp\/v2\/product_tag?post=156390"},{"taxonomy":"product_approvals","embeddable":true,"href":"https:\/\/dev.codekraft.it\/ravaglioli.it\/wp-json\/wp\/v2\/product_approvals?post=156390"},{"taxonomy":"product_application","embeddable":true,"href":"https:\/\/dev.codekraft.it\/ravaglioli.it\/wp-json\/wp\/v2\/product_application?post=156390"}],"curies":[{"name":"wp","href":"https:\/\/api.w.org\/{rel}","templated":true}]}}