{"id":156363,"date":"2025-10-30T14:31:23","date_gmt":"2025-10-30T14:31:23","guid":{"rendered":"https:\/\/dev.codekraft.it\/ravaglioli.it\/product\/pont-elevateur-a-ciseaux-rav640n-6-55i\/"},"modified":"2026-01-14T22:27:21","modified_gmt":"2026-01-14T22:27:21","slug":"pont-elevateur-a-ciseaux-rav640n-6-55i","status":"publish","type":"product","link":"https:\/\/dev.codekraft.it\/ravaglioli.it\/fr\/product\/pont-elevateur-a-ciseaux-rav640n-6-55i\/","title":{"rendered":"Pont \u00e9l\u00e9vateur \u00e0 ciseaux RAV640N.6.55I"},"content":{"rendered":"<p>S\u00e9rie RAV600N &#8211;\u00a0One Lift for Double Solutions\u00a0: Nouvelle conception de la structure du pont \u00e9l\u00e9vateur qui simplifie la r\u00e9alisation de la fosse. Pont \u00e9l\u00e9vateur avec des chemins de roulement longs et une structure con\u00e7ue pour une stabilit\u00e9 maximale, m\u00eame lorsqu\u2019on travaille sur de gros v\u00e9hicules.<\/p>\n<ul>\n<li>Grande flexibilit\u00e9 : le m\u00eame pont \u00e9l\u00e9vateur peut \u00eatre install\u00e9 encastr\u00e9 ou pos\u00e9 au sol<\/li>\n<li>Simplicit\u00e9 d\u2019installation : r\u00e9alisation ais\u00e9e de la fosse<\/li>\n<li>Vaste champ d\u2019application : adapt\u00e9 \u00e0 toute intervention sur plusieurs types de v\u00e9hicule<\/li>\n<\/ul>\n<ul>\n<li>Large but\u00e9e de roues pour plus de s\u00e9curit\u00e9 lors des travaux autour du pont.<\/li>\n<li>La synchronisation hydraulique des mouvements des chemins de roulement est ind\u00e9pendante de la r\u00e9partition de la charge, et est garantie par un dispositif de synchronisation hydraulique brevet\u00e9.<\/li>\n<li>Pivots d\u2019articulation avec bagues autolubrifiantes, ne n\u00e9cessitant pas d\u2019entretien.<\/li>\n<li>Bases du pont avec dispositifs de nivellement pour faciliter les op\u00e9rations d\u2019installation.<\/li>\n<li>Dispositif de soutien m\u00e9canique avec enclenchement automatique et d\u00e9gagement pneumatique, pour garantir la s\u00e9curit\u00e9 totale pendant le stationnement.<\/li>\n<li>Nouvelle g\u00e9om\u00e9trie du pont \u00e9l\u00e9vateur qui simplifie la r\u00e9alisation de la fosse.<\/li>\n<li>Une plus grande hauteur de levage.<\/li>\n<\/ul>\n<ul>\n<li>Tous les ponts sont fournis en version encastr\u00e9e dans le sol &#8211; Le kit de rampes (voir les accessoires) permet de transformer tous les mod\u00e8les en version \u00ab\u00a0pos\u00e9 au sol\u00a0\u00bb.<\/li>\n<li>Meilleure coulissement de la traverse : Guide galvanis\u00e9 pr\u00e9install\u00e9 sur le c\u00f4t\u00e9 interne du chemin qui permet un glissement optimal de la traverse en termes de fluidit\u00e9 et de vitesse.<\/li>\n<\/ul>\n","protected":false},"excerpt":{"rendered":"<p>4,2 t, \u00e9lectrohydraulique, longueur de plateforme 5500 mm, avec plaques \u00e0 jeux, sous le sol | version approuv\u00e9e pour les audits en Italie<\/p>\n","protected":false},"featured_media":56501,"template":"","meta":[],"product_brand":[],"product_cat":[58170],"product_tag":[58326,58290],"product_approvals":[],"product_application":[],"class_list":{"0":"post-156363","1":"product","2":"type-product","3":"status-publish","4":"has-post-thumbnail","6":"product_cat-ponts-elevateurs-a-ciseaux-fr","7":"product_tag-light-commercial-fr","8":"product_tag-passenger-cars-fr","10":"first","11":"instock","12":"shipping-taxable","13":"product-type-simple"},"approvals":[],"application":[],"brb_media_brochure":[{"id":155708,"url":"https:\/\/dev.codekraft.it\/ravaglioli.it\/wp-content\/uploads\/brb_media\/00522257_scissor-lift-600-series-br-de-2024-01-screen.pdf","title":"Scissor lift 600 series BR de 2024 01 screen","mpn":"","thumbnail":"https:\/\/dev.codekraft.it\/ravaglioli.it\/wp-content\/uploads\/brb_media\/00522257_scissor-lift-600-series-br-de-2024-01-screen-pdf-106x150.png","description":""},{"id":155709,"url":"https:\/\/dev.codekraft.it\/ravaglioli.it\/wp-content\/uploads\/brb_media\/00522258_scissor-lift-600-series-br-en-2024-01-screen.pdf","title":"Scissor lift 600 series BR en 2024 01 screen","mpn":"","thumbnail":"https:\/\/dev.codekraft.it\/ravaglioli.it\/wp-content\/uploads\/brb_media\/00522258_scissor-lift-600-series-br-en-2024-01-screen-pdf-106x150.png","description":""},{"id":155710,"url":"https:\/\/dev.codekraft.it\/ravaglioli.it\/wp-content\/uploads\/brb_media\/00522259_scissor-lift-600-series-br-fr-2024-01-screen.pdf","title":"Scissor lift 600 series BR fr 2024 01 screen","mpn":"","thumbnail":"https:\/\/dev.codekraft.it\/ravaglioli.it\/wp-content\/uploads\/brb_media\/00522259_scissor-lift-600-series-br-fr-2024-01-screen-pdf-106x150.png","description":""},{"id":155711,"url":"https:\/\/dev.codekraft.it\/ravaglioli.it\/wp-content\/uploads\/brb_media\/00522260_scissor-lift-600-series-br-it-2024-01-screen.pdf","title":"Scissor lift 600 series BR it 2024 01 screen","mpn":"","thumbnail":"https:\/\/dev.codekraft.it\/ravaglioli.it\/wp-content\/uploads\/brb_media\/00522260_scissor-lift-600-series-br-it-2024-01-screen-pdf-106x150.png","description":""},{"id":155712,"url":"https:\/\/dev.codekraft.it\/ravaglioli.it\/wp-content\/uploads\/brb_media\/00522261_scissor-lift-600-series-br-es-2024-01-screen.pdf","title":"Scissor lift 600 series BR es 2024 01 screen","mpn":"","thumbnail":"https:\/\/dev.codekraft.it\/ravaglioli.it\/wp-content\/uploads\/brb_media\/00522261_scissor-lift-600-series-br-es-2024-01-screen-pdf-106x150.png","description":""},{"id":155713,"url":"https:\/\/dev.codekraft.it\/ravaglioli.it\/wp-content\/uploads\/brb_media\/00522262_scissor-lift-600-series-br-ru-2024-01-screen.pdf","title":"Scissor lift 600 series BR ru 2024 01 screen","mpn":"","thumbnail":"https:\/\/dev.codekraft.it\/ravaglioli.it\/wp-content\/uploads\/brb_media\/00522262_scissor-lift-600-series-br-ru-2024-01-screen-pdf-106x150.png","description":""}],"brb_media_drawing":[{"id":156361,"url":"https:\/\/dev.codekraft.it\/ravaglioli.it\/wp-content\/uploads\/brb_media\/00512682_scissor-lift-rav640n655i-td-059208480-it-2021-06.pdf","title":"Scissor Lift RAV640N655I TD 059208480 it 2021 06","mpn":"","thumbnail":"https:\/\/dev.codekraft.it\/ravaglioli.it\/wp-content\/uploads\/brb_media\/00512682_scissor-lift-rav640n655i-td-059208480-it-2021-06-pdf-107x150.png","description":""}],"brb_media_manuals":[{"id":147168,"url":"https:\/\/dev.codekraft.it\/ravaglioli.it\/wp-content\/uploads\/brb_media\/00512653_scissor-lifts-rav635n_640n_650n_660n_1_2_1-55_2-55_3-46_5-46_5-55_6-46_6-55_si_isi_lb_dc-im-0592-m001-0-multi-2023-06.pdf","title":"Scissor Lifts RAV635N 640N 650N 660N 1 2 1 55 2 55 3 46 5 46 5 55 6 46 6 55 SI ISI LB DC IM 0592 M001 0 multi 2023 06","mpn":"","thumbnail":"https:\/\/dev.codekraft.it\/ravaglioli.it\/wp-content\/uploads\/brb_media\/00512653_scissor-lifts-rav635n_640n_650n_660n_1_2_1-55_2-55_3-46_5-46_5-55_6-46_6-55_si_isi_lb_dc-im-0592-m001-0-multi-2023-06-pdf-106x150.png","description":""}],"brb_media_safety_datasheets":"","brb_media_spare_parts":[],"_cdmm_p_id":"502914","_company":"Ravaglioli","_gtin":"","accessories":[{"id":153396,"mpn":"S600NA11","name":"Kit de rampes 1350 mm, rampes au sol","description":"Kit installation \u00e9l\u00e9vateur au sol, pour s\u00e9rie 600N sans traverse de levage | 1 jeu \/ 2 pi\u00e8ces","thumbnail":"https:\/\/dev.codekraft.it\/ravaglioli.it\/wp-content\/uploads\/brb_media\/00509679_s600na12-mi-150x150.png","url":"https:\/\/dev.codekraft.it\/ravaglioli.it\/fr\/product\/kit-de-rampes-1350-mm-rampes-au-sol-2\/"},{"id":153420,"mpn":"S600NA14","name":"Kit de rampes 1800 mm, rampes au sol","description":"Kit installation \u00e9l\u00e9vateur au sol, pour s\u00e9rie 600N sans traverse de levage | 1 jeu \/ 2 pi\u00e8ces","thumbnail":"https:\/\/dev.codekraft.it\/ravaglioli.it\/wp-content\/uploads\/brb_media\/00509679_s600na12-mi-150x150.png","url":"https:\/\/dev.codekraft.it\/ravaglioli.it\/fr\/product\/kit-de-rampes-1800-mm-rampes-au-sol-2\/"},{"id":153408,"mpn":"S600NA19","name":"Kit de rampes 1560 mm, rampes suspendues","description":"Kit installation \u00e9l\u00e9vateur au sol, pour s\u00e9rie 600N sans traverse de levage | 1 jeu \/ 2 pi\u00e8ces","thumbnail":"","url":"https:\/\/dev.codekraft.it\/ravaglioli.it\/fr\/product\/kit-de-rampes-1560-mm-rampes-suspendues-2\/"},{"id":153432,"mpn":"S600NA21","name":"Kit de rampes 2000 mm, rampes suspendues","description":"Kit installation \u00e9l\u00e9vateur au sol, pour s\u00e9rie 600N sans traverse de levage | 1 jeu \/ 2 pi\u00e8ces","thumbnail":"","url":"https:\/\/dev.codekraft.it\/ravaglioli.it\/fr\/product\/kit-de-rampes-2000-mm-rampes-suspendues\/"},{"id":152197,"mpn":"S510A1","name":"Conduit de protection des tuyaux 1 m","description":"Pour installation des \u00e9l\u00e9vateurs au sol","thumbnail":"","url":"https:\/\/dev.codekraft.it\/ravaglioli.it\/fr\/product\/conduit-de-protection-des-tuyaux-1-m\/"},{"id":153198,"mpn":"S505A7","name":"Tampons en caoutchouc","description":"20 mm | adapt\u00e9 pour RAV.640N1.193391, RAV.650N1.193742, RAV.650N2.193858, RAV.650N2.193520, RAV.650N2.193667, RAV.650N6.193964, RAV.650N5.193902, RAV.660N2.193360, RAV.650N5.193018, RAV.650N6.193025, RAV.640N5.193049, RAV.640N4.192998, RAV.640N3.192981, RAV.650N2.193384 et RAV.650N5.193919 | 1 jeu \/ 4 pi\u00e8ces","thumbnail":"https:\/\/dev.codekraft.it\/ravaglioli.it\/wp-content\/uploads\/brb_media\/00509683_s505a7-mi-150x150.png","url":"https:\/\/dev.codekraft.it\/ravaglioli.it\/fr\/product\/tampons-en-caoutchouc-2\/"},{"id":153210,"mpn":"S505A6","name":"Tampons en caoutchouc","description":"40 mm | adapt\u00e9 pour RAV.640N1.193391, RAV.650N1.193742, RAV.650N2.193858, RAV.650N2.193520, RAV.650N2.193667, RAV.650N6.193964, RAV.650N5.193902, RAV.660N2.193360, RAV.650N5.193018, RAV.650N6.193025, RAV.640N5.193049, RAV.640N4.192998, RAV.640N3.192981, RAV.650N2.193384 et RAV.650N5.193919 | 1 jeu \/ 4 pi\u00e8ces","thumbnail":"https:\/\/dev.codekraft.it\/ravaglioli.it\/wp-content\/uploads\/brb_media\/00509684_s505a6-mi-150x150.png","url":"https:\/\/dev.codekraft.it\/ravaglioli.it\/fr\/product\/tampons-en-caoutchouc-4\/"},{"id":153216,"mpn":"S505A9","name":"Tampons en caoutchouc","description":"60 mm | adapt\u00e9 pour RAV.640N1.193391, RAV.650N1.193742, RAV.650N6.193964, RAV.660N2.193360, RAV.650N6.193025, RAV.640N5.193049 et RAV.640N4.192998 | 1 jeu \/ 4 pi\u00e8ces","thumbnail":"https:\/\/dev.codekraft.it\/ravaglioli.it\/wp-content\/uploads\/brb_media\/00509685_s505a9-mi-150x150.png","url":"https:\/\/dev.codekraft.it\/ravaglioli.it\/fr\/product\/tampons-en-caoutchouc-5\/"},{"id":153192,"mpn":"S505A5","name":"Tampons en caoutchouc","description":"120 mm | adapt\u00e9 pour RAV.640N1.193391, RAV.650N1.193742, RAV.650N2.193858, RAV.650N2.193520, RAV.650N2.193667, RAV.650N6.193964, RAV.650N5.193902, RAV.660N2.193360, RAV.650N5.193018, RAV.650N6.193025, RAV.640N5.193049, RAV.640N4.192998, RAV.640N3.192981, RAV.650N2.193384 et RAV.650N5.193919 | 1 jeu \/ 4 pi\u00e8ces","thumbnail":"https:\/\/dev.codekraft.it\/ravaglioli.it\/wp-content\/uploads\/brb_media\/00509685_s505a9-mi-150x150.png","url":"https:\/\/dev.codekraft.it\/ravaglioli.it\/fr\/product\/tampons-en-caoutchouc\/"},{"id":153204,"mpn":"S505A1","name":"Tampons en caoutchouc","description":"200 mm | adapt\u00e9 pour RAV.640N1.193391, RAV.650N1.193742, RAV.650N2.193858, RAV.650N2.193520, RAV.650N2.193667, RAV.650N6.193964, RAV.650N5.193902, RAV.660N2.193360, RAV.650N5.193018, RAV.650N6.193025, RAV.640N5.193049, RAV.640N4.192998, RAV.640N3.192981, RAV.650N2.193384 et RAV.650N5.193919 | 1 jeu \/ 4 pi\u00e8ces","thumbnail":"https:\/\/dev.codekraft.it\/ravaglioli.it\/wp-content\/uploads\/brb_media\/00507088_s505a1-150x150.png","url":"https:\/\/dev.codekraft.it\/ravaglioli.it\/fr\/product\/tampons-en-caoutchouc-3\/"},{"id":152191,"mpn":"S505A2","name":"Traverses pour XS30-CAT","description":"Pour v\u00e9hicules tout-terrain | 1 jeu \/ 2 pi\u00e8ces","thumbnail":"https:\/\/dev.codekraft.it\/ravaglioli.it\/wp-content\/uploads\/brb_media\/00509455_scissor-lift-s505a2-mi-150x150.png","url":"https:\/\/dev.codekraft.it\/ravaglioli.it\/fr\/product\/traverses-pour-xs30-cat\/"},{"id":153348,"mpn":"S600NA15","name":"Kit de rampes de passage 1350 mm, rampes au sol","description":"Rampes additionnels pour \u00e9l\u00e9vateur \u00e0 passage, pour s\u00e9rie 600N sans traverse de levage | 1 paire","thumbnail":"","url":"https:\/\/dev.codekraft.it\/ravaglioli.it\/fr\/product\/kit-de-rampes-de-passage-1350-mm-rampes-au-sol-2\/"},{"id":153372,"mpn":"S600NA16","name":"Kit de rampes de passage 1800 mm, rampes suspendues","description":"Rampes additionnels pour \u00e9l\u00e9vateur \u00e0 passage, pour s\u00e9rie 600N sans traverse de levage | 1 paire","thumbnail":"","url":"https:\/\/dev.codekraft.it\/ravaglioli.it\/fr\/product\/kit-de-rampes-de-passage-1800-mm-rampes-suspendues\/"},{"id":153360,"mpn":"S600NA6","name":"Kit de rampes de passage 1560 mm, rampes suspendues","description":"Rampes additionnels pour \u00e9l\u00e9vateur \u00e0 passage, pour s\u00e9rie 600N sans traverse de levage | 1 paire","thumbnail":"","url":"https:\/\/dev.codekraft.it\/ravaglioli.it\/fr\/product\/kit-de-rampes-de-passage-1560-mm-rampes-suspendues-2\/"},{"id":153384,"mpn":"S600NA2","name":"Kit de rampes de passage 2000 mm, rampes suspendues","description":"Rampes additionnels pour \u00e9l\u00e9vateur \u00e0 passage, pour s\u00e9rie 600N sans traverse de levage | 1 paire","thumbnail":"","url":"https:\/\/dev.codekraft.it\/ravaglioli.it\/fr\/product\/kit-de-rampes-de-passage-2000-mm-rampes-suspendues-2\/"},{"id":153775,"mpn":"S640A2","name":"Rampe additionnelle pour levage v\u00e9hicule aux 3 roues","description":"Pour tous el\u00e9vateurs \u00e9lectro-hydrauliques \u00e0 ciseaux","thumbnail":"","url":"https:\/\/dev.codekraft.it\/ravaglioli.it\/fr\/product\/rampe-additionnelle-pour-levage-vehicule-aux-3-roues\/"},{"id":153486,"mpn":"S611A4","name":"Couverture bo\u00eetier de commande pour el\u00e9vateurs \u00e9lectro-hydrauliques \u00e0 ciseaux","description":"Pour prot\u00e9ger le panneau de contr\u00f4le | pour tous les mod\u00e8les","thumbnail":"https:\/\/dev.codekraft.it\/ravaglioli.it\/wp-content\/uploads\/brb_media\/00507090_s611a4-150x150.png","url":"https:\/\/dev.codekraft.it\/ravaglioli.it\/fr\/product\/couverture-boitier-de-commande-pour-elevateurs-electro-hydrauliques-a-ciseaux\/"},{"id":156855,"mpn":"S650.5C\/D\/2","name":"Rallonge de tuyau","description":"2 m, contr\u00f4le \u00e0 droite | montage du bo\u00eetier de commande dans une position sp\u00e9ciale - dans le sens d'approche \u00ab \u00e0 droite \u00bb de la plate-forme, \u00e0 une distance de 2 m | adapt\u00e9 pour RAV.640N6.193032 et RAV.640N6.193056","thumbnail":"","url":"https:\/\/dev.codekraft.it\/ravaglioli.it\/fr\/product\/rallonge-de-tuyau-26\/"},{"id":156861,"mpn":"S650.5C\/D\/5","name":"Rallonge de tuyau","description":"5 m, contr\u00f4le \u00e0 droite | montage du bo\u00eetier de commande dans une position sp\u00e9ciale - dans le sens d'approche \u00ab \u00e0 droite \u00bb de la plate-forme, \u00e0 une distance de 5 m | adapt\u00e9 pour RAV.640N6.193032 et RAV.640N6.193056","thumbnail":"","url":"https:\/\/dev.codekraft.it\/ravaglioli.it\/fr\/product\/rallonge-de-tuyau-27\/"},{"id":156867,"mpn":"S650.5C\/S\/2","name":"Rallonge de tuyau","description":"2 m, contr\u00f4le \u00e0 gauche | montage du bo\u00eetier de commande dans une position sp\u00e9ciale - dans le sens d'approche \u00ab \u00e0 gauche\u00bb de la plate-forme, \u00e0 une distance de 2 m | adapt\u00e9 pour RAV.640N6.193032 et RAV.640N6.193056","thumbnail":"","url":"https:\/\/dev.codekraft.it\/ravaglioli.it\/fr\/product\/rallonge-de-tuyau-28\/"},{"id":156873,"mpn":"S650.5C\/S\/5","name":"Rallonge de tuyau","description":"5 m, contr\u00f4le \u00e0 gauche | montage du bo\u00eetier de commande dans une position sp\u00e9ciale - dans le sens d'approche \u00ab \u00e0 gauche\u00bb de la plate-forme, \u00e0 une distance de 5 m | adapt\u00e9 pour RAV.640N6.193032 et RAV.640N6.193056","thumbnail":"","url":"https:\/\/dev.codekraft.it\/ravaglioli.it\/fr\/product\/rallonge-de-tuyau-29\/"}],"components":[],"delivery":[{"id":156892,"mpn":"S600NA1","name":"Kit d&#039;\u00e9clairage LED 4 fois, 24 V, 4800 mm","description":"Syst\u00e8me d\u2019\u00e9clairage \u00e0 LED pour tous les el\u00e9vateurs \u00e9lectro-hydrauliques \u00e0 ciseaux","thumbnail":"https:\/\/dev.codekraft.it\/ravaglioli.it\/wp-content\/uploads\/brb_media\/00509677_vars600na1-mi-01-150x150.png","url":"https:\/\/dev.codekraft.it\/ravaglioli.it\/fr\/product\/kit-declairage-led-4-fois-24-v-4800-mm\/"}],"package":[],"related":[],"similar":[{"id":156248,"mpn":"RAV.650N5.193018","name":"Pont \u00e9l\u00e9vateur \u00e0 ciseaux RAV650N.5.55ISI MIT Approved","description":"5,0 t, \u00e9lectrohydraulique, longueur de plateforme 5500 mm, avec plaques \u00e0 jeux, traverse de levage et chemins de roulement pour contr\u00f4le de g\u00e9om\u00e9trie, sous le sol | version approuv\u00e9e pour les audits en Italie","thumbnail":"https:\/\/dev.codekraft.it\/ravaglioli.it\/wp-content\/uploads\/brb_media\/00509672_scissor-lift-600-series-play-detector-di-01-150x150.png","url":"https:\/\/dev.codekraft.it\/ravaglioli.it\/fr\/product\/pont-elevateur-a-ciseaux-rav650n-5-55isi-mit-approved\/"},{"id":156335,"mpn":"RAV.640N5.193049","name":"Pont \u00e9l\u00e9vateur \u00e0 ciseaux RAV640N.5.55ISI","description":"4,2 t, \u00e9lectrohydraulique, longueur de plateforme 5500 mm, avec plaques \u00e0 jeux, traverse de levage int\u00e9gr\u00e9 et chemins de roulement pour contr\u00f4le de g\u00e9om\u00e9trie, sous le sol | version approuv\u00e9e pour les audits en Italie","thumbnail":"https:\/\/dev.codekraft.it\/ravaglioli.it\/wp-content\/uploads\/brb_media\/00509672_scissor-lift-600-series-play-detector-di-01-150x150.png","url":"https:\/\/dev.codekraft.it\/ravaglioli.it\/fr\/product\/pont-elevateur-a-ciseaux-rav640n-5-55isi\/"},{"id":156349,"mpn":"RAV.640N4.193063","name":"Pont \u00e9l\u00e9vateur \u00e0 ciseaux RAV640N.4.46I","description":"4,2 t, \u00e9lectrohydraulique, longueur de plateforme 4600 mm, avec plaques \u00e0 jeux, sous le sol | version approuv\u00e9e pour les audits en Italie","thumbnail":"https:\/\/dev.codekraft.it\/ravaglioli.it\/wp-content\/uploads\/brb_media\/00509672_scissor-lift-600-series-play-detector-di-01-150x150.png","url":"https:\/\/dev.codekraft.it\/ravaglioli.it\/fr\/product\/pont-elevateur-a-ciseaux-rav640n-4-46i\/"},{"id":156356,"mpn":"RAV.640N4.192998","name":"Pont \u00e9l\u00e9vateur \u00e0 ciseaux RAV640N.4.46ISI","description":"4,2 t, \u00e9lectrohydraulique, longueur de plateforme 4600 mm, avec plaques \u00e0 jeux et traverse de levage int\u00e9gr\u00e9, sous le sol | version approuv\u00e9e pour les audits en Italie","thumbnail":"https:\/\/dev.codekraft.it\/ravaglioli.it\/wp-content\/uploads\/brb_media\/00509672_scissor-lift-600-series-play-detector-di-01-150x150.png","url":"https:\/\/dev.codekraft.it\/ravaglioli.it\/fr\/product\/pont-elevateur-a-ciseaux-rav640n-4-46isi\/"},{"id":156328,"mpn":"RAV.640N3.192981","name":"Pont \u00e9l\u00e9vateur \u00e0 ciseaux RAV640N.3.46ISI","description":"4,2 t, \u00e9lectrohydraulique, longueur de plateforme 4600 mm, avec plaques \u00e0 jeux, traverse de levage int\u00e9gr\u00e9 et chemins de roulement pour contr\u00f4le de g\u00e9om\u00e9trie, sous le sol | version approuv\u00e9e pour les audits en Italie","thumbnail":"https:\/\/dev.codekraft.it\/ravaglioli.it\/wp-content\/uploads\/brb_media\/00509672_scissor-lift-600-series-play-detector-di-01-150x150.png","url":"https:\/\/dev.codekraft.it\/ravaglioli.it\/fr\/product\/pont-elevateur-a-ciseaux-rav640n-3-46isi\/"},{"id":156928,"mpn":"RAV.650N6.193025","name":"Pont \u00e9l\u00e9vateur \u00e0 ciseaux RAV650N.6.55ISI MIT Approved","description":"5,0 t, \u00e9lectrohydraulique, longueur de plateforme 5500 mm, avec plaques \u00e0 jeux et traverse de levage int\u00e9gr\u00e9, sous le sol | version approuv\u00e9e pour les audits en Italie","thumbnail":"https:\/\/dev.codekraft.it\/ravaglioli.it\/wp-content\/uploads\/brb_media\/00509672_scissor-lift-600-series-play-detector-di-01-150x150.png","url":"https:\/\/dev.codekraft.it\/ravaglioli.it\/fr\/product\/pont-elevateur-a-ciseaux-rav650n-6-55isi-mit-approved\/"},{"id":156370,"mpn":"RAV.640N6.193056","name":"Pont \u00e9l\u00e9vateur \u00e0 ciseaux RAV640N.6.55ISI","description":"4,2 t, \u00e9lectrohydraulique, longueur de plateforme 5500 mm, avec plaques \u00e0 jeux et traverse de levage int\u00e9gr\u00e9, sous le sol | version approuv\u00e9e pour les audits en Italie","thumbnail":"https:\/\/dev.codekraft.it\/ravaglioli.it\/wp-content\/uploads\/brb_media\/00509672_scissor-lift-600-series-play-detector-di-01-150x150.png","url":"https:\/\/dev.codekraft.it\/ravaglioli.it\/fr\/product\/pont-elevateur-a-ciseaux-rav640n-6-55isi\/"}],"page_logo_src":"https:\/\/dev.codekraft.it\/ravaglioli.it\/wp-content\/uploads\/2026\/04\/rav-negative-logo-1.png","lang":"fr","translations":{"fr":156363,"en":156360,"de":156362,"it":156364,"es":156365,"ru":156366},"pll_sync_post":[],"_links":{"self":[{"href":"https:\/\/dev.codekraft.it\/ravaglioli.it\/wp-json\/wp\/v2\/product\/156363","targetHints":{"allow":["GET"]}}],"collection":[{"href":"https:\/\/dev.codekraft.it\/ravaglioli.it\/wp-json\/wp\/v2\/product"}],"about":[{"href":"https:\/\/dev.codekraft.it\/ravaglioli.it\/wp-json\/wp\/v2\/types\/product"}],"wp:featuredmedia":[{"embeddable":true,"href":"https:\/\/dev.codekraft.it\/ravaglioli.it\/wp-json\/wp\/v2\/media\/56501"}],"wp:attachment":[{"href":"https:\/\/dev.codekraft.it\/ravaglioli.it\/wp-json\/wp\/v2\/media?parent=156363"}],"wp:term":[{"taxonomy":"product_brand","embeddable":true,"href":"https:\/\/dev.codekraft.it\/ravaglioli.it\/wp-json\/wp\/v2\/product_brand?post=156363"},{"taxonomy":"product_cat","embeddable":true,"href":"https:\/\/dev.codekraft.it\/ravaglioli.it\/wp-json\/wp\/v2\/product_cat?post=156363"},{"taxonomy":"product_tag","embeddable":true,"href":"https:\/\/dev.codekraft.it\/ravaglioli.it\/wp-json\/wp\/v2\/product_tag?post=156363"},{"taxonomy":"product_approvals","embeddable":true,"href":"https:\/\/dev.codekraft.it\/ravaglioli.it\/wp-json\/wp\/v2\/product_approvals?post=156363"},{"taxonomy":"product_application","embeddable":true,"href":"https:\/\/dev.codekraft.it\/ravaglioli.it\/wp-json\/wp\/v2\/product_application?post=156363"}],"curies":[{"name":"wp","href":"https:\/\/api.w.org\/{rel}","templated":true}]}}