{"id":156094,"date":"2025-11-20T10:26:31","date_gmt":"2025-11-20T10:26:31","guid":{"rendered":"https:\/\/dev.codekraft.it\/ravaglioli.it\/product\/aggregathubtisch-kt100xt\/"},"modified":"2026-01-14T20:00:40","modified_gmt":"2026-01-14T20:00:40","slug":"aggregathubtisch-kt100xt","status":"publish","type":"product","link":"https:\/\/dev.codekraft.it\/ravaglioli.it\/de\/product\/aggregathubtisch-kt100xt\/","title":{"rendered":"Aggregathubtisch KT100XT"},"content":{"rendered":"<p>Der Universal-Hubtisch<\/p>\n<ul>\n<li>Flexibilit\u00e4t im Einsatz: einfache Handhabung und umfangreiche Einsatzm\u00f6glichkeiten, auch in Elektrofahrzeugen<\/li>\n<li>Totale Sicherheit: optimale Montage und Befestigung der verschiedenen Komponenten<\/li>\n<li>Gro\u00dfe Vielseitigkeit: gro\u00dfe Auswahl an Zubeh\u00f6r f\u00fcr alle Anwendungsbereiche<\/li>\n<\/ul>\n<p>Universell einsetzbarer Hubtisch bis zu 2 t Tragkraft. Geeignet f\u00fcr den sicheren und komfortablen Aus- und Einbau von Motoren, Getrieben, HV-Batterien und Chassis Komponenten. Entwickelt aus 20 Jahren Erfahrung in der Konstruktion und Produktion von Hubtischen in Zusammenarbeit mit f\u00fchrenden Automobilherstellern.<\/p>\n<ul>\n<li>Tradition, Erfahrung und technologischer Fortschritt &#8211; Eine Kombination, aus der leistungsstarke, zuverl\u00e4ssige und praktikable Produkte entstehen.<\/li>\n<li>Einsatzbereiche &#8211; In Verbindung mit einer Hebeb\u00fchne finden sie insbesondere bei jenen Fahrzeugkomponenten Verwendung, die sich konstruktiv bedingt ausschlie\u00dflich \u00fcber die Fahrzeugunterseite (de) montieren lassen.<\/li>\n<li>Die Hubtische der KT-Serie erm\u00f6glichen in Kombination mit dem separat erh\u00e4ltlichen Zubeh\u00f6r die Aufnahme von Motoren, Getrieben, HV-Batterien und sogar ganzer Antriebseinheiten.<\/li>\n<li>Umfangreiches Zubeh\u00f6r (separat erh\u00e4ltlich) macht den Hubtisch zum unverzichtbaren, universell einsetzbaren Werkstatthelfer.<\/li>\n<\/ul>\n<ul>\n<li>F\u00fcr Aggregate, Getriebe &amp; HV-Batterien<\/li>\n<li>Auch f\u00fcr Elektrofahrzeuge geeignet<\/li>\n<li>Serienm\u00e4\u00dfige Wartungsst\u00fctzen erlauben ein sicheres Arbeiten beim Warten des Hubtisches<\/li>\n<li>Kippbare\u00a0Aufnahmeplatte mit 2 x 7 Bohrungen zur sicheren Befestigung von verschiedenen Aufnahmen &#8211;\u00a0Befestigungsbohrungen links und rechts in der Plattform angeordnet bieten ausreichend M\u00f6glichkeiten Aufnahmewerkzeuge zu befestigen<\/li>\n<li>Stufenlose, exakte Dosierung der Absenkgeschwindigkeit dank regulierbarem Senkbremsventil<\/li>\n<li>Viel Platz unter dem Fahrzeug durch kompakte Bauweise &#8211; Mit Last leicht zu rangieren dank kugelgelagerter Kunststoffrollen<\/li>\n<li>Fu\u00dfhydraulisch gesteuerter Lasthub mit doppeltwirkender Pumpe f\u00fcr schnelles und kraftschonendes Heben<\/li>\n<li>Mobilit\u00e4t am Arbeitsplatz garantieren gro\u00dfe Rollen und Feststellbremsen<\/li>\n<li>Die flache, schmale Bauweise, sowie der vertikal bewegliche Handgriff erm\u00f6glichen ein leichtes Positionieren unter dem Fahrzeug.<\/li>\n<li>Tischplatte: 2\u00b0 quer zur Fahrtrichtung neigbar, 20 mm l\u00e4ngs und quer schiebbar<\/li>\n<li>Bohrungen Tischplatte: 2 Reihen \u00e0 7 Bohrungen \u00d8 12<\/li>\n<li>Handgriff: Fix, klappbar, abnehmbar<\/li>\n<li>R\u00e4der: 4 x 360\u00b0 (2 gerade fixierbar)<\/li>\n<\/ul>\n","protected":false},"excerpt":{"rendered":"<p>1,0 t, 1300 mm Hub, hydraulische Fu\u00dfpumpe<\/p>\n","protected":false},"featured_media":39504,"template":"","meta":[],"product_brand":[],"product_cat":[58],"product_tag":[58287,63154],"product_approvals":[],"product_application":[],"class_list":{"0":"post-156094","1":"product","2":"type-product","3":"status-publish","4":"has-post-thumbnail","6":"product_cat-uncategorized-de","7":"product_tag-passenger-cars-de","8":"product_tag-quickship-de","10":"first","11":"instock","12":"shipping-taxable","13":"product-type-simple"},"approvals":[],"application":[],"brb_media_brochure":[{"id":39485,"url":"https:\/\/dev.codekraft.it\/ravaglioli.it\/wp-content\/uploads\/brb_media\/00509720_lifting-tables-kt-series-br-de-2023-04-screen.pdf","title":"Lifting tables KT Series BR de 2023 04 screen","mpn":"","thumbnail":"https:\/\/dev.codekraft.it\/ravaglioli.it\/wp-content\/uploads\/brb_media\/00509720_lifting-tables-kt-series-br-de-2023-04-screen-pdf-106x150.png","description":""},{"id":39486,"url":"https:\/\/dev.codekraft.it\/ravaglioli.it\/wp-content\/uploads\/brb_media\/00509721_lifting-tables-kt-series-br-en-2023-04-screen.pdf","title":"Lifting tables KT Series BR en 2023 04 screen","mpn":"","thumbnail":"https:\/\/dev.codekraft.it\/ravaglioli.it\/wp-content\/uploads\/brb_media\/00509721_lifting-tables-kt-series-br-en-2023-04-screen-pdf-106x150.png","description":""},{"id":39487,"url":"https:\/\/dev.codekraft.it\/ravaglioli.it\/wp-content\/uploads\/brb_media\/00509722_lifting-tables-kt-series-br-fr-2023-04-screen.pdf","title":"Lifting tables KT Series BR fr 2023 04 screen","mpn":"","thumbnail":"https:\/\/dev.codekraft.it\/ravaglioli.it\/wp-content\/uploads\/brb_media\/00509722_lifting-tables-kt-series-br-fr-2023-04-screen-pdf-106x150.png","description":""},{"id":39488,"url":"https:\/\/dev.codekraft.it\/ravaglioli.it\/wp-content\/uploads\/brb_media\/00509723_lifting-tables-kt-series-br-it-2023-04-screen.pdf","title":"Lifting tables KT Series BR it 2023 04 screen","mpn":"","thumbnail":"https:\/\/dev.codekraft.it\/ravaglioli.it\/wp-content\/uploads\/brb_media\/00509723_lifting-tables-kt-series-br-it-2023-04-screen-pdf-106x150.png","description":""},{"id":39489,"url":"https:\/\/dev.codekraft.it\/ravaglioli.it\/wp-content\/uploads\/brb_media\/00509724_lifting-tables-kt-series-br-es-2023-04-screen.pdf","title":"Lifting tables KT Series BR es 2023 04 screen","mpn":"","thumbnail":"https:\/\/dev.codekraft.it\/ravaglioli.it\/wp-content\/uploads\/brb_media\/00509724_lifting-tables-kt-series-br-es-2023-04-screen-pdf-106x150.png","description":""},{"id":39490,"url":"https:\/\/dev.codekraft.it\/ravaglioli.it\/wp-content\/uploads\/brb_media\/00509725_lifting-tables-kt-series-br-ru-2023-04-screen.pdf","title":"Lifting tables KT Series BR ru 2023 04 screen","mpn":"","thumbnail":"https:\/\/dev.codekraft.it\/ravaglioli.it\/wp-content\/uploads\/brb_media\/00509725_lifting-tables-kt-series-br-ru-2023-04-screen-pdf-106x150.png","description":""}],"brb_media_drawing":[{"id":83978,"url":"https:\/\/dev.codekraft.it\/ravaglioli.it\/wp-content\/uploads\/brb_media\/00510391_lifting-table-kt100xt-128563-td-de-en-2019-12.pdf","title":"Lifting table KT100XT 128563 TD de en 2019 12","mpn":"","thumbnail":"https:\/\/dev.codekraft.it\/ravaglioli.it\/wp-content\/uploads\/brb_media\/00510391_lifting-table-kt100xt-128563-td-de-en-2019-12-pdf-150x106.png","description":""}],"brb_media_manuals":[{"id":149536,"url":"https:\/\/dev.codekraft.it\/ravaglioli.it\/wp-content\/uploads\/brb_media\/00535442_lifting-table-kt100-kt100xt-rav-om-sp-128568-multi-2022-08-rev-d.pdf","title":"lifting table kt100 kt100xt rav om sp 128568 multi 2022 08 rev d","mpn":"","thumbnail":"https:\/\/dev.codekraft.it\/ravaglioli.it\/wp-content\/uploads\/brb_media\/00535442_lifting-table-kt100-kt100xt-rav-om-sp-128568-multi-2022-08-rev-d-pdf-106x150.png","description":""}],"brb_media_safety_datasheets":"","brb_media_spare_parts":[],"_cdmm_p_id":"501018","_company":"Ravaglioli","_gtin":"4057612814934","accessories":[{"id":152795,"mpn":"KT100A1","name":"Motorhaltevorrichtung f\u00fcr KT100 (Mercedes)","description":"","thumbnail":"https:\/\/dev.codekraft.it\/ravaglioli.it\/wp-content\/uploads\/brb_media\/00548910_lifting-tables-kt-serie-aggregate-mounting-universal-107856-mi-150x150.png","url":"https:\/\/dev.codekraft.it\/ravaglioli.it\/de\/product\/motorhaltevorrichtung-fur-kt100-mercedes\/"},{"id":154766,"mpn":"103802","name":"Aggregatplatte mit Tragarmen GA P (Porsche)","description":"Besonders vielf\u00e4ltig einsetzbare Aggregatplatte zum Aus- und Einbau von Motoren, Getrieben, Achsen, Abgasanlagen etc.","thumbnail":"https:\/\/dev.codekraft.it\/ravaglioli.it\/wp-content\/uploads\/brb_media\/00510650_accessory-lifting-tables-aggregate-plate-with-support-arms-103802-mi-150x150.png","url":"https:\/\/dev.codekraft.it\/ravaglioli.it\/de\/product\/aggregatplatte-mit-tragarmen-ga-p-porsche\/"},{"id":154772,"mpn":"107856","name":"Aggregataufnahme Universal | f\u00fcr W221, W164, W209, R171, R230, R251","description":"Gewicht 20 kg, Tragf\u00e4higkeit 800 kg","thumbnail":"https:\/\/dev.codekraft.it\/ravaglioli.it\/wp-content\/uploads\/brb_media\/00510649_accessory-lifting-tables-aggregate-mounting-universal-107856-mi-150x150.png","url":"https:\/\/dev.codekraft.it\/ravaglioli.it\/de\/product\/aggregataufnahme-universal-fur-w221-w164-w209-r171-r230-r251\/"},{"id":154778,"mpn":"103544","name":"Universalaufnahme \u00d8 35 mm","description":"Aufnahmebohrung \u00d8 35 mm, geeignet zur Aufnahme verschiedener Werkzeuge, wie z. B. die Getriebeplatte GA Pkw | inkl. Buchse","thumbnail":"https:\/\/dev.codekraft.it\/ravaglioli.it\/wp-content\/uploads\/brb_media\/00510648_accessory-lifting-tables-103544-universal-mounting-mi-150x150.png","url":"https:\/\/dev.codekraft.it\/ravaglioli.it\/de\/product\/universalaufnahme-o-35-mm\/"}],"components":[],"delivery":[],"package":[],"related":[],"similar":[{"id":156082,"mpn":"KTE100","name":"Aggregathubtisch KTE100","description":"1,0 t, 1300 mm Hub, hydraulische Fu\u00dfpumpe","thumbnail":"https:\/\/dev.codekraft.it\/ravaglioli.it\/wp-content\/uploads\/brb_media\/00505538_lifting-tables-kt-serie-mi-150x150.png","url":"https:\/\/dev.codekraft.it\/ravaglioli.it\/de\/product\/aggregathubtisch-kte100\/"},{"id":156088,"mpn":"KT100","name":"Aggregathubtisch KT100","description":"1,0 t, 1300 mm Hub, hydraulische Fu\u00dfpumpe","thumbnail":"https:\/\/dev.codekraft.it\/ravaglioli.it\/wp-content\/uploads\/brb_media\/00505537_lifting-tables-kt-serie-kt100-mi-150x150.png","url":"https:\/\/dev.codekraft.it\/ravaglioli.it\/de\/product\/aggregathubtisch-kt100\/"},{"id":156100,"mpn":"KTO100","name":"Aggregathubtisch KTO100","description":"1,0 t, 1300 mm Hub, hydraulische Fu\u00dfpumpe","thumbnail":"https:\/\/dev.codekraft.it\/ravaglioli.it\/wp-content\/uploads\/brb_media\/00505535_lifting-tables-kt-serie-kto100-mi-150x150.png","url":"https:\/\/dev.codekraft.it\/ravaglioli.it\/de\/product\/aggregathubtisch-kto100\/"},{"id":156106,"mpn":"KTE200","name":"Aggregathubtisch KTE200","description":"2,0 t, 1000 mm Hub, lufthydraulische Pumpe","thumbnail":"https:\/\/dev.codekraft.it\/ravaglioli.it\/wp-content\/uploads\/brb_media\/00505536_lifting-tables-kt-serie-kte200-mi-150x150.png","url":"https:\/\/dev.codekraft.it\/ravaglioli.it\/de\/product\/aggregathubtisch-kte200\/"}],"page_logo_src":"https:\/\/dev.codekraft.it\/ravaglioli.it\/wp-content\/uploads\/2026\/04\/rav-negative-logo-1.png","lang":"de","translations":{"de":156094,"en":156093,"fr":156095,"it":156096,"es":156097,"ru":156098},"pll_sync_post":[],"_links":{"self":[{"href":"https:\/\/dev.codekraft.it\/ravaglioli.it\/wp-json\/wp\/v2\/product\/156094","targetHints":{"allow":["GET"]}}],"collection":[{"href":"https:\/\/dev.codekraft.it\/ravaglioli.it\/wp-json\/wp\/v2\/product"}],"about":[{"href":"https:\/\/dev.codekraft.it\/ravaglioli.it\/wp-json\/wp\/v2\/types\/product"}],"wp:featuredmedia":[{"embeddable":true,"href":"https:\/\/dev.codekraft.it\/ravaglioli.it\/wp-json\/wp\/v2\/media\/39504"}],"wp:attachment":[{"href":"https:\/\/dev.codekraft.it\/ravaglioli.it\/wp-json\/wp\/v2\/media?parent=156094"}],"wp:term":[{"taxonomy":"product_brand","embeddable":true,"href":"https:\/\/dev.codekraft.it\/ravaglioli.it\/wp-json\/wp\/v2\/product_brand?post=156094"},{"taxonomy":"product_cat","embeddable":true,"href":"https:\/\/dev.codekraft.it\/ravaglioli.it\/wp-json\/wp\/v2\/product_cat?post=156094"},{"taxonomy":"product_tag","embeddable":true,"href":"https:\/\/dev.codekraft.it\/ravaglioli.it\/wp-json\/wp\/v2\/product_tag?post=156094"},{"taxonomy":"product_approvals","embeddable":true,"href":"https:\/\/dev.codekraft.it\/ravaglioli.it\/wp-json\/wp\/v2\/product_approvals?post=156094"},{"taxonomy":"product_application","embeddable":true,"href":"https:\/\/dev.codekraft.it\/ravaglioli.it\/wp-json\/wp\/v2\/product_application?post=156094"}],"curies":[{"name":"wp","href":"https:\/\/api.w.org\/{rel}","templated":true}]}}