{"id":156079,"date":"2025-08-05T09:51:50","date_gmt":"2025-08-05T08:51:50","guid":{"rendered":"https:\/\/dev.codekraft.it\/ravaglioli.it\/product\/elevador-de-2-columnas-kph350-45\/"},"modified":"2026-01-14T20:00:32","modified_gmt":"2026-01-14T20:00:32","slug":"elevador-de-2-columnas-kph350-45","status":"publish","type":"product","link":"https:\/\/dev.codekraft.it\/ravaglioli.it\/es\/product\/elevador-de-2-columnas-kph350-45\/","title":{"rendered":"Elevador de 2 columnas KPH350.45"},"content":{"rendered":"<p>Elevador electrohidr\u00e1ulico de 2 columnas, sin base, con brazos asim\u00e9tricos y columnas sim\u00e9tricas que facilitan el acceso a los puntos de elevaci\u00f3n del veh\u00edculo.<\/p>\n<ul>\n<li>Tope para brazos con activaci\u00f3n autom\u00e1tica y desbloqueo autom\u00e1tico en el suelo<\/li>\n<li>Completo de:\n<ul>\n<li>Espesores de 65 mm (extensi\u00f3n de la carrera m\u00e1x.)<\/li>\n<li>2 soportes para alojar los espesores<\/li>\n<\/ul>\n<\/li>\n<li>Recubrimiento con pintura en polvo para incrementar la durabilidad<\/li>\n<\/ul>\n<ul>\n<li>Incluye una barra tope de final de carrera para prevenir da\u00f1os en veh\u00edculos altos<\/li>\n<li>Dos pistones para uso intensivo, dise\u00f1ados para reducir al m\u00ednimo el tiempo de inactividad<\/li>\n<li>Dispositivo de apoyo mec\u00e1nico de funcionamiento autom\u00e1tico, para garantizar la m\u00e1xima seguridad durante la fase de estacionamiento<\/li>\n<li>Desbloqueo manual mediante palanca<\/li>\n<li>Capacidad 4,5 t<\/li>\n<li>Recomendado para elevar\u00a0furgonetas<\/li>\n<\/ul>\n","protected":false},"excerpt":{"rendered":"<p>4,5 t, electrohidr\u00e1ulico, sin base, columnas sim\u00e9tricos, brazos de apoyo asim\u00e9tricos | 3 x 400 V \/ 50 Hz<\/p>\n","protected":false},"featured_media":39459,"template":"","meta":[],"product_brand":[],"product_cat":[57902],"product_tag":[58349,58296,58332],"product_approvals":[],"product_application":[],"class_list":{"0":"post-156079","1":"product","2":"type-product","3":"status-publish","4":"has-post-thumbnail","6":"product_cat-elevadores-de-2-columnas-es","7":"product_tag-motor-homes-es","8":"product_tag-passenger-cars-es","9":"product_tag-light-commercial-es","11":"first","12":"instock","13":"shipping-taxable","14":"product-type-simple"},"approvals":[],"application":[],"brb_media_brochure":[{"id":39460,"url":"https:\/\/dev.codekraft.it\/ravaglioli.it\/wp-content\/uploads\/brb_media\/00505519_2-post-lift-kph350_40-kph350_45-br-de-2022-08-screen.pdf","title":"2 Post Lift KPH350 40 KPH350 45 BR de 2022 08 screen","mpn":"","thumbnail":"https:\/\/dev.codekraft.it\/ravaglioli.it\/wp-content\/uploads\/brb_media\/00505519_2-post-lift-kph350_40-kph350_45-br-de-2022-08-screen-pdf-106x150.png","description":""},{"id":39461,"url":"https:\/\/dev.codekraft.it\/ravaglioli.it\/wp-content\/uploads\/brb_media\/00505520_2-post-lift-kph350_40-kph350_45-br-en-2022-08-screen.pdf","title":"2 Post Lift KPH350 40 KPH350 45 BR en 2022 08 screen","mpn":"","thumbnail":"https:\/\/dev.codekraft.it\/ravaglioli.it\/wp-content\/uploads\/brb_media\/00505520_2-post-lift-kph350_40-kph350_45-br-en-2022-08-screen-pdf-106x150.png","description":""},{"id":39462,"url":"https:\/\/dev.codekraft.it\/ravaglioli.it\/wp-content\/uploads\/brb_media\/00505521_2-post-lift-kph350_40-kph350_45-br-fr-2022-08-screen.pdf","title":"2 Post Lift KPH350 40 KPH350 45 BR fr 2022 08 screen","mpn":"","thumbnail":"https:\/\/dev.codekraft.it\/ravaglioli.it\/wp-content\/uploads\/brb_media\/00505521_2-post-lift-kph350_40-kph350_45-br-fr-2022-08-screen-pdf-106x150.png","description":""},{"id":39463,"url":"https:\/\/dev.codekraft.it\/ravaglioli.it\/wp-content\/uploads\/brb_media\/00505522_2-post-lift-kph350_40-kph350_45-br-it-2022-08-screen.pdf","title":"2 Post Lift KPH350 40 KPH350 45 BR it 2022 08 screen","mpn":"","thumbnail":"https:\/\/dev.codekraft.it\/ravaglioli.it\/wp-content\/uploads\/brb_media\/00505522_2-post-lift-kph350_40-kph350_45-br-it-2022-08-screen-pdf-106x150.png","description":""},{"id":39464,"url":"https:\/\/dev.codekraft.it\/ravaglioli.it\/wp-content\/uploads\/brb_media\/00505523_2-post-lift-kph350_40-kph350_45-br-es-2022-08-screen.pdf","title":"2 Post Lift KPH350 40 KPH350 45 BR es 2022 08 screen","mpn":"","thumbnail":"https:\/\/dev.codekraft.it\/ravaglioli.it\/wp-content\/uploads\/brb_media\/00505523_2-post-lift-kph350_40-kph350_45-br-es-2022-08-screen-pdf-106x150.png","description":""},{"id":39465,"url":"https:\/\/dev.codekraft.it\/ravaglioli.it\/wp-content\/uploads\/brb_media\/00505524_2-post-lift-kph350_40-kph350_45-br-ru-2022-08-screen.pdf","title":"2 Post Lift KPH350 40 KPH350 45 BR ru 2022 08 screen","mpn":"","thumbnail":"https:\/\/dev.codekraft.it\/ravaglioli.it\/wp-content\/uploads\/brb_media\/00505524_2-post-lift-kph350_40-kph350_45-br-ru-2022-08-screen-pdf-106x150.png","description":""}],"brb_media_drawing":[{"id":45997,"url":"https:\/\/dev.codekraft.it\/ravaglioli.it\/wp-content\/uploads\/brb_media\/00509898_2-post-lift-kph45ce-kph35045-td-049607050-it-2021-09.pdf","title":"2 post lift KPH45CE KPH35045 TD 049607050 it 2021 09","mpn":"","thumbnail":"https:\/\/dev.codekraft.it\/ravaglioli.it\/wp-content\/uploads\/brb_media\/00509898_2-post-lift-kph45ce-kph35045-td-049607050-it-2021-09-pdf-150x107.png","description":""}],"brb_media_manuals":[{"id":45982,"url":"https:\/\/dev.codekraft.it\/ravaglioli.it\/wp-content\/uploads\/brb_media\/00509894_2-post-lifts-kph35040_45-a0496-m004-0-rev0-multi-im-2022-02.pdf","title":"2 post lifts KPH35040 45 A0496 M004 0 Rev0 multi IM 2022 02","mpn":"","thumbnail":"https:\/\/dev.codekraft.it\/ravaglioli.it\/wp-content\/uploads\/brb_media\/00509894_2-post-lifts-kph35040_45-a0496-m004-0-rev0-multi-im-2022-02-pdf-106x150.png","description":""},{"id":45983,"url":"https:\/\/dev.codekraft.it\/ravaglioli.it\/wp-content\/uploads\/brb_media\/00509895_2-post-lifts-kph35040_45-a0496-m004-0-rev0-multi-om-2022-02.pdf","title":"2 post lifts KPH35040 45 A0496 M004 0 Rev0 multi OM 2022 02","mpn":"","thumbnail":"https:\/\/dev.codekraft.it\/ravaglioli.it\/wp-content\/uploads\/brb_media\/00509895_2-post-lifts-kph35040_45-a0496-m004-0-rev0-multi-om-2022-02-pdf-106x150.png","description":""}],"brb_media_safety_datasheets":"","brb_media_spare_parts":[],"_cdmm_p_id":"501015","_company":"Ravaglioli","_gtin":"","accessories":[],"components":[],"delivery":[],"package":[],"related":[],"similar":[{"id":156127,"mpn":"KPH370.32K","name":"Elevador de 2 columnas KPH370.32K","description":"3,2 t, electrohidr\u00e1ulico, asim\u00e9trico, brazos para el levantamiento de vehiculos anchos tambi\u00e9n","thumbnail":"https:\/\/dev.codekraft.it\/ravaglioli.it\/wp-content\/uploads\/brb_media\/00505573_2-post-lift-KPH37032K-MI-150x150.png","url":"https:\/\/dev.codekraft.it\/ravaglioli.it\/es\/product\/elevador-de-2-columnas-kph370-32k\/"},{"id":156139,"mpn":"KPH370.45K","name":"Elevador de 2 columnas KPH370.45K","description":"4,5 t, electrohidr\u00e1ulico, asim\u00e9trico, brazos para el levantamiento de furgonetas y todoterrenos","thumbnail":"https:\/\/dev.codekraft.it\/ravaglioli.it\/wp-content\/uploads\/brb_media\/00505572_2-post-lift-kph37032_45_50-mi-150x150.png","url":"https:\/\/dev.codekraft.it\/ravaglioli.it\/es\/product\/elevador-de-2-columnas-kph370-45k\/"},{"id":156145,"mpn":"KPH370.45LIK","name":"Elevador de 2 columnas KPH370.45LIK","description":"4,5 t, electrohidr\u00e1ulico, sim\u00e9trico, brazos para el levantamiento de furgonetas normales y de chasis largo sea de turismos","thumbnail":"https:\/\/dev.codekraft.it\/ravaglioli.it\/wp-content\/uploads\/brb_media\/00505576_2-post-lift-kph37045_50lik-mi-150x150.png","url":"https:\/\/dev.codekraft.it\/ravaglioli.it\/es\/product\/elevador-de-2-columnas-kph370-45lik\/"}],"page_logo_src":"https:\/\/dev.codekraft.it\/ravaglioli.it\/wp-content\/uploads\/2026\/04\/rav-negative-logo-1.png","lang":"es","translations":{"es":156079,"en":156075,"de":156076,"fr":156077,"it":156078,"ru":156080},"pll_sync_post":[],"_links":{"self":[{"href":"https:\/\/dev.codekraft.it\/ravaglioli.it\/wp-json\/wp\/v2\/product\/156079","targetHints":{"allow":["GET"]}}],"collection":[{"href":"https:\/\/dev.codekraft.it\/ravaglioli.it\/wp-json\/wp\/v2\/product"}],"about":[{"href":"https:\/\/dev.codekraft.it\/ravaglioli.it\/wp-json\/wp\/v2\/types\/product"}],"wp:featuredmedia":[{"embeddable":true,"href":"https:\/\/dev.codekraft.it\/ravaglioli.it\/wp-json\/wp\/v2\/media\/39459"}],"wp:attachment":[{"href":"https:\/\/dev.codekraft.it\/ravaglioli.it\/wp-json\/wp\/v2\/media?parent=156079"}],"wp:term":[{"taxonomy":"product_brand","embeddable":true,"href":"https:\/\/dev.codekraft.it\/ravaglioli.it\/wp-json\/wp\/v2\/product_brand?post=156079"},{"taxonomy":"product_cat","embeddable":true,"href":"https:\/\/dev.codekraft.it\/ravaglioli.it\/wp-json\/wp\/v2\/product_cat?post=156079"},{"taxonomy":"product_tag","embeddable":true,"href":"https:\/\/dev.codekraft.it\/ravaglioli.it\/wp-json\/wp\/v2\/product_tag?post=156079"},{"taxonomy":"product_approvals","embeddable":true,"href":"https:\/\/dev.codekraft.it\/ravaglioli.it\/wp-json\/wp\/v2\/product_approvals?post=156079"},{"taxonomy":"product_application","embeddable":true,"href":"https:\/\/dev.codekraft.it\/ravaglioli.it\/wp-json\/wp\/v2\/product_application?post=156079"}],"curies":[{"name":"wp","href":"https:\/\/api.w.org\/{rel}","templated":true}]}}