{"id":156030,"date":"2025-11-20T10:26:31","date_gmt":"2025-11-20T10:26:31","guid":{"rendered":"https:\/\/dev.codekraft.it\/ravaglioli.it\/product\/smontagomme-g1250-30plus\/"},"modified":"2026-01-14T20:00:01","modified_gmt":"2026-01-14T20:00:01","slug":"smontagomme-g1250-30plus","status":"publish","type":"product","link":"https:\/\/dev.codekraft.it\/ravaglioli.it\/it\/product\/smontagomme-g1250-30plus\/","title":{"rendered":"Smontagomme G1250.30PLUS"},"content":{"rendered":"<p>Let the Wheels Speed Up<\/p>\n<ul>\n<li>Operazioni semplici: un solo movimento regola il diametro e la posizione di tutti e tre i bracci operanti<\/li>\n<li>Operazioni veloci: Memory system &#8211; funzione di auto riposizionamento dell\u2019utensile a bordo cerchio<\/li>\n<li>Operazioni sicure: stallonatura efficace e sicura a salvaguardia del fianco dello pneumatico e del sensore di pressione<\/li>\n<\/ul>\n<p>Dotato di un innovativo utensile senza leva (brevettato) e di funzioni automatiche avanzate, consente di lavorare con rapidit\u00e0, precisione e senza alcuno sforzo anche su pneumatici con profilo ultra-ribassato e RunFlat. La configurazione \u00e8 gi\u00e0 completa di tutti i principali accessori, rendendolo particolarmente adatto a gommisti e concessionarie.<\/p>\n<ul>\n<li>Attuatore elettromeccanico che controlla, tramite un sistema di sincronizzazione a catena, il movimento contemporaneo di tutti e tre i bracci operanti.<\/li>\n<li>Sensore con attivazione automatica della funzione di avanzamento dei dischi per una stallonatura precisa e senza rischi per gli pneumatici.<\/li>\n<li>Puntatore laser che indica il corretto posizionamento degli utensili.<\/li>\n<li>MEMORY SYSTEM &#8211; Tasto Memory con funzione di riposizionamento automatico dell&#8217;utensile a bordo cerchio, che permette la ripresa in modo veloce di un nuovo processo di smontaggio e montaggio.<\/li>\n<li>Il motore con inverter consente all&#8217;operatore di controllare la velocit\u00e0 variabile della ruota (0 &#8211; 15 giri\/min).<\/li>\n<li>A protezione del tallone, la velocit\u00e0 viene adattata automaticamente in base alla tensione rilevata.<\/li>\n<li>L\u2019autocentrante a piattello flottante (brevettato), adatto anche per cerchioni a canale rovesciato, offre un meccanismo autobloccante che riduce lo sforzo richiesto all&#8217;operatore.<\/li>\n<li>Sistema di stallonatura a doppio disco. Lo pneumatico viene stallonato in modo rapido e sicuro da due dischi opposti sincronizzati.<\/li>\n<\/ul>\n<ul>\n<li>Tre altezze di lavoro regolabili<\/li>\n<li>Gonfiaggio con azionamento a pedale, manometro e valvola di gonfiaggio rapido<\/li>\n<li>Fornito di braccio premitallone pneumatico rotante<\/li>\n<li>Certificato WDK<\/li>\n<li>Vani portaoggetti per riporre accessori, valvole e utensili<\/li>\n<li>Spazio libero nella parte posteriore per una migliore manovrabilit\u00e0 e libert\u00e0 di movimento intorno alla macchina<\/li>\n<li>Completo di sollevatore ruote pneumatico<\/li>\n<li>Dispositivo di bloccaggio rapido dei cerchioni<\/li>\n<li>I comandi sono raccolti in un\u2019unica consolle studiata per il massimo comfort di lavoro<\/li>\n<li>Utensile di montaggio in materiale antigraffio per lavorare vicino al bordo dei cerchioni senza danneggiarli (zero stress effect)<\/li>\n<\/ul>\n","protected":false},"excerpt":{"rendered":"<p>Senza leva, automatico, incl. premitallone pneumatico e sollevatore pneumatico ruote, autovettura, diametro cerchione 10 &#8211; 30\u2033, larghezza cerchione max. 15\u2033 | Certificato wdk<\/p>\n","protected":false},"featured_media":149533,"template":"","meta":[],"product_brand":[],"product_cat":[57890],"product_tag":[58293,63160],"product_approvals":[],"product_application":[],"class_list":{"0":"post-156030","1":"product","2":"type-product","3":"status-publish","4":"has-post-thumbnail","6":"product_cat-smontagomme-it","7":"product_tag-passenger-cars-it","8":"product_tag-quickship-it","10":"first","11":"instock","12":"shipping-taxable","13":"product-type-simple"},"approvals":[],"application":[],"brb_media_brochure":[{"id":148942,"url":"https:\/\/dev.codekraft.it\/ravaglioli.it\/wp-content\/uploads\/brb_media\/00521433_tyre-changer-g1250-30-br-de-09-2023-screen.pdf","title":"Tyre Changer G1250 30 BR de 09 2023 screen","mpn":"","thumbnail":"https:\/\/dev.codekraft.it\/ravaglioli.it\/wp-content\/uploads\/brb_media\/00521433_tyre-changer-g1250-30-br-de-09-2023-screen-pdf-106x150.png","description":""},{"id":148943,"url":"https:\/\/dev.codekraft.it\/ravaglioli.it\/wp-content\/uploads\/brb_media\/00521434_tyre-changer-g1250-30-br-en-09-2023-screen.pdf","title":"Tyre Changer G1250 30 BR en 09 2023 screen","mpn":"","thumbnail":"https:\/\/dev.codekraft.it\/ravaglioli.it\/wp-content\/uploads\/brb_media\/00521434_tyre-changer-g1250-30-br-en-09-2023-screen-pdf-106x150.png","description":""},{"id":148944,"url":"https:\/\/dev.codekraft.it\/ravaglioli.it\/wp-content\/uploads\/brb_media\/00521435_tyre-changer-g1250-30-br-fr-09-2023-screen.pdf","title":"Tyre Changer G1250 30 BR fr 09 2023 screen","mpn":"","thumbnail":"https:\/\/dev.codekraft.it\/ravaglioli.it\/wp-content\/uploads\/brb_media\/00521435_tyre-changer-g1250-30-br-fr-09-2023-screen-pdf-106x150.png","description":""},{"id":148945,"url":"https:\/\/dev.codekraft.it\/ravaglioli.it\/wp-content\/uploads\/brb_media\/00521436_tyre-changer-g1250-30-br-it-09-2023-screen.pdf","title":"Tyre Changer G1250 30 BR it 09 2023 screen","mpn":"","thumbnail":"https:\/\/dev.codekraft.it\/ravaglioli.it\/wp-content\/uploads\/brb_media\/00521436_tyre-changer-g1250-30-br-it-09-2023-screen-pdf-106x150.png","description":""},{"id":148946,"url":"https:\/\/dev.codekraft.it\/ravaglioli.it\/wp-content\/uploads\/brb_media\/00521437_tyre-changer-g1250-30-br-es-09-2023-screen.pdf","title":"Tyre Changer G1250 30 BR es 09 2023 screen","mpn":"","thumbnail":"https:\/\/dev.codekraft.it\/ravaglioli.it\/wp-content\/uploads\/brb_media\/00521437_tyre-changer-g1250-30-br-es-09-2023-screen-pdf-106x150.png","description":""},{"id":148947,"url":"https:\/\/dev.codekraft.it\/ravaglioli.it\/wp-content\/uploads\/brb_media\/00521438_tyre-changer-g1250-30-br-ru-09-2023-screen.pdf","title":"Tyre Changer G1250 30 BR ru 09 2023 screen","mpn":"","thumbnail":"https:\/\/dev.codekraft.it\/ravaglioli.it\/wp-content\/uploads\/brb_media\/00521438_tyre-changer-g1250-30-br-ru-09-2023-screen-pdf-106x150.png","description":""}],"brb_media_drawing":"","brb_media_manuals":[{"id":150418,"url":"https:\/\/dev.codekraft.it\/ravaglioli.it\/wp-content\/uploads\/brb_media\/00548687_tyre-changer-ravg1250-im-7105-m023-00_vsg_rev00_de-2023-09.pdf","title":"Tyre changer RAVG1250 IM 7105 M023 00 VSG rev00 de 2023 09","mpn":"","thumbnail":"https:\/\/dev.codekraft.it\/ravaglioli.it\/wp-content\/uploads\/brb_media\/00548687_tyre-changer-ravg1250-im-7105-m023-00_vsg_rev00_de-2023-09-pdf-106x150.png","description":""},{"id":150419,"url":"https:\/\/dev.codekraft.it\/ravaglioli.it\/wp-content\/uploads\/brb_media\/00548688_tyre-changer-ravg1250-im-7105-m023-00_vsg_rev00_en-2023-09.pdf","title":"Tyre changer RAVG1250 IM 7105 M023 00 VSG rev00 en 2023 09","mpn":"","thumbnail":"https:\/\/dev.codekraft.it\/ravaglioli.it\/wp-content\/uploads\/brb_media\/00548688_tyre-changer-ravg1250-im-7105-m023-00_vsg_rev00_en-2023-09-pdf-106x150.png","description":""},{"id":150420,"url":"https:\/\/dev.codekraft.it\/ravaglioli.it\/wp-content\/uploads\/brb_media\/00548689_tyre-changer-ravg1250-im-7105-m023-00_vsg_rev00_fr-2023-09.pdf","title":"Tyre changer RAVG1250 IM 7105 M023 00 VSG rev00 fr 2023 09","mpn":"","thumbnail":"https:\/\/dev.codekraft.it\/ravaglioli.it\/wp-content\/uploads\/brb_media\/00548689_tyre-changer-ravg1250-im-7105-m023-00_vsg_rev00_fr-2023-09-pdf-106x150.png","description":""},{"id":150421,"url":"https:\/\/dev.codekraft.it\/ravaglioli.it\/wp-content\/uploads\/brb_media\/00548690_tyre-changer-ravg1250-im-7105-m023-00_vsg_rev00_it-2023-09.pdf","title":"Tyre changer RAVG1250 IM 7105 M023 00 VSG rev00 it 2023 09","mpn":"","thumbnail":"https:\/\/dev.codekraft.it\/ravaglioli.it\/wp-content\/uploads\/brb_media\/00548690_tyre-changer-ravg1250-im-7105-m023-00_vsg_rev00_it-2023-09-pdf-106x150.png","description":""},{"id":150422,"url":"https:\/\/dev.codekraft.it\/ravaglioli.it\/wp-content\/uploads\/brb_media\/00548691_tyre-changer-ravg1250-im-7105-m023-00_vsg_rev00_es-2023-09.pdf","title":"Tyre changer RAVG1250 IM 7105 M023 00 VSG rev00 es 2023 09","mpn":"","thumbnail":"https:\/\/dev.codekraft.it\/ravaglioli.it\/wp-content\/uploads\/brb_media\/00548691_tyre-changer-ravg1250-im-7105-m023-00_vsg_rev00_es-2023-09-pdf-106x150.png","description":""}],"brb_media_safety_datasheets":"","brb_media_spare_parts":[],"_cdmm_p_id":"501007","_company":"Ravaglioli","_gtin":"5063084200129","accessories":[{"id":155898,"mpn":"G1000A137","name":"Piastra di serraggio Universale | per cerchi senza foro centrale e cerchi rovesciato | per G1000A138","description":"Flangia universale per ruote cieche \/ rovescie","thumbnail":"https:\/\/dev.codekraft.it\/ravaglioli.it\/wp-content\/uploads\/brb_media\/00506682_g1000a137-01-150x150.png","url":"https:\/\/dev.codekraft.it\/ravaglioli.it\/it\/product\/piastra-di-serraggio-universale-per-cerchi-senza-foro-centrale-e-cerchi-rovesciato-per-g1000a138\/"},{"id":155535,"mpn":"G1000A84K","name":"Protezione in plastica per cono di centraggio","description":"Kit protezioni cono dispositivo di bloccaggio con ghiera rapida, per G1000A138 - G1000A80 | 1 set \/ 5 pezzi","thumbnail":"https:\/\/dev.codekraft.it\/ravaglioli.it\/wp-content\/uploads\/brb_media\/00506709_g1000a84k-150x150.png","url":"https:\/\/dev.codekraft.it\/ravaglioli.it\/it\/product\/protezione-in-plastica-per-cono-di-centraggio\/"},{"id":152827,"mpn":"G1000A117","name":"Testa di montaggio","description":"In plastica | 1 pezzo","thumbnail":"https:\/\/dev.codekraft.it\/ravaglioli.it\/wp-content\/uploads\/brb_media\/00506675_g1000a117-150x150.png","url":"https:\/\/dev.codekraft.it\/ravaglioli.it\/it\/product\/testa-di-montaggio\/"},{"id":153055,"mpn":"G1000A117K","name":"Testa di montaggio","description":"In plastica | 20 pezzi","thumbnail":"https:\/\/dev.codekraft.it\/ravaglioli.it\/wp-content\/uploads\/brb_media\/00506675_g1000a117-150x150.png","url":"https:\/\/dev.codekraft.it\/ravaglioli.it\/it\/product\/testa-di-montaggio-2\/"},{"id":155541,"mpn":"G1000A70K","name":"Protezione in plastica per perno trascinatore","description":"Protezione per dispositivo di trazione su tavola di serraggio | 1 set \/ 5 pezzi","thumbnail":"https:\/\/dev.codekraft.it\/ravaglioli.it\/wp-content\/uploads\/brb_media\/00506705_g1000a70k-150x150.png","url":"https:\/\/dev.codekraft.it\/ravaglioli.it\/it\/product\/protezione-in-plastica-per-perno-trascinatore\/"},{"id":155529,"mpn":"G1000A81K","name":"Protezione in gomma per piattello appoggio ruota","description":"Set protezioni per ruote rovesce | 1 set \/ 10 pezzi","thumbnail":"https:\/\/dev.codekraft.it\/ravaglioli.it\/wp-content\/uploads\/brb_media\/00506708_g1000a81k-sp-150x150.png","url":"https:\/\/dev.codekraft.it\/ravaglioli.it\/it\/product\/protezione-in-gomma-per-piattello-appoggio-ruota\/"},{"id":155595,"mpn":"G1000A86","name":"Specchio con supporto magnetico","description":"","thumbnail":"https:\/\/dev.codekraft.it\/ravaglioli.it\/wp-content\/uploads\/brb_media\/00506710_g1000a86-150x150.png","url":"https:\/\/dev.codekraft.it\/ravaglioli.it\/it\/product\/specchio-con-supporto-magnetico\/"},{"id":155517,"mpn":"G800A38","name":"Pennello Plastica","description":"","thumbnail":"https:\/\/dev.codekraft.it\/ravaglioli.it\/wp-content\/uploads\/brb_media\/00506719_g800a38-150x150.png","url":"https:\/\/dev.codekraft.it\/ravaglioli.it\/it\/product\/pennello-plastica\/"},{"id":155916,"mpn":"G800A37","name":"Pasta lubrificante per montaggio\/smontaggio pneumatici | 3,5 kg","description":"","thumbnail":"https:\/\/dev.codekraft.it\/ravaglioli.it\/wp-content\/uploads\/brb_media\/00506743_g800a37-150x150.png","url":"https:\/\/dev.codekraft.it\/ravaglioli.it\/it\/product\/pasta-lubrificante-per-montaggio-smontaggio-pneumatici-35-kg\/"},{"id":155553,"mpn":"G1000A101","name":"Flangia for LT (Light Truck)","description":"","thumbnail":"https:\/\/dev.codekraft.it\/ravaglioli.it\/wp-content\/uploads\/brb_media\/00506669_g1000a101-150x150.png","url":"https:\/\/dev.codekraft.it\/ravaglioli.it\/it\/product\/flangia-for-lt-light-truck\/"},{"id":153656,"mpn":"G1000A161","name":"Piastra di serraggio Universale | per cerchi CLAD con foro centrale","description":"Flangia universale per bloccaggio ruote attraverso i fori di fissaggio - Necessario foro centrale della ruota  per il fissaggio","thumbnail":"https:\/\/dev.codekraft.it\/ravaglioli.it\/wp-content\/uploads\/brb_media\/00535630_g1000a161-mi-150x150.png","url":"https:\/\/dev.codekraft.it\/ravaglioli.it\/it\/product\/piastra-di-serraggio-universale-per-cerchi-clad-con-foro-centrale\/"},{"id":153650,"mpn":"G1000A158","name":"Piastra di serraggio Universale | per ruote rovesce","description":"Flangia universale","thumbnail":"https:\/\/dev.codekraft.it\/ravaglioli.it\/wp-content\/uploads\/brb_media\/00506723_g1000a87-150x150.png","url":"https:\/\/dev.codekraft.it\/ravaglioli.it\/it\/product\/piastra-di-serraggio-universale-per-ruote-rovesce\/"}],"components":[],"delivery":[{"id":155796,"mpn":"G800A32","name":"Protezione in plastica per bordo cerchio","description":"Protezione tallone per pneumatici \u00abRun Flat\u00bb | Incluso nel kit WDK | 1 pezzo","thumbnail":"https:\/\/dev.codekraft.it\/ravaglioli.it\/wp-content\/uploads\/brb_media\/00506718_g800a32-150x150.png","url":"https:\/\/dev.codekraft.it\/ravaglioli.it\/it\/product\/protezione-in-plastica-per-bordo-cerchio\/"},{"id":155330,"mpn":"G1000A36","name":"Prolunga per premitallone a 28\u2033 | per G1000A32","description":"Incluso nel kit WDK","thumbnail":"https:\/\/dev.codekraft.it\/ravaglioli.it\/wp-content\/uploads\/brb_media\/00506693_g1000a36-150x150.png","url":"https:\/\/dev.codekraft.it\/ravaglioli.it\/it\/product\/prolunga-per-premitallone-a-28%e2%80%b3-per-g1000a32\/"},{"id":155820,"mpn":"G1000A100K","name":"Fogli di protezione per tallone | con approvazione WDK","description":"Incluso nel kit WDK | 1 set \/ 50 pezzi","thumbnail":"https:\/\/dev.codekraft.it\/ravaglioli.it\/wp-content\/uploads\/brb_media\/00506667_g1000a100k-01-150x150.png","url":"https:\/\/dev.codekraft.it\/ravaglioli.it\/it\/product\/fogli-di-protezione-per-tallone-con-approvazione-wdk\/"},{"id":153493,"mpn":"G1000A138","name":"Dispositivo di bloccaggio rapido per cerchioni","description":"Accessorio per smontagomme","thumbnail":"https:\/\/dev.codekraft.it\/ravaglioli.it\/wp-content\/uploads\/brb_media\/00506684_g1000a138-150x150.png","url":"https:\/\/dev.codekraft.it\/ravaglioli.it\/it\/product\/dispositivo-di-bloccaggio-rapido-per-cerchioni\/"},{"id":154816,"mpn":"G1000A111","name":"Dispositivo premitallone WDK","description":"Incluso nel kit WDK","thumbnail":"https:\/\/dev.codekraft.it\/ravaglioli.it\/wp-content\/uploads\/brb_media\/00506672_g1000a111-150x150.png","url":"https:\/\/dev.codekraft.it\/ravaglioli.it\/it\/product\/dispositivo-premitallone-wdk\/"},{"id":155098,"mpn":"G1000A140","name":"Wulstboy con dispositivo di traino Standard","description":"Incluso nel kit WDK","thumbnail":"https:\/\/dev.codekraft.it\/ravaglioli.it\/wp-content\/uploads\/brb_media\/00506688_g1000a140-150x150.png","url":"https:\/\/dev.codekraft.it\/ravaglioli.it\/it\/product\/wulstboy-con-dispositivo-di-traino-standard\/"},{"id":156624,"mpn":"","name":"Braccio ausiliario pneumatico","description":"Braccio premitallone rotante pneumatico | ambito di consegna di G1250.30 PLUS e G1250.30IT PLUS","thumbnail":"https:\/\/dev.codekraft.it\/ravaglioli.it\/wp-content\/uploads\/brb_media\/00373746_tyre-changers-helper-di-150x150.png","url":"https:\/\/dev.codekraft.it\/ravaglioli.it\/it\/product\/braccio-ausiliario-pneumatico-3\/"},{"id":156618,"mpn":"","name":"Sollevatore ruote pneumatico","description":"Ambito di consegna di G1250.30 PLUS e G1250.30IT PLUS","thumbnail":"https:\/\/dev.codekraft.it\/ravaglioli.it\/wp-content\/uploads\/brb_media\/00506634_g800a35-150x150.png","url":"https:\/\/dev.codekraft.it\/ravaglioli.it\/it\/product\/sollevatore-ruote-pneumatico-2\/"}],"package":[],"related":[],"similar":[{"id":152138,"mpn":"RAV.G1190.200853","name":"Smontagomme G1190.30","description":"Senza leva, incl. premitallone pneumatico, autovettura, diametro cerchione 10 - 30\u2033, larghezza cerchione max. 15\u2033 | Certificato wdk","thumbnail":"https:\/\/dev.codekraft.it\/ravaglioli.it\/wp-content\/uploads\/brb_media\/00507108_tyre-changer-g119030-mi-03-150x150.png","url":"https:\/\/dev.codekraft.it\/ravaglioli.it\/it\/product\/smontagomme-g1190-30\/"},{"id":156036,"mpn":"RAV.G1250.200037","name":"Smontagomme G1250.30PLUSIT","description":"Senza leva, automatico, incl. dispositivo di gonfiaggio tubeless, premitallone pneumatico e sollevatore pneumatico ruote, autovettura, diametro cerchione 10 - 30\u2033 | Certificato wdk","thumbnail":"https:\/\/dev.codekraft.it\/ravaglioli.it\/wp-content\/uploads\/brb_media\/00505477_tyre-changer-g1250-30-mi-01-150x150.png","url":"https:\/\/dev.codekraft.it\/ravaglioli.it\/it\/product\/smontagomme-g1250-30plusit\/"}],"page_logo_src":"https:\/\/dev.codekraft.it\/ravaglioli.it\/wp-content\/uploads\/2026\/04\/rav-negative-logo-1.png","lang":"it","translations":{"it":156030,"en":156027,"de":156028,"fr":156029,"es":156031,"ru":156032},"pll_sync_post":[],"_links":{"self":[{"href":"https:\/\/dev.codekraft.it\/ravaglioli.it\/wp-json\/wp\/v2\/product\/156030","targetHints":{"allow":["GET"]}}],"collection":[{"href":"https:\/\/dev.codekraft.it\/ravaglioli.it\/wp-json\/wp\/v2\/product"}],"about":[{"href":"https:\/\/dev.codekraft.it\/ravaglioli.it\/wp-json\/wp\/v2\/types\/product"}],"wp:featuredmedia":[{"embeddable":true,"href":"https:\/\/dev.codekraft.it\/ravaglioli.it\/wp-json\/wp\/v2\/media\/149533"}],"wp:attachment":[{"href":"https:\/\/dev.codekraft.it\/ravaglioli.it\/wp-json\/wp\/v2\/media?parent=156030"}],"wp:term":[{"taxonomy":"product_brand","embeddable":true,"href":"https:\/\/dev.codekraft.it\/ravaglioli.it\/wp-json\/wp\/v2\/product_brand?post=156030"},{"taxonomy":"product_cat","embeddable":true,"href":"https:\/\/dev.codekraft.it\/ravaglioli.it\/wp-json\/wp\/v2\/product_cat?post=156030"},{"taxonomy":"product_tag","embeddable":true,"href":"https:\/\/dev.codekraft.it\/ravaglioli.it\/wp-json\/wp\/v2\/product_tag?post=156030"},{"taxonomy":"product_approvals","embeddable":true,"href":"https:\/\/dev.codekraft.it\/ravaglioli.it\/wp-json\/wp\/v2\/product_approvals?post=156030"},{"taxonomy":"product_application","embeddable":true,"href":"https:\/\/dev.codekraft.it\/ravaglioli.it\/wp-json\/wp\/v2\/product_application?post=156030"}],"curies":[{"name":"wp","href":"https:\/\/api.w.org\/{rel}","templated":true}]}}