{"id":155704,"date":"2025-10-30T14:31:24","date_gmt":"2025-10-30T14:31:24","guid":{"rendered":"https:\/\/dev.codekraft.it\/ravaglioli.it\/product\/elevador-de-columna-movil-rav262agr\/"},"modified":"2026-01-14T21:58:10","modified_gmt":"2026-01-14T21:58:10","slug":"elevador-de-columna-movil-rav262agr","status":"publish","type":"product","link":"https:\/\/dev.codekraft.it\/ravaglioli.it\/es\/product\/elevador-de-columna-movil-rav262agr\/","title":{"rendered":"Elevador de columna m\u00f3vil RAV262AGR"},"content":{"rendered":"<p>Par de columnas aptas a levantar diferentes tipos de tractores &#8211;\u00a0Las columnas est\u00e1n equipadas con adaptadores delanteros y traseros (S300A2).\u00a0Acceso perfecto al veh\u00edculo: Facilitan los servicio de frenos y ruedas.<\/p>\n<ul>\n<li>La doble protecci\u00f3n de carga garantiza la seguridad<\/li>\n<li>Uso intuitivo<\/li>\n<li>La carretilla elevadora puede cambiar de posici\u00f3n r\u00e1pidamente<\/li>\n<\/ul>\n<ul>\n<li>Adaptador de soporte trasero con barras de bloqueo adicionales<\/li>\n<li>Adaptador de soporte delantero con diversos adaptadores de soporte<\/li>\n<li>Barra de tracci\u00f3n m\u00f3vil con chasis de direcci\u00f3n con desviaci\u00f3n autom\u00e1tica, doble rodillo y freno de estacionamiento integrado que evitan que la unidad elevadora se vuelque de forma involuntaria<\/li>\n<li>Adaptadores para carretilla elevadora que permiten el trasporte r\u00e1pido y f\u00e1cil de los agarradores de rueda en el taller<\/li>\n<li>Adecuado para tractores con una distancia entre ejes de al menos 1100 mm<\/li>\n<li>Los elementos de control bien dispuestos caracterizan la facilidad de uso del sistema de agarre de rueda<\/li>\n<\/ul>\n<ul>\n<li>El cargador integrado permite cargar mientras se utiliza el HYDROLIFT &#8211; Una hora de carga r\u00e1pida permite realizar otra operaci\u00f3n completa de elevaci\u00f3n\/bajada.<\/li>\n<li>Doble protecci\u00f3n de carga gracias al dispositivo de seguridad hidr\u00e1ulico de ajuste constante (v\u00e1lvula de corte) y al cierre de seguridad mec\u00e1nico autom\u00e1tico.<\/li>\n<li>S\u00edmbolos que son f\u00e1ciles de entender y pulsadores bien dispuestos facilitan el uso.<\/li>\n<li>Las actualizaciones de software se realizan por medio de tarjeta SD.<\/li>\n<li>La producci\u00f3n a gran escala en nuestras instalaciones de fabricaci\u00f3n con certificaci\u00f3n ISO permite una alta calidad de fabricaci\u00f3n constante.<\/li>\n<li>Protecci\u00f3n hidr\u00e1ulica: Para la protecci\u00f3n contra influencias externas, el cilindro de elevaci\u00f3n est\u00e1 ubicado en el carro de elevaci\u00f3n &#8211; El motor y la unidad hidr\u00e1ulica tambi\u00e9n est\u00e1n totalmente cubiertos.<\/li>\n<li>Botones de parada de emergencia en cada columna.<\/li>\n<li>Manejo f\u00e1cil: Los rodillos de poca fricci\u00f3n, literalmente hablando, hacen que la configuraci\u00f3n del lugar de trabajo sea pan comido.<\/li>\n<li>El control de sincronizaci\u00f3n garantiza una absoluta sincronizaci\u00f3n de todas las unidades de elevaci\u00f3n &#8211; incluso con una distribuci\u00f3n de carga desigual.<\/li>\n<\/ul>\n","protected":false},"excerpt":{"rendered":"<p>2 x 8,5 t, electromec\u00e1nico, vinculado por cable, con adaptadores agr\u00edcolas<\/p>\n","protected":false},"featured_media":44160,"template":"","meta":[],"product_brand":[],"product_cat":[58246],"product_tag":[58383,58366,58349,58451,58485,63081,58332,58468],"product_approvals":[],"product_application":[],"class_list":{"0":"post-155704","1":"product","2":"type-product","3":"status-publish","4":"has-post-thumbnail","6":"product_cat-elevadores-de-columna-moviles-es","7":"product_tag-buses-es","8":"product_tag-trucks-es","9":"product_tag-motor-homes-es","10":"product_tag-agricultural-machines-es","11":"product_tag-trailer-es","12":"product_tag-remolques-es","13":"product_tag-light-commercial-es","14":"product_tag-tracked-vehicles-es","16":"first","17":"instock","18":"shipping-taxable","19":"product-type-simple"},"approvals":[],"application":[],"brb_media_brochure":[{"id":44161,"url":"https:\/\/dev.codekraft.it\/ravaglioli.it\/wp-content\/uploads\/brb_media\/00509643_mobile-column-lifts-rav262agr-rav308h2agr-br-multi-06-2023-screen.pdf","title":"Mobile column lifts rav262agr rav308h2agr br multi 06 2023 screen","mpn":"","thumbnail":"https:\/\/dev.codekraft.it\/ravaglioli.it\/wp-content\/uploads\/brb_media\/00509643_mobile-column-lifts-rav262agr-rav308h2agr-br-multi-06-2023-screen-pdf-106x150.png","description":""}],"brb_media_drawing":"","brb_media_manuals":"","brb_media_safety_datasheets":"","brb_media_spare_parts":[],"_cdmm_p_id":"502892","_company":"Ravaglioli","_gtin":"4057612815818","accessories":[{"id":155434,"mpn":"S260A1","name":"Caballete de apoyo","description":"7500 kg, 1330 - 2030 mm, altura ajustable en pasos de 7 x 100 mm, 2 ruedas, soporte en U | Gris (RAL 7040)","thumbnail":"https:\/\/dev.codekraft.it\/ravaglioli.it\/wp-content\/uploads\/brb_media\/00535518_mobile-columns-s260a1-mi-150x150.png","url":"https:\/\/dev.codekraft.it\/ravaglioli.it\/es\/product\/caballete-de-apoyo-3\/"},{"id":152048,"mpn":"S270A1","name":"Caballete de apoyo","description":"10000 kg, 1235 - 2040 mm, altura regulable en 6 pasos de 100 mm, adicionalmente con parte superior ajustable sin escalonamiento (115 mm), 2 ruedas, soporte en U y soporte de prisma (intercambiables) | Gris (RAL 7040)","thumbnail":"https:\/\/dev.codekraft.it\/ravaglioli.it\/wp-content\/uploads\/brb_media\/00535519_mobile-columns-s270a1-mi-150x150.png","url":"https:\/\/dev.codekraft.it\/ravaglioli.it\/es\/product\/caballete-de-apoyo\/"},{"id":152278,"mpn":"S270A2","name":"Caballete de apoyo","description":"10000 kg, 1235 - 2040 mm, altura regulable en 6 pasos de 100 mm, adicionalmente con parte superior ajustable sin escalonamiento (115 mm), 3 ruedas el\u00e1sticas, soporte en U y soporte de prisma (intercambiables), premontado | Gris (RAL 7040)","thumbnail":"https:\/\/dev.codekraft.it\/ravaglioli.it\/wp-content\/uploads\/brb_media\/00535520_mobile-columns-s270a2-mi-150x150.png","url":"https:\/\/dev.codekraft.it\/ravaglioli.it\/es\/product\/caballete-de-apoyo-2\/"}],"components":[],"delivery":[{"id":153242,"mpn":"S300A2","name":"Adaptadores agr\u00edcolas 1 juego \/ 2 piezas","description":"Para elevaci\u00f3n de tractores | adaptador delanteros y traseros","thumbnail":"https:\/\/dev.codekraft.it\/ravaglioli.it\/wp-content\/uploads\/brb_media\/00398680_hydrolift_122510_front_adapter_di-150x150.png","url":"https:\/\/dev.codekraft.it\/ravaglioli.it\/es\/product\/adaptadores-agricolas-1-juego-2-piezas\/"}],"package":[],"related":[],"similar":[],"page_logo_src":"https:\/\/dev.codekraft.it\/ravaglioli.it\/wp-content\/uploads\/2026\/04\/rav-negative-logo-1.png","lang":"es","translations":{"es":155704,"en":155700,"de":155701,"fr":155702,"it":155703,"ru":155705},"pll_sync_post":[],"_links":{"self":[{"href":"https:\/\/dev.codekraft.it\/ravaglioli.it\/wp-json\/wp\/v2\/product\/155704","targetHints":{"allow":["GET"]}}],"collection":[{"href":"https:\/\/dev.codekraft.it\/ravaglioli.it\/wp-json\/wp\/v2\/product"}],"about":[{"href":"https:\/\/dev.codekraft.it\/ravaglioli.it\/wp-json\/wp\/v2\/types\/product"}],"wp:featuredmedia":[{"embeddable":true,"href":"https:\/\/dev.codekraft.it\/ravaglioli.it\/wp-json\/wp\/v2\/media\/44160"}],"wp:attachment":[{"href":"https:\/\/dev.codekraft.it\/ravaglioli.it\/wp-json\/wp\/v2\/media?parent=155704"}],"wp:term":[{"taxonomy":"product_brand","embeddable":true,"href":"https:\/\/dev.codekraft.it\/ravaglioli.it\/wp-json\/wp\/v2\/product_brand?post=155704"},{"taxonomy":"product_cat","embeddable":true,"href":"https:\/\/dev.codekraft.it\/ravaglioli.it\/wp-json\/wp\/v2\/product_cat?post=155704"},{"taxonomy":"product_tag","embeddable":true,"href":"https:\/\/dev.codekraft.it\/ravaglioli.it\/wp-json\/wp\/v2\/product_tag?post=155704"},{"taxonomy":"product_approvals","embeddable":true,"href":"https:\/\/dev.codekraft.it\/ravaglioli.it\/wp-json\/wp\/v2\/product_approvals?post=155704"},{"taxonomy":"product_application","embeddable":true,"href":"https:\/\/dev.codekraft.it\/ravaglioli.it\/wp-json\/wp\/v2\/product_application?post=155704"}],"curies":[{"name":"wp","href":"https:\/\/api.w.org\/{rel}","templated":true}]}}