{"id":155436,"date":"2024-09-13T11:13:17","date_gmt":"2024-09-13T10:13:17","guid":{"rendered":"https:\/\/dev.codekraft.it\/ravaglioli.it\/product\/mobile-column-lift-rav212nc\/"},"modified":"2026-01-14T21:54:52","modified_gmt":"2026-01-14T21:54:52","slug":"mobile-column-lift-rav212nc","status":"publish","type":"product","link":"https:\/\/dev.codekraft.it\/ravaglioli.it\/product\/mobile-column-lift-rav212nc\/","title":{"rendered":"Mobile column lift RAV212NC"},"content":{"rendered":"<p>Electromechanical mobile column lifts for trucks, buses. Depending on the version, use is possible in the \u00adworkshop or outdoors.<\/p>\n<ul>\n<li>Electronic synchronization control with automatic emergency stop device<\/li>\n<li>Each mobile column is equipped with a safety device in case of lift nut wear<\/li>\n<\/ul>\n<ul>\n<li>The large base frame at the lift column offers max. stability.<\/li>\n<li>On all mobile column, the installation can be raised or lowered via push buttons.<\/li>\n<li>Each mobile column is equipped with dead-man control and an emergency stop push-button.<\/li>\n<\/ul>\n<ul>\n<li>Roll-handled spindle made of stainless steel in connection with a permanently lubricated bronze nut &#8211; guarantees a maximum of safety and a long life<\/li>\n<li>Absolutely wear-proof Ertalon sliders in each lift truck guarantee max. stability with each positioning of the load<\/li>\n<li>All motors have thermal protection &#8211; Manufactured according to EN1493: Automatic determination of the phases<\/li>\n<li>There are no interfering lines in the work area under the vehicle<\/li>\n<li>Adjustable wheel fork or easily attachable wheel support adapters available<\/li>\n<li>Plug connection with electric cable from mobile column to mobile column permits short setup times<\/li>\n<li>Self-braking gear motor connected directly to the lift spindle<\/li>\n<li>The lift truck steel rollers are equipped with self-lubricating, maintenance-free bearings<\/li>\n<\/ul>\n","protected":false},"excerpt":{"rendered":"<p>4 x 2.5 t, electromechanical, cable-bound, lift spindle, mobile, ideal for light commercial vehicles and mobile home<\/p>\n","protected":false},"featured_media":37901,"template":"","meta":[],"product_brand":[],"product_cat":[58230],"product_tag":[58372,58321,58338,58474],"product_approvals":[],"product_application":[],"class_list":{"0":"post-155436","1":"product","2":"type-product","3":"status-publish","4":"has-post-thumbnail","6":"product_cat-mobile-column-lifts-en","7":"product_tag-buses-en","8":"product_tag-light-commercial-en","9":"product_tag-motor-homes-en","10":"product_tag-trailer-en","12":"first","13":"instock","14":"shipping-taxable","15":"product-type-simple"},"approvals":[],"application":[],"brb_media_brochure":[{"id":44123,"url":"https:\/\/dev.codekraft.it\/ravaglioli.it\/wp-content\/uploads\/brb_media\/00509635_mobile-column-lift-rav212nc-br-multi-06-2023-screen.pdf","title":"Mobile column lift rav212nc br multi 06 2023 screen","mpn":"","thumbnail":"https:\/\/dev.codekraft.it\/ravaglioli.it\/wp-content\/uploads\/brb_media\/00509635_mobile-column-lift-rav212nc-br-multi-06-2023-screen-pdf-106x150.png","description":""}],"brb_media_drawing":"","brb_media_manuals":"","brb_media_safety_datasheets":"","brb_media_spare_parts":[],"_cdmm_p_id":"502889","_company":"Ravaglioli","_gtin":"","accessories":[{"id":155426,"mpn":"S260A1","name":"Support trestle","description":"7500 kg, 1330 - 2030 mm, height adjustable in 7 x 100 mm steps, 2 castors, U-bracket | Grey (RAL 7040)","thumbnail":"https:\/\/dev.codekraft.it\/ravaglioli.it\/wp-content\/uploads\/brb_media\/00535518_mobile-columns-s260a1-mi-150x150.png","url":"https:\/\/dev.codekraft.it\/ravaglioli.it\/product\/support-trestle-3\/"},{"id":152044,"mpn":"S270A1","name":"Support trestle","description":"10000 kg, 1235 - 2040 mm, height adjustable in 6 x 100 mm steps, additionally with infinitely adjustable upper part (115 mm), 2 rollers, U-shaped holder and prismatic holder (interchangeable) | Grey (RAL 7040)","thumbnail":"https:\/\/dev.codekraft.it\/ravaglioli.it\/wp-content\/uploads\/brb_media\/00535519_mobile-columns-s270a1-mi-150x150.png","url":"https:\/\/dev.codekraft.it\/ravaglioli.it\/product\/support-trestle\/"},{"id":152274,"mpn":"S270A2","name":"Support trestle","description":"10000 kg, 1235 - 2040 mm, height adjustable in 6 x 100 mm steps, additionally with infinitely adjustable upper part (115 mm), 3 springy wheels, U-shaped holder and prismatic holder (interchangeable), ready assembled | Grey (RAL 7040)","thumbnail":"https:\/\/dev.codekraft.it\/ravaglioli.it\/wp-content\/uploads\/brb_media\/00535520_mobile-columns-s270a2-mi-150x150.png","url":"https:\/\/dev.codekraft.it\/ravaglioli.it\/product\/support-trestle-2\/"},{"id":153124,"mpn":"S270A3","name":"Wheel fork reduction for mobile column lifts | tires \u00d8 900 &#8211; 800 mm","description":"Reduction of the wheel fork for tires from \u00d8 900 mm to \u00d8 800 mm | 1 piece\/per column","thumbnail":"https:\/\/dev.codekraft.it\/ravaglioli.it\/wp-content\/uploads\/brb_media\/00535684_mobile-columns-s270a3-mi-150x150.png","url":"https:\/\/dev.codekraft.it\/ravaglioli.it\/product\/wheel-fork-reduction-for-mobile-column-lifts-tires-o-900-800-mm\/"},{"id":153118,"mpn":"S270A8","name":"Wheel fork reduction for mobile column lifts | tires \u00d8 700 &#8211; 500 mm","description":"Reduction of the wheel fork for tires from \u00d8 700 mm to \u00d8 500 mm | 1 piece\/per column","thumbnail":"https:\/\/dev.codekraft.it\/ravaglioli.it\/wp-content\/uploads\/brb_media\/00535683_mobile-columns-s270a4-s270a8-mi-150x150.png","url":"https:\/\/dev.codekraft.it\/ravaglioli.it\/product\/wheel-fork-reduction-for-mobile-column-lifts-tires-o-700-500-mm\/"},{"id":153592,"mpn":"S210A2\/S","name":"Hydraulic lifting drawbar for ArtisLift MRG-55","description":"Hydraulic towing jack, factory assembled instead of the standard mechanical drawbar | 1 piece","thumbnail":"https:\/\/dev.codekraft.it\/ravaglioli.it\/wp-content\/uploads\/brb_media\/00380370_mobile-column-lift-artislift-hydraulic-drawbar-di-150x150.png","url":"https:\/\/dev.codekraft.it\/ravaglioli.it\/product\/hydraulic-lifting-drawbar-for-artislift-mrg-55\/"},{"id":155943,"mpn":"S270A4","name":"Wheel fork reduction for mobile column lifts | tires \u00d8 800 &#8211; 700 mm","description":"Reduction of the wheel fork for tires from \u00d8 800 mm to \u00d8 700 mm | 1 piece\/per column","thumbnail":"https:\/\/dev.codekraft.it\/ravaglioli.it\/wp-content\/uploads\/brb_media\/00535683_mobile-columns-s270a4-s270a8-mi-150x150.png","url":"https:\/\/dev.codekraft.it\/ravaglioli.it\/product\/wheel-fork-reduction-for-mobile-column-lifts-tires-o-800-700-mm\/"},{"id":155949,"mpn":"S270A5","name":"Wheel fork extension for ArtisLift MRG55","description":"Length approx. 123 mm | load capacity is reduced to 5 t | 1 set (for 1 wheel gripper)","thumbnail":"https:\/\/dev.codekraft.it\/ravaglioli.it\/wp-content\/uploads\/brb_media\/00535685_mobile-columns-s270a5-mi-150x150.png","url":"https:\/\/dev.codekraft.it\/ravaglioli.it\/product\/wheel-fork-extension-for-artislift-mrg55\/"}],"components":[],"delivery":[],"package":[],"related":[],"similar":[{"id":155308,"mpn":"RAV212N","name":"Mobile column lift RAV212N","description":"4 x 3.0 t, electromechanical, cable-bound, lift spindle, mobile, ideal for transporter and mobile home","thumbnail":"https:\/\/dev.codekraft.it\/ravaglioli.it\/wp-content\/uploads\/brb_media\/00509636_mobile-column-lift-rav212nc-mi-150x150.png","url":"https:\/\/dev.codekraft.it\/ravaglioli.it\/product\/mobile-column-lift-rav212n\/"},{"id":155591,"mpn":"RAV222NL","name":"Mobile column lift RAV222NL","description":"4 x 4.0 t, electromechanical, cable-bound, lift spindle, mobile, ideal for passenger car, transporter and mobile home","thumbnail":"https:\/\/dev.codekraft.it\/ravaglioli.it\/wp-content\/uploads\/brb_media\/00509636_mobile-column-lift-rav212nc-mi-150x150.png","url":"https:\/\/dev.codekraft.it\/ravaglioli.it\/product\/mobile-column-lift-rav222nl\/"},{"id":155688,"mpn":"RAV232NL","name":"Mobile column lift RAV232NL","description":"4 x 5.5 t, electromechanical, cable-bound, lift spindle, mobile, ideal for passenger car, transporter and mobile home","thumbnail":"https:\/\/dev.codekraft.it\/ravaglioli.it\/wp-content\/uploads\/brb_media\/00509636_mobile-column-lift-rav212nc-mi-150x150.png","url":"https:\/\/dev.codekraft.it\/ravaglioli.it\/product\/mobile-column-lift-rav232nl\/"}],"page_logo_src":"https:\/\/dev.codekraft.it\/ravaglioli.it\/wp-content\/uploads\/2026\/04\/rav-negative-logo-1.png","lang":"en","translations":{"en":155436,"de":155575,"fr":155576,"it":155577,"es":155580,"ru":155584},"pll_sync_post":[],"_links":{"self":[{"href":"https:\/\/dev.codekraft.it\/ravaglioli.it\/wp-json\/wp\/v2\/product\/155436","targetHints":{"allow":["GET"]}}],"collection":[{"href":"https:\/\/dev.codekraft.it\/ravaglioli.it\/wp-json\/wp\/v2\/product"}],"about":[{"href":"https:\/\/dev.codekraft.it\/ravaglioli.it\/wp-json\/wp\/v2\/types\/product"}],"wp:featuredmedia":[{"embeddable":true,"href":"https:\/\/dev.codekraft.it\/ravaglioli.it\/wp-json\/wp\/v2\/media\/37901"}],"wp:attachment":[{"href":"https:\/\/dev.codekraft.it\/ravaglioli.it\/wp-json\/wp\/v2\/media?parent=155436"}],"wp:term":[{"taxonomy":"product_brand","embeddable":true,"href":"https:\/\/dev.codekraft.it\/ravaglioli.it\/wp-json\/wp\/v2\/product_brand?post=155436"},{"taxonomy":"product_cat","embeddable":true,"href":"https:\/\/dev.codekraft.it\/ravaglioli.it\/wp-json\/wp\/v2\/product_cat?post=155436"},{"taxonomy":"product_tag","embeddable":true,"href":"https:\/\/dev.codekraft.it\/ravaglioli.it\/wp-json\/wp\/v2\/product_tag?post=155436"},{"taxonomy":"product_approvals","embeddable":true,"href":"https:\/\/dev.codekraft.it\/ravaglioli.it\/wp-json\/wp\/v2\/product_approvals?post=155436"},{"taxonomy":"product_application","embeddable":true,"href":"https:\/\/dev.codekraft.it\/ravaglioli.it\/wp-json\/wp\/v2\/product_application?post=155436"}],"curies":[{"name":"wp","href":"https:\/\/api.w.org\/{rel}","templated":true}]}}