{"id":155294,"date":"2025-12-11T10:11:40","date_gmt":"2025-12-11T10:11:40","guid":{"rendered":"https:\/\/dev.codekraft.it\/ravaglioli.it\/product\/extension-de-la-horquilla-de-la-rueda-150-mm-2\/"},"modified":"2026-01-14T19:56:59","modified_gmt":"2026-01-14T19:56:59","slug":"extension-de-la-horquilla-de-la-rueda-150-mm-2","status":"publish","type":"product","link":"https:\/\/dev.codekraft.it\/ravaglioli.it\/es\/product\/extension-de-la-horquilla-de-la-rueda-150-mm-2\/","title":{"rendered":"Extensi\u00f3n de la horquilla de la rueda 150 mm"},"content":{"rendered":"<p><strong>Alcance de la entrega:<\/strong><\/p>\n<ul>\n<li>2x horquillas de rueda 150 mm m\u00e1s largas<\/li>\n<li>2x extensiones del marco base<\/li>\n<\/ul>\n","protected":false},"excerpt":{"rendered":"<p>Ideal para el soporte, por ejemplo, autocaravanas con las ruedas detr\u00e1s de la carrocer\u00eda, incl. horquillas de rueda y extensiones del marco base | reducci\u00f3n de la capacidad de carga a 4 t | 1 juego (para 1 pinza de rueda)<\/p>\n","protected":false},"featured_media":151133,"template":"","meta":[],"product_brand":[],"product_cat":[58248],"product_tag":[],"product_approvals":[],"product_application":[],"class_list":{"0":"post-155294","1":"product","2":"type-product","3":"status-publish","4":"has-post-thumbnail","6":"product_cat-accesorios-elevadores-de-columna-moviles-es","8":"first","9":"instock","10":"shipping-taxable","11":"product-type-simple"},"approvals":[],"application":[],"brb_media_brochure":"","brb_media_drawing":"","brb_media_manuals":"","brb_media_safety_datasheets":"","brb_media_spare_parts":[],"_cdmm_p_id":"497206","_company":"VSG","_gtin":"4057612741377","accessories":[],"components":[],"delivery":[],"package":[],"related":[],"similar":[],"page_logo_src":"https:\/\/dev.codekraft.it\/ravaglioli.it\/wp-content\/uploads\/2026\/04\/rav-negative-logo-1.png","lang":"es","translations":{"es":155294,"en":155290,"de":155291,"fr":155292,"it":155293,"ru":155295},"pll_sync_post":[],"_links":{"self":[{"href":"https:\/\/dev.codekraft.it\/ravaglioli.it\/wp-json\/wp\/v2\/product\/155294","targetHints":{"allow":["GET"]}}],"collection":[{"href":"https:\/\/dev.codekraft.it\/ravaglioli.it\/wp-json\/wp\/v2\/product"}],"about":[{"href":"https:\/\/dev.codekraft.it\/ravaglioli.it\/wp-json\/wp\/v2\/types\/product"}],"wp:featuredmedia":[{"embeddable":true,"href":"https:\/\/dev.codekraft.it\/ravaglioli.it\/wp-json\/wp\/v2\/media\/151133"}],"wp:attachment":[{"href":"https:\/\/dev.codekraft.it\/ravaglioli.it\/wp-json\/wp\/v2\/media?parent=155294"}],"wp:term":[{"taxonomy":"product_brand","embeddable":true,"href":"https:\/\/dev.codekraft.it\/ravaglioli.it\/wp-json\/wp\/v2\/product_brand?post=155294"},{"taxonomy":"product_cat","embeddable":true,"href":"https:\/\/dev.codekraft.it\/ravaglioli.it\/wp-json\/wp\/v2\/product_cat?post=155294"},{"taxonomy":"product_tag","embeddable":true,"href":"https:\/\/dev.codekraft.it\/ravaglioli.it\/wp-json\/wp\/v2\/product_tag?post=155294"},{"taxonomy":"product_approvals","embeddable":true,"href":"https:\/\/dev.codekraft.it\/ravaglioli.it\/wp-json\/wp\/v2\/product_approvals?post=155294"},{"taxonomy":"product_application","embeddable":true,"href":"https:\/\/dev.codekraft.it\/ravaglioli.it\/wp-json\/wp\/v2\/product_application?post=155294"}],"curies":[{"name":"wp","href":"https:\/\/api.w.org\/{rel}","templated":true}]}}