{"id":155249,"date":"2025-10-30T14:31:24","date_gmt":"2025-10-30T14:31:24","guid":{"rendered":"https:\/\/dev.codekraft.it\/ravaglioli.it\/product\/pont-elevateur-a-ciseaux-vertical-rav8055-5-60isi\/"},"modified":"2026-01-14T21:53:21","modified_gmt":"2026-01-14T21:53:21","slug":"pont-elevateur-a-ciseaux-vertical-rav8055-5-60isi","status":"publish","type":"product","link":"https:\/\/dev.codekraft.it\/ravaglioli.it\/fr\/product\/pont-elevateur-a-ciseaux-vertical-rav8055-5-60isi\/","title":{"rendered":"Pont \u00e9l\u00e9vateur \u00e0 ciseaux vertical RAV8055.5.60ISI"},"content":{"rendered":"<ul>\n<li>El\u00e9vateur pour g\u00e9om\u00e9trie avec plaques \u00e0 jeux<\/li>\n<li>Chemins de roulement pour g\u00e9om\u00e9trie\u00a0totale, avec logements avant pour\u00a0plateaux pivotants et plans mobiles\u00a0arri\u00e8re<\/li>\n<li>Plaques \u00e0 jeux avec 8\u00a0mouvements (conforme \u00e0 la norme 2014\/45EU) et avec \u00e9l\u00e9vateur int\u00e9gr\u00e9<\/li>\n<li>Tous les ponts \u00e9l\u00e9vateurs peuvent \u00eatre fournis en version au-dessus du sol<\/li>\n<\/ul>\n","protected":false},"excerpt":{"rendered":"<p>5,5 t, \u00e9lectrohydraulique, longueur de plateforme 6000 mm, avec clavette de s\u00e9curit\u00e9, plaques \u00e0 jeux, traverse de levage et alignement de roues, sous le sol<\/p>\n","protected":false},"featured_media":44103,"template":"","meta":[],"product_brand":[],"product_cat":[58170],"product_tag":[58343,58326,58290],"product_approvals":[],"product_application":[],"class_list":{"0":"post-155249","1":"product","2":"type-product","3":"status-publish","4":"has-post-thumbnail","6":"product_cat-ponts-elevateurs-a-ciseaux-fr","7":"product_tag-motor-homes-fr","8":"product_tag-light-commercial-fr","9":"product_tag-passenger-cars-fr","11":"first","12":"instock","13":"shipping-taxable","14":"product-type-simple"},"approvals":[],"application":[],"brb_media_brochure":[{"id":155241,"url":"https:\/\/dev.codekraft.it\/ravaglioli.it\/wp-content\/uploads\/brb_media\/00521679_scissor-lifts-rav8055_8065-br-multi-2023-09-screen.pdf","title":"Scissor Lifts RAV8055 8065 BR multi 2023 09 screen","mpn":"","thumbnail":"https:\/\/dev.codekraft.it\/ravaglioli.it\/wp-content\/uploads\/brb_media\/00521679_scissor-lifts-rav8055_8065-br-multi-2023-09-screen-pdf-106x150.png","description":""}],"brb_media_drawing":"","brb_media_manuals":"","brb_media_safety_datasheets":"","brb_media_spare_parts":[],"_cdmm_p_id":"502876","_company":"Ravaglioli","_gtin":"5063084196811","accessories":[{"id":153012,"mpn":"S8000A1","name":"Supports pour g\u00e9om\u00e9trie 3D","description":"1 jeu \/ 2 pi\u00e8ces","thumbnail":"","url":"https:\/\/dev.codekraft.it\/ravaglioli.it\/fr\/product\/supports-pour-geometrie-3d\/"},{"id":152191,"mpn":"S505A2","name":"Traverses pour XS30-CAT","description":"Pour v\u00e9hicules tout-terrain | 1 jeu \/ 2 pi\u00e8ces","thumbnail":"https:\/\/dev.codekraft.it\/ravaglioli.it\/wp-content\/uploads\/brb_media\/00509455_scissor-lift-s505a2-mi-150x150.png","url":"https:\/\/dev.codekraft.it\/ravaglioli.it\/fr\/product\/traverses-pour-xs30-cat\/"},{"id":153198,"mpn":"S505A7","name":"Tampons en caoutchouc","description":"20 mm | adapt\u00e9 pour RAV.640N1.193391, RAV.650N1.193742, RAV.650N2.193858, RAV.650N2.193520, RAV.650N2.193667, RAV.650N6.193964, RAV.650N5.193902, RAV.660N2.193360, RAV.650N5.193018, RAV.650N6.193025, RAV.640N5.193049, RAV.640N4.192998, RAV.640N3.192981, RAV.650N2.193384 et RAV.650N5.193919 | 1 jeu \/ 4 pi\u00e8ces","thumbnail":"https:\/\/dev.codekraft.it\/ravaglioli.it\/wp-content\/uploads\/brb_media\/00509683_s505a7-mi-150x150.png","url":"https:\/\/dev.codekraft.it\/ravaglioli.it\/fr\/product\/tampons-en-caoutchouc-2\/"},{"id":153210,"mpn":"S505A6","name":"Tampons en caoutchouc","description":"40 mm | adapt\u00e9 pour RAV.640N1.193391, RAV.650N1.193742, RAV.650N2.193858, RAV.650N2.193520, RAV.650N2.193667, RAV.650N6.193964, RAV.650N5.193902, RAV.660N2.193360, RAV.650N5.193018, RAV.650N6.193025, RAV.640N5.193049, RAV.640N4.192998, RAV.640N3.192981, RAV.650N2.193384 et RAV.650N5.193919 | 1 jeu \/ 4 pi\u00e8ces","thumbnail":"https:\/\/dev.codekraft.it\/ravaglioli.it\/wp-content\/uploads\/brb_media\/00509684_s505a6-mi-150x150.png","url":"https:\/\/dev.codekraft.it\/ravaglioli.it\/fr\/product\/tampons-en-caoutchouc-4\/"},{"id":153216,"mpn":"S505A9","name":"Tampons en caoutchouc","description":"60 mm | adapt\u00e9 pour RAV.640N1.193391, RAV.650N1.193742, RAV.650N6.193964, RAV.660N2.193360, RAV.650N6.193025, RAV.640N5.193049 et RAV.640N4.192998 | 1 jeu \/ 4 pi\u00e8ces","thumbnail":"https:\/\/dev.codekraft.it\/ravaglioli.it\/wp-content\/uploads\/brb_media\/00509685_s505a9-mi-150x150.png","url":"https:\/\/dev.codekraft.it\/ravaglioli.it\/fr\/product\/tampons-en-caoutchouc-5\/"},{"id":153192,"mpn":"S505A5","name":"Tampons en caoutchouc","description":"120 mm | adapt\u00e9 pour RAV.640N1.193391, RAV.650N1.193742, RAV.650N2.193858, RAV.650N2.193520, RAV.650N2.193667, RAV.650N6.193964, RAV.650N5.193902, RAV.660N2.193360, RAV.650N5.193018, RAV.650N6.193025, RAV.640N5.193049, RAV.640N4.192998, RAV.640N3.192981, RAV.650N2.193384 et RAV.650N5.193919 | 1 jeu \/ 4 pi\u00e8ces","thumbnail":"https:\/\/dev.codekraft.it\/ravaglioli.it\/wp-content\/uploads\/brb_media\/00509685_s505a9-mi-150x150.png","url":"https:\/\/dev.codekraft.it\/ravaglioli.it\/fr\/product\/tampons-en-caoutchouc\/"},{"id":153204,"mpn":"S505A1","name":"Tampons en caoutchouc","description":"200 mm | adapt\u00e9 pour RAV.640N1.193391, RAV.650N1.193742, RAV.650N2.193858, RAV.650N2.193520, RAV.650N2.193667, RAV.650N6.193964, RAV.650N5.193902, RAV.660N2.193360, RAV.650N5.193018, RAV.650N6.193025, RAV.640N5.193049, RAV.640N4.192998, RAV.640N3.192981, RAV.650N2.193384 et RAV.650N5.193919 | 1 jeu \/ 4 pi\u00e8ces","thumbnail":"https:\/\/dev.codekraft.it\/ravaglioli.it\/wp-content\/uploads\/brb_media\/00507088_s505a1-150x150.png","url":"https:\/\/dev.codekraft.it\/ravaglioli.it\/fr\/product\/tampons-en-caoutchouc-3\/"}],"components":[],"delivery":[],"package":[],"related":[],"similar":[{"id":155243,"mpn":"RAV.80552.196736","name":"Pont \u00e9l\u00e9vateur \u00e0 ciseaux vertical RAV8055.2.54ISI","description":"5,5 t, \u00e9lectrohydraulique, longueur de plateforme 5400 mm, avec clavette de s\u00e9curit\u00e9 et alignement de roues, sous le sol","thumbnail":"https:\/\/dev.codekraft.it\/ravaglioli.it\/wp-content\/uploads\/brb_media\/00509604_vertical-scissor-lift-rav8055-2-54-mi-150x150.png","url":"https:\/\/dev.codekraft.it\/ravaglioli.it\/fr\/product\/pont-elevateur-a-ciseaux-vertical-rav8055-2-54isi\/"},{"id":155304,"mpn":"RAV.80652.196910","name":"Pont \u00e9l\u00e9vateur \u00e0 ciseaux vertical RAV8065.2.60ISI","description":"6,5 t, \u00e9lectrohydraulique, longueur de plateforme 6000 mm, avec clavette de s\u00e9curit\u00e9 et alignement de roues, sous le sol","thumbnail":"https:\/\/dev.codekraft.it\/ravaglioli.it\/wp-content\/uploads\/brb_media\/00509633_vertical-scissor-lift-rav8065-1-60-mi-150x150.png","url":"https:\/\/dev.codekraft.it\/ravaglioli.it\/fr\/product\/pont-elevateur-a-ciseaux-vertical-rav8065-2-60isi\/"}],"page_logo_src":"https:\/\/dev.codekraft.it\/ravaglioli.it\/wp-content\/uploads\/2026\/04\/rav-negative-logo-1.png","lang":"fr","translations":{"fr":155249,"en":155247,"de":155248,"it":155250,"es":155251,"ru":155252},"pll_sync_post":[],"_links":{"self":[{"href":"https:\/\/dev.codekraft.it\/ravaglioli.it\/wp-json\/wp\/v2\/product\/155249","targetHints":{"allow":["GET"]}}],"collection":[{"href":"https:\/\/dev.codekraft.it\/ravaglioli.it\/wp-json\/wp\/v2\/product"}],"about":[{"href":"https:\/\/dev.codekraft.it\/ravaglioli.it\/wp-json\/wp\/v2\/types\/product"}],"wp:featuredmedia":[{"embeddable":true,"href":"https:\/\/dev.codekraft.it\/ravaglioli.it\/wp-json\/wp\/v2\/media\/44103"}],"wp:attachment":[{"href":"https:\/\/dev.codekraft.it\/ravaglioli.it\/wp-json\/wp\/v2\/media?parent=155249"}],"wp:term":[{"taxonomy":"product_brand","embeddable":true,"href":"https:\/\/dev.codekraft.it\/ravaglioli.it\/wp-json\/wp\/v2\/product_brand?post=155249"},{"taxonomy":"product_cat","embeddable":true,"href":"https:\/\/dev.codekraft.it\/ravaglioli.it\/wp-json\/wp\/v2\/product_cat?post=155249"},{"taxonomy":"product_tag","embeddable":true,"href":"https:\/\/dev.codekraft.it\/ravaglioli.it\/wp-json\/wp\/v2\/product_tag?post=155249"},{"taxonomy":"product_approvals","embeddable":true,"href":"https:\/\/dev.codekraft.it\/ravaglioli.it\/wp-json\/wp\/v2\/product_approvals?post=155249"},{"taxonomy":"product_application","embeddable":true,"href":"https:\/\/dev.codekraft.it\/ravaglioli.it\/wp-json\/wp\/v2\/product_application?post=155249"}],"curies":[{"name":"wp","href":"https:\/\/api.w.org\/{rel}","templated":true}]}}