{"id":154766,"date":"2025-12-11T10:11:41","date_gmt":"2025-12-11T10:11:41","guid":{"rendered":"https:\/\/dev.codekraft.it\/ravaglioli.it\/product\/aggregatplatte-mit-tragarmen-ga-p-porsche\/"},"modified":"2026-01-14T19:55:08","modified_gmt":"2026-01-14T19:55:08","slug":"aggregatplatte-mit-tragarmen-ga-p-porsche","status":"publish","type":"product","link":"https:\/\/dev.codekraft.it\/ravaglioli.it\/de\/product\/aggregatplatte-mit-tragarmen-ga-p-porsche\/","title":{"rendered":"Aggregatplatte mit Tragarmen GA P (Porsche)"},"content":{"rendered":"<ul>\n<li>Ausziehbare Tragarme mit integrierten Gewindespindeln und zahlreiche Abst\u00fctzkomponenten erm\u00f6glichen die einfache Anpassung an unterschiedliche Aufnahmeanforderungen<\/li>\n<li>Ma\u00dfe min. 410 x 460 mm, Ma\u00dfe max. 1110 x 1160 mm<\/li>\n<\/ul>\n<p><strong>Lieferumfang:<\/strong><\/p>\n<ul>\n<li>Aggregateplatte mit 4 Tragarmen und integrierten\u00a0Gewindespindeln<\/li>\n<li>je 4 St\u00fcck Aufnahme U 120, U 80, U 35<\/li>\n<li>Gummi-Tragteller<\/li>\n<li>Verl\u00e4ngerung f\u00fcr Gewindespindel 120 mm sowie 2 St\u00fcck Kette 1000 mm<\/li>\n<\/ul>\n","protected":false},"excerpt":{"rendered":"<p>Besonders vielf\u00e4ltig einsetzbare Aggregatplatte zum Aus- und Einbau von Motoren, Getrieben, Achsen, Abgasanlagen etc.<\/p>\n","protected":false},"featured_media":113280,"template":"","meta":[],"product_brand":[],"product_cat":[58],"product_tag":[58287],"product_approvals":[],"product_application":[],"class_list":{"0":"post-154766","1":"product","2":"type-product","3":"status-publish","4":"has-post-thumbnail","6":"product_cat-uncategorized-de","7":"product_tag-passenger-cars-de","9":"first","10":"instock","11":"shipping-taxable","12":"product-type-simple"},"approvals":[],"application":[],"brb_media_brochure":[{"id":148928,"url":"https:\/\/dev.codekraft.it\/ravaglioli.it\/wp-content\/uploads\/brb_media\/00527943_special-tools-br-06-24-de-2024-06-screen.pdf","title":"Special tools BR 06 24 de 2024 06 screen","mpn":"","thumbnail":"https:\/\/dev.codekraft.it\/ravaglioli.it\/wp-content\/uploads\/brb_media\/00527943_special-tools-br-06-24-de-2024-06-screen-pdf-106x150.png","description":""},{"id":148929,"url":"https:\/\/dev.codekraft.it\/ravaglioli.it\/wp-content\/uploads\/brb_media\/00527944_special-tools-br-06-24-en-2024-06-screen.pdf","title":"Special tools BR 06 24 en 2024 06 screen","mpn":"","thumbnail":"https:\/\/dev.codekraft.it\/ravaglioli.it\/wp-content\/uploads\/brb_media\/00527944_special-tools-br-06-24-en-2024-06-screen-pdf-106x150.png","description":""}],"brb_media_drawing":"","brb_media_manuals":"","brb_media_safety_datasheets":"","brb_media_spare_parts":[],"_cdmm_p_id":"331","_company":"VSG","_gtin":"4057612017632","accessories":[],"components":[],"delivery":[],"package":[],"related":[],"similar":[],"page_logo_src":"https:\/\/dev.codekraft.it\/ravaglioli.it\/wp-content\/uploads\/2026\/04\/rav-negative-logo-1.png","lang":"de","translations":{"de":154766,"en":154765,"fr":154767,"it":154768,"es":154769,"ru":154770},"pll_sync_post":[],"_links":{"self":[{"href":"https:\/\/dev.codekraft.it\/ravaglioli.it\/wp-json\/wp\/v2\/product\/154766","targetHints":{"allow":["GET"]}}],"collection":[{"href":"https:\/\/dev.codekraft.it\/ravaglioli.it\/wp-json\/wp\/v2\/product"}],"about":[{"href":"https:\/\/dev.codekraft.it\/ravaglioli.it\/wp-json\/wp\/v2\/types\/product"}],"wp:featuredmedia":[{"embeddable":true,"href":"https:\/\/dev.codekraft.it\/ravaglioli.it\/wp-json\/wp\/v2\/media\/113280"}],"wp:attachment":[{"href":"https:\/\/dev.codekraft.it\/ravaglioli.it\/wp-json\/wp\/v2\/media?parent=154766"}],"wp:term":[{"taxonomy":"product_brand","embeddable":true,"href":"https:\/\/dev.codekraft.it\/ravaglioli.it\/wp-json\/wp\/v2\/product_brand?post=154766"},{"taxonomy":"product_cat","embeddable":true,"href":"https:\/\/dev.codekraft.it\/ravaglioli.it\/wp-json\/wp\/v2\/product_cat?post=154766"},{"taxonomy":"product_tag","embeddable":true,"href":"https:\/\/dev.codekraft.it\/ravaglioli.it\/wp-json\/wp\/v2\/product_tag?post=154766"},{"taxonomy":"product_approvals","embeddable":true,"href":"https:\/\/dev.codekraft.it\/ravaglioli.it\/wp-json\/wp\/v2\/product_approvals?post=154766"},{"taxonomy":"product_application","embeddable":true,"href":"https:\/\/dev.codekraft.it\/ravaglioli.it\/wp-json\/wp\/v2\/product_application?post=154766"}],"curies":[{"name":"wp","href":"https:\/\/api.w.org\/{rel}","templated":true}]}}