{"id":154683,"date":"2025-09-08T09:01:42","date_gmt":"2025-09-08T08:01:42","guid":{"rendered":"https:\/\/dev.codekraft.it\/ravaglioli.it\/product\/carrello-di-trasporto-per-ruote-gr20-easy-lift\/"},"modified":"2026-01-14T21:45:19","modified_gmt":"2026-01-14T21:45:19","slug":"carrello-di-trasporto-per-ruote-gr20-easy-lift","status":"publish","type":"product","link":"https:\/\/dev.codekraft.it\/ravaglioli.it\/it\/product\/carrello-di-trasporto-per-ruote-gr20-easy-lift\/","title":{"rendered":"Carrello di trasporto per ruote GR20 | Easy Lift"},"content":{"rendered":"<p>Il GR20 Wheel Trolley Easy Lift \u00e8 la nostra nuovissima invenzione. \u00c8 la variante pi\u00f9 ergonomica della nostra gamma di carrelli.<\/p>\n<ul>\n<li>\u00c8 un passeggino rialzato che utilizza molle per alzarsi e abbassarsi a seconda del carico: una caratteristica geniale se vuoi risparmiarti il \u200b\u200bsollevamento di carichi pesanti e alleggerire le ginocchia e la schiena.<\/li>\n<li>Si tratta di un Wheel Trolley rialzato che, con l&#8217;ausilio di molle, si alza e si abbassa in relazione al carico &#8211;\u00a0Una caratteristica geniale, quando desideri risparmiarti per il sollevamento di carichi pesanti e alleviare le ginocchia e la schiena.<\/li>\n<li>Il carrello \u00e8 destinato a 4 ruote e pu\u00f2 essere utilizzato, tra l&#8217;altro,\n<ul>\n<li>per il montaggio e lo smontaggio delle ruote.<\/li>\n<li>per l&#8217;uso su cavalletti per pneumatici.<\/li>\n<li>per il trasporto ergonomico allo smontagomme.<\/li>\n<\/ul>\n<\/li>\n<li>Con un piccolo investimento, il carrello a ruote Easy Lift pu\u00f2 migliorare notevolmente l&#8217;ergonomia dell&#8217;ambiente di lavoro durante la movimentazione dei pneumatici.<\/li>\n<\/ul>\n<ul>\n<li>Regola l\u2019altezza in relazione al carico<\/li>\n<li>Progettato per 4 ruote<\/li>\n<li>Fornito con freni sulle ruote su 2 ruote<\/li>\n<li>Migliora l\u2019ergonomia quando si maneggiano i pneumatici<\/li>\n<li>Impilabile fino a 4 pezzi, in questo modo i 2 inferiori si piegano insieme<\/li>\n<\/ul>\n","protected":false},"excerpt":{"rendered":"<p>Con Regolazione automatica dell&#8217;altezza in relazione al carico | capacit\u00e0 di sollevamento 180 kg<\/p>\n","protected":false},"featured_media":43826,"template":"","meta":[],"product_brand":[],"product_cat":[58130],"product_tag":[58293,58329],"product_approvals":[],"product_application":[],"class_list":{"0":"post-154683","1":"product","2":"type-product","3":"status-publish","4":"has-post-thumbnail","6":"product_cat-attrezzature-per-servizio-gomme-it","7":"product_tag-passenger-cars-it","8":"product_tag-light-commercial-it","10":"first","11":"instock","12":"shipping-taxable","13":"product-type-simple"},"approvals":[],"application":[],"brb_media_brochure":[{"id":38194,"url":"https:\/\/dev.codekraft.it\/ravaglioli.it\/wp-content\/uploads\/brb_media\/00509486_wheel-lifts-gr80ws-gr20-gar324-325-br-multi-2023-05-screen.pdf","title":"Wheel lifts GR80WS GR20 GAR324 325 BR multi 2023 05 screen","mpn":"","thumbnail":"https:\/\/dev.codekraft.it\/ravaglioli.it\/wp-content\/uploads\/brb_media\/00509486_wheel-lifts-gr80ws-gr20-gar324-325-br-multi-2023-05-screen-pdf-106x150.png","description":""}],"brb_media_drawing":"","brb_media_manuals":"","brb_media_safety_datasheets":"","brb_media_spare_parts":[],"_cdmm_p_id":"502810","_company":"Ravaglioli","_gtin":"4057612811995","accessories":[],"components":[],"delivery":[],"package":[],"related":[],"similar":[{"id":154677,"mpn":"GR80WS","name":"Carrello per montaggio ruote GR80WS","description":"Funzionamento con accumulatore, portata 80 kg","thumbnail":"https:\/\/dev.codekraft.it\/ravaglioli.it\/wp-content\/uploads\/brb_media\/00509488_wheel-lift-gr80ws-mi-150x150.png","url":"https:\/\/dev.codekraft.it\/ravaglioli.it\/it\/product\/carrello-per-montaggio-ruote-gr80ws\/"},{"id":155360,"mpn":"GAR324","name":"Sollevatore ruote con bilanciamento automatico del peso ruota","description":"80 kg, autovettura","thumbnail":"https:\/\/dev.codekraft.it\/ravaglioli.it\/wp-content\/uploads\/brb_media\/00509271_wheel-balancer-gar324-mi-150x150.png","url":"https:\/\/dev.codekraft.it\/ravaglioli.it\/it\/product\/sollevatore-ruote-con-bilanciamento-automatico-del-peso-ruota\/"},{"id":155348,"mpn":"GAR325","name":"Sollevatore ruote Standard","description":"80 kg, autovettura","thumbnail":"https:\/\/dev.codekraft.it\/ravaglioli.it\/wp-content\/uploads\/brb_media\/00373626_wheel-balancer-standard-wheel-lift-di-150x150.png","url":"https:\/\/dev.codekraft.it\/ravaglioli.it\/it\/product\/sollevatore-ruote-standard\/"}],"page_logo_src":"https:\/\/dev.codekraft.it\/ravaglioli.it\/wp-content\/uploads\/2026\/04\/rav-negative-logo-1.png","lang":"it","translations":{"it":154683,"en":154680,"de":154681,"fr":154682,"es":154684,"ru":154685},"pll_sync_post":[],"_links":{"self":[{"href":"https:\/\/dev.codekraft.it\/ravaglioli.it\/wp-json\/wp\/v2\/product\/154683","targetHints":{"allow":["GET"]}}],"collection":[{"href":"https:\/\/dev.codekraft.it\/ravaglioli.it\/wp-json\/wp\/v2\/product"}],"about":[{"href":"https:\/\/dev.codekraft.it\/ravaglioli.it\/wp-json\/wp\/v2\/types\/product"}],"wp:featuredmedia":[{"embeddable":true,"href":"https:\/\/dev.codekraft.it\/ravaglioli.it\/wp-json\/wp\/v2\/media\/43826"}],"wp:attachment":[{"href":"https:\/\/dev.codekraft.it\/ravaglioli.it\/wp-json\/wp\/v2\/media?parent=154683"}],"wp:term":[{"taxonomy":"product_brand","embeddable":true,"href":"https:\/\/dev.codekraft.it\/ravaglioli.it\/wp-json\/wp\/v2\/product_brand?post=154683"},{"taxonomy":"product_cat","embeddable":true,"href":"https:\/\/dev.codekraft.it\/ravaglioli.it\/wp-json\/wp\/v2\/product_cat?post=154683"},{"taxonomy":"product_tag","embeddable":true,"href":"https:\/\/dev.codekraft.it\/ravaglioli.it\/wp-json\/wp\/v2\/product_tag?post=154683"},{"taxonomy":"product_approvals","embeddable":true,"href":"https:\/\/dev.codekraft.it\/ravaglioli.it\/wp-json\/wp\/v2\/product_approvals?post=154683"},{"taxonomy":"product_application","embeddable":true,"href":"https:\/\/dev.codekraft.it\/ravaglioli.it\/wp-json\/wp\/v2\/product_application?post=154683"}],"curies":[{"name":"wp","href":"https:\/\/api.w.org\/{rel}","templated":true}]}}