{"id":154675,"date":"2025-10-29T09:20:03","date_gmt":"2025-10-29T09:20:03","guid":{"rendered":"https:\/\/dev.codekraft.it\/ravaglioli.it\/product\/radmontagewagen-gr80ws\/"},"modified":"2026-01-14T21:45:13","modified_gmt":"2026-01-14T21:45:13","slug":"radmontagewagen-gr80ws","status":"publish","type":"product","link":"https:\/\/dev.codekraft.it\/ravaglioli.it\/de\/product\/radmontagewagen-gr80ws\/","title":{"rendered":"Radmontagewagen GR80WS"},"content":{"rendered":"<p>Der GR80WS\u00a0ist ein leistungsf\u00e4higes Arbeitsger\u00e4t, welches sich sowohl f\u00fcr die Montage als auch den Transport von R\u00e4dern eignet.<\/p>\n<ul>\n<li>Wartungsfreie Hubspindel<\/li>\n<li>Antrieb \u00fcber einen leistungsf\u00e4higen Elektromotor mit integrierter Sicherheitsbremse<\/li>\n<li>Doppelakku\u00a0erm\u00f6glicht bis zu 100 Hub- und Senkbewegungen<\/li>\n<li>Schnelles Aufladen der Akkus durch das mitgelieferte Universal-Ladekabel<\/li>\n<li>Aufnahmegabel mit 5 F\u00fchrungsrollen<\/li>\n<li>Vier Schwenkrollen und zwei Feststellbremsen sorgen f\u00fcr einen sicheren Stand<\/li>\n<\/ul>\n","protected":false},"excerpt":{"rendered":"<p>Akkubetrieben, Tragf\u00e4higkeit 80 kg<\/p>\n","protected":false},"featured_media":43819,"template":"","meta":[],"product_brand":[],"product_cat":[58106],"product_tag":[58287,58323],"product_approvals":[],"product_application":[],"class_list":{"0":"post-154675","1":"product","2":"type-product","3":"status-publish","4":"has-post-thumbnail","6":"product_cat-reifendienstgerate-de","7":"product_tag-passenger-cars-de","8":"product_tag-light-commercial-de","10":"first","11":"instock","12":"shipping-taxable","13":"product-type-simple"},"approvals":[],"application":[],"brb_media_brochure":[{"id":38194,"url":"https:\/\/dev.codekraft.it\/ravaglioli.it\/wp-content\/uploads\/brb_media\/00509486_wheel-lifts-gr80ws-gr20-gar324-325-br-multi-2023-05-screen.pdf","title":"Wheel lifts GR80WS GR20 GAR324 325 BR multi 2023 05 screen","mpn":"","thumbnail":"https:\/\/dev.codekraft.it\/ravaglioli.it\/wp-content\/uploads\/brb_media\/00509486_wheel-lifts-gr80ws-gr20-gar324-325-br-multi-2023-05-screen-pdf-106x150.png","description":""}],"brb_media_drawing":"","brb_media_manuals":[{"id":154674,"url":"https:\/\/dev.codekraft.it\/ravaglioli.it\/wp-content\/uploads\/brb_media\/00550478_mobile-wheel-lift-gr80ws-rav-om-126053_multi6_2025-03-a.pdf","title":"Mobile Wheel Lift GR80WS RAV OM 126053 multi(6) 2025 03 A","mpn":"","thumbnail":"https:\/\/dev.codekraft.it\/ravaglioli.it\/wp-content\/uploads\/brb_media\/00550478_mobile-wheel-lift-gr80ws-rav-om-126053_multi6_2025-03-a-pdf-106x150.png","description":""}],"brb_media_safety_datasheets":"","brb_media_spare_parts":[],"_cdmm_p_id":"502809","_company":"Ravaglioli","_gtin":"4057612812015","accessories":[],"components":[],"delivery":[],"package":[],"related":[],"similar":[{"id":155358,"mpn":"GAR324","name":"Radheber mit automatischem Gewichtsausgleich","description":"80 kg, Pkw","thumbnail":"https:\/\/dev.codekraft.it\/ravaglioli.it\/wp-content\/uploads\/brb_media\/00509271_wheel-balancer-gar324-mi-150x150.png","url":"https:\/\/dev.codekraft.it\/ravaglioli.it\/de\/product\/radheber-mit-automatischem-gewichtsausgleich\/"},{"id":155346,"mpn":"GAR325","name":"Radheber Standard","description":"80 kg, Pkw","thumbnail":"https:\/\/dev.codekraft.it\/ravaglioli.it\/wp-content\/uploads\/brb_media\/00373626_wheel-balancer-standard-wheel-lift-di-150x150.png","url":"https:\/\/dev.codekraft.it\/ravaglioli.it\/de\/product\/radheber-standard\/"},{"id":154681,"mpn":"GR20","name":"Radwagen GR20 | Easy Lift","description":"Mit automatischer H\u00f6henanpassung an die Last | Tragf\u00e4higkeit 180 kg","thumbnail":"https:\/\/dev.codekraft.it\/ravaglioli.it\/wp-content\/uploads\/brb_media\/00509487_wheel-lift-gr20-mi-150x150.png","url":"https:\/\/dev.codekraft.it\/ravaglioli.it\/de\/product\/radwagen-gr20-easy-lift\/"}],"page_logo_src":"https:\/\/dev.codekraft.it\/ravaglioli.it\/wp-content\/uploads\/2026\/04\/rav-negative-logo-1.png","lang":"de","translations":{"de":154675,"en":154673,"fr":154676,"it":154677,"es":154678,"ru":154679},"pll_sync_post":[],"_links":{"self":[{"href":"https:\/\/dev.codekraft.it\/ravaglioli.it\/wp-json\/wp\/v2\/product\/154675","targetHints":{"allow":["GET"]}}],"collection":[{"href":"https:\/\/dev.codekraft.it\/ravaglioli.it\/wp-json\/wp\/v2\/product"}],"about":[{"href":"https:\/\/dev.codekraft.it\/ravaglioli.it\/wp-json\/wp\/v2\/types\/product"}],"wp:featuredmedia":[{"embeddable":true,"href":"https:\/\/dev.codekraft.it\/ravaglioli.it\/wp-json\/wp\/v2\/media\/43819"}],"wp:attachment":[{"href":"https:\/\/dev.codekraft.it\/ravaglioli.it\/wp-json\/wp\/v2\/media?parent=154675"}],"wp:term":[{"taxonomy":"product_brand","embeddable":true,"href":"https:\/\/dev.codekraft.it\/ravaglioli.it\/wp-json\/wp\/v2\/product_brand?post=154675"},{"taxonomy":"product_cat","embeddable":true,"href":"https:\/\/dev.codekraft.it\/ravaglioli.it\/wp-json\/wp\/v2\/product_cat?post=154675"},{"taxonomy":"product_tag","embeddable":true,"href":"https:\/\/dev.codekraft.it\/ravaglioli.it\/wp-json\/wp\/v2\/product_tag?post=154675"},{"taxonomy":"product_approvals","embeddable":true,"href":"https:\/\/dev.codekraft.it\/ravaglioli.it\/wp-json\/wp\/v2\/product_approvals?post=154675"},{"taxonomy":"product_application","embeddable":true,"href":"https:\/\/dev.codekraft.it\/ravaglioli.it\/wp-json\/wp\/v2\/product_application?post=154675"}],"curies":[{"name":"wp","href":"https:\/\/api.w.org\/{rel}","templated":true}]}}