{"id":154662,"date":"2025-12-04T11:16:40","date_gmt":"2025-12-04T11:16:40","guid":{"rendered":"https:\/\/dev.codekraft.it\/ravaglioli.it\/product\/doppelscheren-hebebuhne-rav540\/"},"modified":"2026-01-14T21:44:55","modified_gmt":"2026-01-14T21:44:55","slug":"doppelscheren-hebebuhne-rav540","status":"publish","type":"product","link":"https:\/\/dev.codekraft.it\/ravaglioli.it\/de\/product\/doppelscheren-hebebuhne-rav540\/","title":{"rendered":"Doppelscheren-Hebeb\u00fchne RAV540"},"content":{"rendered":"<p>Version mit gr\u00f6\u00dferer Tragf\u00e4higkeit und l\u00e4ngerer Aufnahmefl\u00e4che<\/p>\n<ul>\n<li>Mechanische St\u00fctzvorrichtung mit automatischer Einschaltung und pneumatischer Ausschaltung, um eine maximale Sicherheit im aufgehobenen Zustand zu garantieren<\/li>\n<li>Gelenkbolzen mit selbstschmierenden B\u00fcchsen, die keiner Wartung bed\u00fcrfen<\/li>\n<li>Hydraulische Gleichlaufregelung der beiden Fahrschienen, unabh\u00e4ngig von der Lastverteilung, mit patentierter Selbstausgleicheinrichtung<\/li>\n<li>Keine mechanischen Verbindungen zwischen den Fahrschienen (rundum frei)<\/li>\n<li>Verlangsamte Fahrschienengeschwindigkeit beim Abheben und Aufsetzen auf den Fu\u00dfboden<\/li>\n<li>Akustikmelder im untersten Bereich der Absenkbewegung<\/li>\n<li>Stahlgegossene Scherengelenke f\u00fcr maximale Belastung<\/li>\n<\/ul>\n<ul>\n<li>Auffahrh\u00f6he 135 mm<\/li>\n<\/ul>\n","protected":false},"excerpt":{"rendered":"<p>4,0 t, Niedrigprofil (135 mm), elektrohydraulisch, \u00dcberflur<\/p>\n","protected":false},"featured_media":154651,"template":"","meta":[],"product_brand":[],"product_cat":[58098],"product_tag":[58287,63154,58323],"product_approvals":[],"product_application":[],"class_list":{"0":"post-154662","1":"product","2":"type-product","3":"status-publish","4":"has-post-thumbnail","6":"product_cat-doppelscheren-hebebuhnen-de","7":"product_tag-passenger-cars-de","8":"product_tag-quickship-de","9":"product_tag-light-commercial-de","11":"first","12":"instock","13":"shipping-taxable","14":"product-type-simple"},"approvals":[],"application":[],"brb_media_brochure":[{"id":156232,"url":"https:\/\/dev.codekraft.it\/ravaglioli.it\/wp-content\/uploads\/brb_media\/00553169_double-scissor-lifts-rav540-br-de-2025-12.pdf","title":"Double Scissor Lifts RAV540 BR DE 2025 12","mpn":"","thumbnail":"https:\/\/dev.codekraft.it\/ravaglioli.it\/wp-content\/uploads\/brb_media\/00553169_double-scissor-lifts-rav540-br-de-2025-12-pdf-106x150.png","description":""},{"id":156233,"url":"https:\/\/dev.codekraft.it\/ravaglioli.it\/wp-content\/uploads\/brb_media\/00553170_double-scissor-lifts-rav540-br-en-2025-12.pdf","title":"Double Scissor Lifts RAV540 BR EN 2025 12","mpn":"","thumbnail":"https:\/\/dev.codekraft.it\/ravaglioli.it\/wp-content\/uploads\/brb_media\/00553170_double-scissor-lifts-rav540-br-en-2025-12-pdf-106x150.png","description":""},{"id":156234,"url":"https:\/\/dev.codekraft.it\/ravaglioli.it\/wp-content\/uploads\/brb_media\/00553172_double-scissor-lifts-rav540-br-fr-2025-12.pdf","title":"Double Scissor Lifts RAV540 BR FR 2025 12","mpn":"","thumbnail":"https:\/\/dev.codekraft.it\/ravaglioli.it\/wp-content\/uploads\/brb_media\/00553172_double-scissor-lifts-rav540-br-fr-2025-12-pdf-106x150.png","description":""},{"id":156235,"url":"https:\/\/dev.codekraft.it\/ravaglioli.it\/wp-content\/uploads\/brb_media\/00553173_double-scissor-lifts-rav540-br-it-2025-12.pdf","title":"Double Scissor Lifts RAV540 BR IT 2025 12","mpn":"","thumbnail":"https:\/\/dev.codekraft.it\/ravaglioli.it\/wp-content\/uploads\/brb_media\/00553173_double-scissor-lifts-rav540-br-it-2025-12-pdf-106x150.png","description":""},{"id":156236,"url":"https:\/\/dev.codekraft.it\/ravaglioli.it\/wp-content\/uploads\/brb_media\/00553171_double-scissor-lifts-rav540-br-es-2025-12.pdf","title":"Double Scissor Lifts RAV540 BR ES 2025 12","mpn":"","thumbnail":"https:\/\/dev.codekraft.it\/ravaglioli.it\/wp-content\/uploads\/brb_media\/00553171_double-scissor-lifts-rav540-br-es-2025-12-pdf-106x150.png","description":""},{"id":156237,"url":"https:\/\/dev.codekraft.it\/ravaglioli.it\/wp-content\/uploads\/brb_media\/00553174_double-scissor-lifts-rav540-br-ru-2025-12.pdf","title":"Double Scissor Lifts RAV540 BR RU 2025 12","mpn":"","thumbnail":"https:\/\/dev.codekraft.it\/ravaglioli.it\/wp-content\/uploads\/brb_media\/00553174_double-scissor-lifts-rav540-br-ru-2025-12-pdf-106x150.png","description":""}],"brb_media_drawing":[{"id":87923,"url":"https:\/\/dev.codekraft.it\/ravaglioli.it\/wp-content\/uploads\/brb_media\/00510349_scissor-lifts-rav540_u-td-0579_0650_0_01-it-2011-13.pdf","title":"Scissor lifts RAV540 U TD 0579 0650 0 01 it 2011 13","mpn":"","thumbnail":"https:\/\/dev.codekraft.it\/ravaglioli.it\/wp-content\/uploads\/brb_media\/00510349_scissor-lifts-rav540_u-td-0579_0650_0_01-it-2011-13-pdf-106x150.png","description":""}],"brb_media_manuals":[{"id":154658,"url":"https:\/\/dev.codekraft.it\/ravaglioli.it\/wp-content\/uploads\/brb_media\/00549985_double-scissor-lifts-rav540-rav540i-rav540mb-rav540imb-im-0579-m070-0-rev5-multi-2022-10.pdf","title":"Double Scissor Lifts RAV540 RAV540I RAV540MB RAV540IMB IM 0579 M070 0 REV5 multi 2022 10","mpn":"","thumbnail":"https:\/\/dev.codekraft.it\/ravaglioli.it\/wp-content\/uploads\/brb_media\/00549985_double-scissor-lifts-rav540-rav540i-rav540mb-rav540imb-im-0579-m070-0-rev5-multi-2022-10-pdf-106x150.png","description":""}],"brb_media_safety_datasheets":"","brb_media_spare_parts":[],"_cdmm_p_id":"502800","_company":"Ravaglioli","_gtin":"5063084195234","accessories":[{"id":152190,"mpn":"S505A2","name":"Traversen f\u00fcr XS30-CAT","description":"F\u00fcr Gel\u00e4ndewagen | 1 Satz \/ 2 St\u00fcck","thumbnail":"https:\/\/dev.codekraft.it\/ravaglioli.it\/wp-content\/uploads\/brb_media\/00509455_scissor-lift-s505a2-mi-150x150.png","url":"https:\/\/dev.codekraft.it\/ravaglioli.it\/de\/product\/traversen-fur-xs30-cat\/"},{"id":152203,"mpn":"S518A20","name":"Schlauchabdeckung 1 m | extra flach | f\u00fcr Bodenmontage","description":"1 m | extra flach | f\u00fcr Bodenmontage","thumbnail":"https:\/\/dev.codekraft.it\/ravaglioli.it\/wp-content\/uploads\/brb_media\/00550550_double-scissor-lifts-s518a20-mi-150x150.png","url":"https:\/\/dev.codekraft.it\/ravaglioli.it\/de\/product\/schlauchabdeckung-1-m-extra-flach-fur-bodenmontage\/"},{"id":152678,"mpn":"S540A1","name":"Auffahrrampen-Kit","description":"Lange Zusatzauffahrrampen f\u00fcr Fahrzeuge mit geringer Bodenfreiheit | 1 Satz \/ 4 St\u00fcck","thumbnail":"https:\/\/dev.codekraft.it\/ravaglioli.it\/wp-content\/uploads\/brb_media\/00509456_scissor-lift-s540a1-mi-150x150.png","url":"https:\/\/dev.codekraft.it\/ravaglioli.it\/de\/product\/auffahrrampen-kit\/"},{"id":153642,"mpn":"S540A2","name":"Unterflur-Umr\u00fcstsatz","description":"","thumbnail":"https:\/\/dev.codekraft.it\/ravaglioli.it\/wp-content\/uploads\/brb_media\/00550549_double-scissor-lifts-s535a1-recess-mounted-kit-mi-150x115.png","url":"https:\/\/dev.codekraft.it\/ravaglioli.it\/de\/product\/unterflur-umrustsatz-4\/"}],"components":[],"delivery":[],"package":[],"related":[],"similar":[{"id":154633,"mpn":"RAV.535XX.195678","name":"Doppelscheren-Hebeb\u00fchne RAV535","description":"3,5 t, Niedrigprofil (100 mm), elektrohydraulisch, \u00dcberflur","thumbnail":"https:\/\/dev.codekraft.it\/ravaglioli.it\/wp-content\/uploads\/brb_media\/00509444_scissor-lift-rav535-mi-150x150.png","url":"https:\/\/dev.codekraft.it\/ravaglioli.it\/de\/product\/doppelscheren-hebebuhne-rav535\/"},{"id":154603,"mpn":"RAV.510IX.196255","name":"Doppelscheren-Hebeb\u00fchne RAV510I 230-400 V &#8211; 50 Hz","description":"3,5 t, elektrohydraulisch, Unterflur","thumbnail":"https:\/\/dev.codekraft.it\/ravaglioli.it\/wp-content\/uploads\/brb_media\/00509432_scissor-lift-rav510i-mi-150x150.png","url":"https:\/\/dev.codekraft.it\/ravaglioli.it\/de\/product\/doppelscheren-hebebuhne-rav510i-230-400-v-50-hz\/"}],"page_logo_src":"https:\/\/dev.codekraft.it\/ravaglioli.it\/wp-content\/uploads\/2026\/04\/rav-negative-logo-1.png","lang":"de","translations":{"de":154662,"en":154650,"fr":154663,"it":154664,"es":154665,"ru":154666},"pll_sync_post":[],"_links":{"self":[{"href":"https:\/\/dev.codekraft.it\/ravaglioli.it\/wp-json\/wp\/v2\/product\/154662","targetHints":{"allow":["GET"]}}],"collection":[{"href":"https:\/\/dev.codekraft.it\/ravaglioli.it\/wp-json\/wp\/v2\/product"}],"about":[{"href":"https:\/\/dev.codekraft.it\/ravaglioli.it\/wp-json\/wp\/v2\/types\/product"}],"wp:featuredmedia":[{"embeddable":true,"href":"https:\/\/dev.codekraft.it\/ravaglioli.it\/wp-json\/wp\/v2\/media\/154651"}],"wp:attachment":[{"href":"https:\/\/dev.codekraft.it\/ravaglioli.it\/wp-json\/wp\/v2\/media?parent=154662"}],"wp:term":[{"taxonomy":"product_brand","embeddable":true,"href":"https:\/\/dev.codekraft.it\/ravaglioli.it\/wp-json\/wp\/v2\/product_brand?post=154662"},{"taxonomy":"product_cat","embeddable":true,"href":"https:\/\/dev.codekraft.it\/ravaglioli.it\/wp-json\/wp\/v2\/product_cat?post=154662"},{"taxonomy":"product_tag","embeddable":true,"href":"https:\/\/dev.codekraft.it\/ravaglioli.it\/wp-json\/wp\/v2\/product_tag?post=154662"},{"taxonomy":"product_approvals","embeddable":true,"href":"https:\/\/dev.codekraft.it\/ravaglioli.it\/wp-json\/wp\/v2\/product_approvals?post=154662"},{"taxonomy":"product_application","embeddable":true,"href":"https:\/\/dev.codekraft.it\/ravaglioli.it\/wp-json\/wp\/v2\/product_application?post=154662"}],"curies":[{"name":"wp","href":"https:\/\/api.w.org\/{rel}","templated":true}]}}