{"id":154555,"date":"2025-09-08T09:01:42","date_gmt":"2025-09-08T08:01:42","guid":{"rendered":"https:\/\/dev.codekraft.it\/ravaglioli.it\/product\/provafreni-a-piattaforma-ravrt900plt\/"},"modified":"2026-01-14T21:37:58","modified_gmt":"2026-01-14T21:37:58","slug":"provafreni-a-piattaforma-ravrt900plt","status":"publish","type":"product","link":"https:\/\/dev.codekraft.it\/ravaglioli.it\/it\/product\/provafreni-a-piattaforma-ravrt900plt\/","title":{"rendered":"Provafreni a piattaforma RAVRT900PLT"},"content":{"rendered":"<p>Soluzioni per la diagnosi della frenatura<\/p>\n<p>Il banco provafreni a piattaforma RAVRT900PLT per autoveicoli e motocicli 2, 3, 4 ruote \u00e8 un sistema di controllo e diagnosi utilizzabile universalmente per ogni tipologia di veicolo. L\u2019operativit\u00e0 simultanea di due assi e la facilit\u00e0 d\u2019uso del software permettono operazioni diagnostiche di alta precisione in tempi ridotti.<\/p>\n<ul>\n<li>Universalit\u00e0 di applicazione: sistema di diagnosi e controllo adatto ad ogni veicolo<\/li>\n<li>Rapidit\u00e0 di prova: i valori relativi a dati peso e forze frenanti sono acquisiti in un unico passaggio con operativit\u00e0 simultanea di due assi<\/li>\n<li>Riduzione di tempi\/costi: profilo particolarmente ribassato con necessit\u00e0 di opere murarie nulle o di minima entit\u00e0<\/li>\n<\/ul>\n<ul>\n<li>Sistema di controllo e diagnosi per autoveicoli e motocicli 2, 3, 4 ruote &#8211; Utilizzabile universalmente per ogni tipologia di veicolo.<\/li>\n<li>Il modello RAVRT900PLT \u00e8 ideale per officine con volume di lavoro elevato.<\/li>\n<li>Indicato per trazioni 2WD &#8211; 4WD &#8211; AWD &#8211; La tipologia di prova \u00e8 indicata anche per tutti i veicoli 4&#215;4, AWD (All Wheel Drive) e 4WD (4 Wheel Drive), con controllo automatico della trazione senza l\u2019ausilio di accessori aggiuntivi.<\/li>\n<li>Profilo ribassato: Un profilo particolarmente ribassato della struttura rende le prove estremamente agevoli, anche per veicoli con assetti bassi o super ribassati come quelli delle auto sportive.<\/li>\n<li>Software di gestione integrato, compatibile con il sistema MCTCNet2.<\/li>\n<li>Telecomando universale Bluetooth per la gestione delle prove e la connessione dei sensori sforzo leva\/pedale per autoveicoli e motoveicoli.<\/li>\n<li>Efficienza frenante e comportamento dinamico: Viene ricreato il comportamento dinamico del veicolo durante una frenata su strada.<\/li>\n<li>Banco prova velocit\u00e0 Speedometer: Banco prova velocit\u00e0 doppio dotato di freno a correnti passive per ciclomotori a 2 ruote, tricicli e quadricicli (ad esempio APE, QUAD e MICRO CAR) &#8211; modello RAVRT094MVBX + RAVRT094MTRBX\n<ul>\n<li>Necessario al completamento delle prove anti inquinamento (MCTCNet2)<\/li>\n<li>Disponibile in versione singolo per le solo 2 ruote &#8211; modello RAVRT094MVBX<\/li>\n<\/ul>\n<\/li>\n<li>Con l\u2019integrabilit\u00e0 del banco prova velocit\u00e0 singolo (RAVRT094M) o doppio (RAVRT094MVBX + RAVTR094MTRBX) \u00e8 possibile effettuare tutte le prove richieste dalla motorizzazione per i mezzi 2, 3, 4 ruote (come ad esempio analisi gas) &#8211; e test velocit\u00e0 massima per i ciclomotori<\/li>\n<li>Innovativo rivestimento a rete elettrosaldata &#8211; Favorisce l\u2019aderenza e garantisce una durata maggiore nel tempo.<\/li>\n<li>Prove di frenatura: Attraverso l\u2019ausilio di 16 celle (4 per ogni singola piastra) di cui si compone la piattaforma, i valori relativi a dati peso e forze frenanti sono acquisiti in un unico passaggio; permettendo di eseguire prove di frenatura anche a velocit\u00e0 estremamente ridotte.<\/li>\n<li>Omologazioni: RAVRT900PLT (*valide in Italia)<\/li>\n<li>Compatibile con il sistema TEq-Link<\/li>\n<li>Internet connection\n<ul>\n<li>Invio dei risultati ai clienti<\/li>\n<li>Assistenza in remoto<\/li>\n<\/ul>\n<\/li>\n<\/ul>\n<ul>\n<li>L\u2019installazione in versione incassata\u00a0necessita solamente di uno scavo a dimensioni ridotte<\/li>\n<li>Ingombri ridotti &#8211; larghezza: 2,10\u00a0m, lunghezza: 4,04 \/ 4,80 m (incassata \/ in elevato)<\/li>\n<li>L\u2019istallazione in versione in elevato non richiede nessun tipo di opere murarie<\/li>\n<\/ul>\n","protected":false},"excerpt":{"rendered":"<p>Piattaforma universale auto\/moto, max. carico assiale verificabile 2 t carico sull&#8217;asse, installazione incassata o in elevato<\/p>\n","protected":false},"featured_media":43513,"template":"","meta":[],"product_brand":[],"product_cat":[57982],"product_tag":[58293,58397,58431,58414],"product_approvals":[],"product_application":[],"class_list":{"0":"post-154555","1":"product","2":"type-product","3":"status-publish","4":"has-post-thumbnail","6":"product_cat-provafreni-linee-diagnosi-it","7":"product_tag-passenger-cars-it","8":"product_tag-motorbikes-it","9":"product_tag-quad-bikes-it","10":"product_tag-scooter-it","12":"first","13":"instock","14":"shipping-taxable","15":"product-type-simple"},"approvals":[],"application":[],"brb_media_brochure":[{"id":43514,"url":"https:\/\/dev.codekraft.it\/ravaglioli.it\/wp-content\/uploads\/brb_media\/00509363_brake-testers-test-lanes-rt900plt_rt700plt-br-de-2023-04-screen.pdf","title":"Brake testers Test lanes RT900PLT RT700PLT BR de 2023 04 screen","mpn":"","thumbnail":"https:\/\/dev.codekraft.it\/ravaglioli.it\/wp-content\/uploads\/brb_media\/00509363_brake-testers-test-lanes-rt900plt_rt700plt-br-de-2023-04-screen-pdf-106x150.png","description":""},{"id":43515,"url":"https:\/\/dev.codekraft.it\/ravaglioli.it\/wp-content\/uploads\/brb_media\/00509364_brake-testers-test-lanes-rt900plt_rt700plt-br-en-2023-04-screen.pdf","title":"Brake testers Test lanes RT900PLT RT700PLT BR en 2023 04 screen","mpn":"","thumbnail":"https:\/\/dev.codekraft.it\/ravaglioli.it\/wp-content\/uploads\/brb_media\/00509364_brake-testers-test-lanes-rt900plt_rt700plt-br-en-2023-04-screen-pdf-106x150.png","description":""},{"id":43516,"url":"https:\/\/dev.codekraft.it\/ravaglioli.it\/wp-content\/uploads\/brb_media\/00509365_brake-testers-test-lanes-rt900plt_rt700plt-br-fr-2023-04-screen.pdf","title":"Brake testers Test lanes RT900PLT RT700PLT BR fr 2023 04 screen","mpn":"","thumbnail":"https:\/\/dev.codekraft.it\/ravaglioli.it\/wp-content\/uploads\/brb_media\/00509365_brake-testers-test-lanes-rt900plt_rt700plt-br-fr-2023-04-screen-pdf-106x150.png","description":""},{"id":43517,"url":"https:\/\/dev.codekraft.it\/ravaglioli.it\/wp-content\/uploads\/brb_media\/00509366_brake-testers-test-lanes-rt900plt_rt700plt-br-it-2023-04-screen.pdf","title":"Brake testers Test lanes RT900PLT RT700PLT BR it 2023 04 screen","mpn":"","thumbnail":"https:\/\/dev.codekraft.it\/ravaglioli.it\/wp-content\/uploads\/brb_media\/00509366_brake-testers-test-lanes-rt900plt_rt700plt-br-it-2023-04-screen-pdf-106x150.png","description":""},{"id":43518,"url":"https:\/\/dev.codekraft.it\/ravaglioli.it\/wp-content\/uploads\/brb_media\/00509367_brake-testers-test-lanes-rt900plt_rt700plt-br-es-2023-04-screen.pdf","title":"Brake testers Test lanes RT900PLT RT700PLT BR es 2023 04 screen","mpn":"","thumbnail":"https:\/\/dev.codekraft.it\/ravaglioli.it\/wp-content\/uploads\/brb_media\/00509367_brake-testers-test-lanes-rt900plt_rt700plt-br-es-2023-04-screen-pdf-106x150.png","description":""},{"id":43519,"url":"https:\/\/dev.codekraft.it\/ravaglioli.it\/wp-content\/uploads\/brb_media\/00509368_brake-testers-test-lanes-rt900plt_rt700plt-br-ru-2023-04-screen.pdf","title":"Brake testers Test lanes RT900PLT RT700PLT BR ru 2023 04 screen","mpn":"","thumbnail":"https:\/\/dev.codekraft.it\/ravaglioli.it\/wp-content\/uploads\/brb_media\/00509368_brake-testers-test-lanes-rt900plt_rt700plt-br-ru-2023-04-screen-pdf-106x150.png","description":""}],"brb_media_drawing":"","brb_media_manuals":"","brb_media_safety_datasheets":"","brb_media_spare_parts":[],"_cdmm_p_id":"502760","_company":"Ravaglioli","_gtin":"","accessories":[{"id":154561,"mpn":"RAVRT094MVBX","name":"Banco prova velocit\u00e0 2 ruote Speedometer | per auto moto 2-3-4 ruote &#8211; freni + velocit\u00e0","description":"","thumbnail":"https:\/\/dev.codekraft.it\/ravaglioli.it\/wp-content\/uploads\/brb_media\/00508540_brake-testers-test-lanes-ravrt094mvbx-mi-150x150.png","url":"https:\/\/dev.codekraft.it\/ravaglioli.it\/it\/product\/banco-prova-velocita-2-ruote-speedometer-per-auto-moto-2-3-4-ruote-freni-velocita\/"},{"id":154567,"mpn":"RAVRT094MTRBX","name":"Kit di aggiornamento per convertire il banco prova velocit\u00e0 RT094MVBX a 2,3,4 ruote","description":"Per auto moto 2-3-4 ruote - freni + velocit\u00e0","thumbnail":"https:\/\/dev.codekraft.it\/ravaglioli.it\/wp-content\/uploads\/brb_media\/00548719_speed-tester-ravrt094mtrbx-mi-150x150.png","url":"https:\/\/dev.codekraft.it\/ravaglioli.it\/it\/product\/kit-di-aggiornamento-per-convertire-il-banco-prova-velocita-rt094mvbx-a-234-ruote\/"}],"components":[],"delivery":[{"id":154573,"mpn":"RAVRT009ME","name":"Cabinato per banco prova velocit\u00e0 2 ruote | per auto moto 2-3-4 ruote &#8211; freni + velocit\u00e0","description":"","thumbnail":"https:\/\/dev.codekraft.it\/ravaglioli.it\/wp-content\/uploads\/brb_media\/00509381_brake-testers-test-lanes-rt900plt-rt700plt-cabinet-mi-150x150.png","url":"https:\/\/dev.codekraft.it\/ravaglioli.it\/it\/product\/cabinato-per-banco-prova-velocita-2-ruote-per-auto-moto-2-3-4-ruote-freni-velocita\/"},{"id":154561,"mpn":"RAVRT094MVBX","name":"Banco prova velocit\u00e0 2 ruote Speedometer | per auto moto 2-3-4 ruote &#8211; freni + velocit\u00e0","description":"","thumbnail":"https:\/\/dev.codekraft.it\/ravaglioli.it\/wp-content\/uploads\/brb_media\/00508540_brake-testers-test-lanes-ravrt094mvbx-mi-150x150.png","url":"https:\/\/dev.codekraft.it\/ravaglioli.it\/it\/product\/banco-prova-velocita-2-ruote-speedometer-per-auto-moto-2-3-4-ruote-freni-velocita\/"}],"package":[],"related":[],"similar":[],"page_logo_src":"https:\/\/dev.codekraft.it\/ravaglioli.it\/wp-content\/uploads\/2026\/04\/rav-negative-logo-1.png","lang":"it","translations":{"it":154555,"en":154552,"de":154553,"fr":154554,"es":154556,"ru":154557},"pll_sync_post":[],"_links":{"self":[{"href":"https:\/\/dev.codekraft.it\/ravaglioli.it\/wp-json\/wp\/v2\/product\/154555","targetHints":{"allow":["GET"]}}],"collection":[{"href":"https:\/\/dev.codekraft.it\/ravaglioli.it\/wp-json\/wp\/v2\/product"}],"about":[{"href":"https:\/\/dev.codekraft.it\/ravaglioli.it\/wp-json\/wp\/v2\/types\/product"}],"wp:featuredmedia":[{"embeddable":true,"href":"https:\/\/dev.codekraft.it\/ravaglioli.it\/wp-json\/wp\/v2\/media\/43513"}],"wp:attachment":[{"href":"https:\/\/dev.codekraft.it\/ravaglioli.it\/wp-json\/wp\/v2\/media?parent=154555"}],"wp:term":[{"taxonomy":"product_brand","embeddable":true,"href":"https:\/\/dev.codekraft.it\/ravaglioli.it\/wp-json\/wp\/v2\/product_brand?post=154555"},{"taxonomy":"product_cat","embeddable":true,"href":"https:\/\/dev.codekraft.it\/ravaglioli.it\/wp-json\/wp\/v2\/product_cat?post=154555"},{"taxonomy":"product_tag","embeddable":true,"href":"https:\/\/dev.codekraft.it\/ravaglioli.it\/wp-json\/wp\/v2\/product_tag?post=154555"},{"taxonomy":"product_approvals","embeddable":true,"href":"https:\/\/dev.codekraft.it\/ravaglioli.it\/wp-json\/wp\/v2\/product_approvals?post=154555"},{"taxonomy":"product_application","embeddable":true,"href":"https:\/\/dev.codekraft.it\/ravaglioli.it\/wp-json\/wp\/v2\/product_application?post=154555"}],"curies":[{"name":"wp","href":"https:\/\/api.w.org\/{rel}","templated":true}]}}