{"id":154505,"date":"2025-10-30T14:31:24","date_gmt":"2025-10-30T14:31:24","guid":{"rendered":"https:\/\/dev.codekraft.it\/ravaglioli.it\/product\/reifenmontiermaschine-gtb16evo\/"},"modified":"2026-01-14T21:32:33","modified_gmt":"2026-01-14T21:32:33","slug":"reifenmontiermaschine-gtb16evo","status":"publish","type":"product","link":"https:\/\/dev.codekraft.it\/ravaglioli.it\/de\/product\/reifenmontiermaschine-gtb16evo\/","title":{"rendered":"Reifenmontiermaschine GTB16EVO"},"content":{"rendered":"<p>GTB16EVO ist die einzige Reifenmontiermaschine dieser Art. Die Abdr\u00fcckrollen, die an genau entgegen gesetzten Stellen an den 2 Radseiten positioniert sind, besitzen ein originelles Design. Mit diesem System ist die Reifenmontage mit sehr einfach und nat\u00fcrlich: w\u00e4hrend die vorderen Abdr\u00fcckrollen den Wulst in der Mitte halten, gleiten die beiden hinteren weiter, bis der Reifen vollst\u00e4ndig abgedr\u00fcckt ist.<\/p>\n<ul>\n<li>30 Sekunden um ein einfaches Lkw-Rad zu demontieren und montieren<\/li>\n<li>Die Spannvorrichtung kann sich sowohl mit\u00a0oder gegen den Uhrzeigersinn, sowie\u00a0hoch und herunterbewegen und ist f\u00fcr die\u00a0Aufnahme aller Arten von R\u00e4dern konzipiert.<\/li>\n<li>\u201eSTAND-BY\u201d-Funktion, wenn\u00a0die Maschine nicht arbeitet: Hierdurch\u00a0konnten wir die Ger\u00e4uschentwicklung\u00a0komplett beseitigen<\/li>\n<li>Die Abdr\u00fcckrollen aus Kunststoff sch\u00fctzen Alu-Felgen vor Kratzer<\/li>\n<li>Hydraulische Spannvorrichtung &#8211; Geeignet auch f\u00fcr Landwirtschaftsr\u00e4der (+G108A24)<\/li>\n<li>Alle hydraulischen Bewegungen werden von einem ergonomisch positionierten Bedienpult gesteuert<\/li>\n<li>Die Maschine ist mit einem patentierten Montagehebel ausgestattet, um die Montage\/ Demontage zu erleichtern<\/li>\n<li>Die Abdr\u00fcckrollen werden auf\u00a0zwei Abdr\u00fcckarmen getrennt gesteuert &#8211; Auf jedem Arm befinden sich zwei Abdr\u00fcckrollen: eine konische Rolle dr\u00fcckt auf den Wulst und ein zylindrische dr\u00fcckt auf die\u00a0Reifenseitenwand<\/li>\n<li>Die Gr\u00f6\u00dfe der Spannvorrichtung und der Arbeitsbereich des Schlittens erm\u00f6glichen den Einsatz auf allen Radtypen, auch auf den \u201eSuper-Single\u201d-Reifen.<\/li>\n<\/ul>\n","protected":false},"excerpt":{"rendered":"<p>Montagekopf und Montiereisen, f\u00fcr schlauchlose Lkw-Reifen, synchronisierte Doppelabdr\u00fcckung, max. Geschwindigkeit 8 U\/min, hydraulische Bedieneinheit, Lkw, Felgendurchmesser 11 &#8211; 27\u2033, max. Felgenbreite  540 mm<\/p>\n","protected":false},"featured_media":43459,"template":"","meta":[],"product_brand":[],"product_cat":[57862],"product_tag":[58442,58357],"product_approvals":[],"product_application":[],"class_list":{"0":"post-154505","1":"product","2":"type-product","3":"status-publish","4":"has-post-thumbnail","6":"product_cat-reifenmontiermaschinen-de","7":"product_tag-agricultural-machines-de","8":"product_tag-trucks-de","10":"first","11":"instock","12":"shipping-taxable","13":"product-type-simple"},"approvals":[],"application":[],"brb_media_brochure":[{"id":150560,"url":"https:\/\/dev.codekraft.it\/ravaglioli.it\/wp-content\/uploads\/brb_media\/00521670_tyre-changer-gtb16evo-br-multi-2023-09-screen.pdf","title":"Tyre changer GTB16EVO BR multi 2023 09 screen","mpn":"","thumbnail":"https:\/\/dev.codekraft.it\/ravaglioli.it\/wp-content\/uploads\/brb_media\/00521670_tyre-changer-gtb16evo-br-multi-2023-09-screen-pdf-106x150.png","description":""}],"brb_media_drawing":"","brb_media_manuals":[{"id":154499,"url":"https:\/\/dev.codekraft.it\/ravaglioli.it\/wp-content\/uploads\/brb_media\/00549969_tyre-changer-rotn101\u2013ravgtb16-spagtb16-im-7504-m005-00_vsg_rev01-de-2024-11.pdf","title":"Tyre changer ROTN101\u2013RAVGTB16 SPAGTB16 IM 7504 M005 00 VSG rev01 de 2024 11","mpn":"","thumbnail":"https:\/\/dev.codekraft.it\/ravaglioli.it\/wp-content\/uploads\/brb_media\/00549969_tyre-changer-rotn101\u2013ravgtb16-spagtb16-im-7504-m005-00_vsg_rev01-de-2024-11-pdf-106x150.png","description":""},{"id":154500,"url":"https:\/\/dev.codekraft.it\/ravaglioli.it\/wp-content\/uploads\/brb_media\/00549970_tyre-changer-rotn101\u2013ravgtb16-spagtb16-im-7504-m005-00_vsg_rev01-en-2024-11.pdf","title":"Tyre changer ROTN101\u2013RAVGTB16 SPAGTB16 IM 7504 M005 00 VSG rev01 en 2024 11","mpn":"","thumbnail":"https:\/\/dev.codekraft.it\/ravaglioli.it\/wp-content\/uploads\/brb_media\/00549970_tyre-changer-rotn101\u2013ravgtb16-spagtb16-im-7504-m005-00_vsg_rev01-en-2024-11-pdf-106x150.png","description":""},{"id":154501,"url":"https:\/\/dev.codekraft.it\/ravaglioli.it\/wp-content\/uploads\/brb_media\/00549971_tyre-changer-rotn101\u2013ravgtb16-spagtb16-im-7504-m005-00_vsg_rev01-fr-2024-11.pdf","title":"Tyre changer ROTN101\u2013RAVGTB16 SPAGTB16 IM 7504 M005 00 VSG rev01 fr 2024 11","mpn":"","thumbnail":"https:\/\/dev.codekraft.it\/ravaglioli.it\/wp-content\/uploads\/brb_media\/00549971_tyre-changer-rotn101\u2013ravgtb16-spagtb16-im-7504-m005-00_vsg_rev01-fr-2024-11-pdf-106x150.png","description":""},{"id":154502,"url":"https:\/\/dev.codekraft.it\/ravaglioli.it\/wp-content\/uploads\/brb_media\/00549972_tyre-changer-rotn101\u2013ravgtb16-spagtb16-im-7504-m005-00_vsg_rev01-it-2024-11.pdf","title":"Tyre changer ROTN101\u2013RAVGTB16 SPAGTB16 IM 7504 M005 00 VSG rev01 it 2024 11","mpn":"","thumbnail":"https:\/\/dev.codekraft.it\/ravaglioli.it\/wp-content\/uploads\/brb_media\/00549972_tyre-changer-rotn101\u2013ravgtb16-spagtb16-im-7504-m005-00_vsg_rev01-it-2024-11-pdf-106x150.png","description":""},{"id":154503,"url":"https:\/\/dev.codekraft.it\/ravaglioli.it\/wp-content\/uploads\/brb_media\/00549973_tyre-changer-rotn101\u2013ravgtb16-spagtb16-im-7504-m005-00_vsg_rev01-es-2024-11.pdf","title":"Tyre changer ROTN101\u2013RAVGTB16 SPAGTB16 IM 7504 M005 00 VSG rev01 es 2024 11","mpn":"","thumbnail":"https:\/\/dev.codekraft.it\/ravaglioli.it\/wp-content\/uploads\/brb_media\/00549973_tyre-changer-rotn101\u2013ravgtb16-spagtb16-im-7504-m005-00_vsg_rev01-es-2024-11-pdf-106x150.png","description":""}],"brb_media_safety_datasheets":"","brb_media_spare_parts":[],"_cdmm_p_id":"502750","_company":"Ravaglioli","_gtin":"5063084206305","accessories":[{"id":152776,"mpn":"G108A9","name":"Kunststoffschutz f\u00fcr Montagekopf","description":"Montagekopf-Plastikschutz | 1 St\u00fcck","thumbnail":"https:\/\/dev.codekraft.it\/ravaglioli.it\/wp-content\/uploads\/brb_media\/00535691_tyre-changer-g108a9-di-150x150.png","url":"https:\/\/dev.codekraft.it\/ravaglioli.it\/de\/product\/kunststoffschutz-fur-montagekopf\/"},{"id":152251,"mpn":"G108A24","name":"Abdr\u00fccker f\u00fcr Springringe","description":"","thumbnail":"https:\/\/dev.codekraft.it\/ravaglioli.it\/wp-content\/uploads\/brb_media\/00535690_tyre-changer-g108a24-di-150x150.png","url":"https:\/\/dev.codekraft.it\/ravaglioli.it\/de\/product\/abdrucker-fur-springringe-2\/"},{"id":152545,"mpn":"G108A42","name":"Hebel zur Tragarmpositionierung","description":"Zubeh\u00f6r f\u00fcr Lkw-Reifenmontiermaschinen","thumbnail":"","url":"https:\/\/dev.codekraft.it\/ravaglioli.it\/de\/product\/hebel-zur-tragarmpositionierung\/"},{"id":153726,"mpn":"G108A40","name":"Wellenpositionblockierung","description":"","thumbnail":"https:\/\/dev.codekraft.it\/ravaglioli.it\/wp-content\/uploads\/brb_media\/00539655_tyre-changers-g108a40-mi-150x150.png","url":"https:\/\/dev.codekraft.it\/ravaglioli.it\/de\/product\/wellenpositionblockierung\/"},{"id":155842,"mpn":"G90A6","name":"Wulstklemme f\u00fcr Leichtmetallfelgen","description":"Alufelgen-Klemme","thumbnail":"https:\/\/dev.codekraft.it\/ravaglioli.it\/wp-content\/uploads\/brb_media\/00506745_g90a6-150x150.png","url":"https:\/\/dev.codekraft.it\/ravaglioli.it\/de\/product\/wulstklemme-fur-leichtmetallfelgen\/"},{"id":155908,"mpn":"G108A13","name":"Montierhebel Lkw","description":"","thumbnail":"https:\/\/dev.codekraft.it\/ravaglioli.it\/wp-content\/uploads\/brb_media\/00506730_g108a13-150x150.png","url":"https:\/\/dev.codekraft.it\/ravaglioli.it\/de\/product\/montierhebel-lkw\/"},{"id":154922,"mpn":"G108A16","name":"Pinsel Holz, abgewinkelt","description":"F\u00fcr Radmontagemaschinen","thumbnail":"https:\/\/dev.codekraft.it\/ravaglioli.it\/wp-content\/uploads\/brb_media\/00506731_g108a16-150x114.png","url":"https:\/\/dev.codekraft.it\/ravaglioli.it\/de\/product\/pinsel-holz-abgewinkelt\/"},{"id":155914,"mpn":"G800A37","name":"Montagepaste | 3,5 kg","description":"","thumbnail":"https:\/\/dev.codekraft.it\/ravaglioli.it\/wp-content\/uploads\/brb_media\/00506743_g800a37-150x150.png","url":"https:\/\/dev.codekraft.it\/ravaglioli.it\/de\/product\/montagepaste-35-kg\/"},{"id":155866,"mpn":"G108A34","name":"Pneumatischer Wulstdr\u00fccker f\u00fcr EM-Reifen","description":"","thumbnail":"https:\/\/dev.codekraft.it\/ravaglioli.it\/wp-content\/uploads\/brb_media\/00506738_g108a34-02-150x150.png","url":"https:\/\/dev.codekraft.it\/ravaglioli.it\/de\/product\/pneumatischer-wulstdrucker-fur-em-reifen\/"}],"components":[],"delivery":[],"package":[],"related":[],"similar":[{"id":154493,"mpn":"RAV.GR926.206312","name":"Reifenmontiermaschine GRS926.MOVI","description":"Montiermaschine f\u00fcr den mobilen Einsatz in Transportern, max. Geschwindigkeit 8 U\/min, verkabelte elektrohydraulische Konsoleneinheit, Lkw, Felgendurchmesser 11 - 27\u2033, max. Felgenbreite 950 mm","thumbnail":"https:\/\/dev.codekraft.it\/ravaglioli.it\/wp-content\/uploads\/brb_media\/00509319_tyre-changer-grs926movi-mi-01-150x150.png","url":"https:\/\/dev.codekraft.it\/ravaglioli.it\/de\/product\/reifenmontiermaschine-grs926-movi\/"},{"id":154457,"mpn":"RAV.G96NX.206282","name":"Reifenmontiermaschine G96N","description":"Universell, Quick-Fit-System-Montagewerkzeug, max. Geschwindigkeit 8 U\/min, hydraulische Bedieneinheit, Lkw, Felgendurchmesser 11 - 27\u2033, max. Felgenbreite 925 mm","thumbnail":"https:\/\/dev.codekraft.it\/ravaglioli.it\/wp-content\/uploads\/brb_media\/00509250_tyre-changer-g96n-mi-03-150x150.png","url":"https:\/\/dev.codekraft.it\/ravaglioli.it\/de\/product\/reifenmontiermaschine-g96n\/"},{"id":154487,"mpn":"RAV.GR926.206336","name":"Reifenmontiermaschine GRS926","description":"Montiermaschine f\u00fcr den mobilen oder station\u00e4ren Einsatz, geeignet f\u00fcr den Einbau in geschlossene Anh\u00e4nger, max. Geschwindigkeit 8 U\/min, hydraulische Bedieneinheit, Lkw, Felgendurchmesser 11 - 27\u2033, max. Felgenbreite 950 mm","thumbnail":"https:\/\/dev.codekraft.it\/ravaglioli.it\/wp-content\/uploads\/brb_media\/00509317_tyre-changer-grs926-mi-150x150.png","url":"https:\/\/dev.codekraft.it\/ravaglioli.it\/de\/product\/reifenmontiermaschine-grs926\/"}],"page_logo_src":"https:\/\/dev.codekraft.it\/ravaglioli.it\/wp-content\/uploads\/2026\/04\/rav-negative-logo-1.png","lang":"de","translations":{"de":154505,"en":154498,"fr":154506,"it":154507,"es":154508,"ru":154509},"pll_sync_post":[],"_links":{"self":[{"href":"https:\/\/dev.codekraft.it\/ravaglioli.it\/wp-json\/wp\/v2\/product\/154505","targetHints":{"allow":["GET"]}}],"collection":[{"href":"https:\/\/dev.codekraft.it\/ravaglioli.it\/wp-json\/wp\/v2\/product"}],"about":[{"href":"https:\/\/dev.codekraft.it\/ravaglioli.it\/wp-json\/wp\/v2\/types\/product"}],"wp:featuredmedia":[{"embeddable":true,"href":"https:\/\/dev.codekraft.it\/ravaglioli.it\/wp-json\/wp\/v2\/media\/43459"}],"wp:attachment":[{"href":"https:\/\/dev.codekraft.it\/ravaglioli.it\/wp-json\/wp\/v2\/media?parent=154505"}],"wp:term":[{"taxonomy":"product_brand","embeddable":true,"href":"https:\/\/dev.codekraft.it\/ravaglioli.it\/wp-json\/wp\/v2\/product_brand?post=154505"},{"taxonomy":"product_cat","embeddable":true,"href":"https:\/\/dev.codekraft.it\/ravaglioli.it\/wp-json\/wp\/v2\/product_cat?post=154505"},{"taxonomy":"product_tag","embeddable":true,"href":"https:\/\/dev.codekraft.it\/ravaglioli.it\/wp-json\/wp\/v2\/product_tag?post=154505"},{"taxonomy":"product_approvals","embeddable":true,"href":"https:\/\/dev.codekraft.it\/ravaglioli.it\/wp-json\/wp\/v2\/product_approvals?post=154505"},{"taxonomy":"product_application","embeddable":true,"href":"https:\/\/dev.codekraft.it\/ravaglioli.it\/wp-json\/wp\/v2\/product_application?post=154505"}],"curies":[{"name":"wp","href":"https:\/\/api.w.org\/{rel}","templated":true}]}}