{"id":154289,"date":"2025-09-08T09:01:42","date_gmt":"2025-09-08T08:01:42","guid":{"rendered":"https:\/\/dev.codekraft.it\/ravaglioli.it\/product\/pont-elevateur-a-2-colonnes-kph370-55likta\/"},"modified":"2026-01-14T21:07:34","modified_gmt":"2026-01-14T21:07:34","slug":"pont-elevateur-a-2-colonnes-kph370-55likta","status":"publish","type":"product","link":"https:\/\/dev.codekraft.it\/ravaglioli.it\/fr\/product\/pont-elevateur-a-2-colonnes-kph370-55likta\/","title":{"rendered":"Pont \u00e9l\u00e9vateur \u00e0 2 colonnes KPH370.55LIKTA"},"content":{"rendered":"<p>\u00c9l\u00e9vateur id\u00e9al pour le levage de fourgons \u00e0 ch\u00e2ssis long. Version \u00e9quip\u00e9es de deux bras longs \u00e0 3 \u00e9tages et deux \u00e0 4 \u00e9tages pour garantir aussi le levage optimal de voitures.<\/p>\n<ul>\n<li>Dispositif de soutien m\u00e9canique avec enclenchement automatique pour garantir la s\u00e9curit\u00e9 totale pendant le stationnement<\/li>\n<li>La synchronisation est garantie grace \u00e0 un c\u00e2ble d&#8217;acier non-portant<\/li>\n<li>Chaque colonne est \u00e9quip\u00e9e d&#8217;un v\u00e9rin con\u00e7u pour un fonctionnement sans entretien<\/li>\n<\/ul>\n<ul>\n<li>Hauteur r\u00e9glable: 4950 &#8211; 4850 mm<\/li>\n<\/ul>\n","protected":false},"excerpt":{"rendered":"<p>5,5 t, \u00e9lectrohydraulique, asym\u00e9trique, bras de support 4 x 3-pi\u00e8ces<\/p>\n","protected":false},"featured_media":43145,"template":"","meta":[],"product_brand":[],"product_cat":[57874],"product_tag":[58326,58290],"product_approvals":[],"product_application":[],"class_list":{"0":"post-154289","1":"product","2":"type-product","3":"status-publish","4":"has-post-thumbnail","6":"product_cat-ponts-elevateurs-a-2-colonnes-fr","7":"product_tag-light-commercial-fr","8":"product_tag-passenger-cars-fr","10":"first","11":"instock","12":"shipping-taxable","13":"product-type-simple"},"approvals":[],"application":[],"brb_media_brochure":[{"id":150471,"url":"https:\/\/dev.codekraft.it\/ravaglioli.it\/wp-content\/uploads\/brb_media\/00528004_2-post-lift-kph37055_70likta-br-multi-2024-06-screen.pdf","title":"2 post lift KPH37055 70LIKTA BR multi 2024 06 screen","mpn":"","thumbnail":"https:\/\/dev.codekraft.it\/ravaglioli.it\/wp-content\/uploads\/brb_media\/00528004_2-post-lift-kph37055_70likta-br-multi-2024-06-screen-pdf-106x150.png","description":""}],"brb_media_drawing":[{"id":49386,"url":"https:\/\/dev.codekraft.it\/ravaglioli.it\/wp-content\/uploads\/brb_media\/00509879_2-post-lift-kph37055likta-td-x1-0487_0714_2_00-it-2018-11.pdf","title":"2 post lift KPH37055LIKTA TD X1 0487 0714 2 00 it 2018 11","mpn":"","thumbnail":"https:\/\/dev.codekraft.it\/ravaglioli.it\/wp-content\/uploads\/brb_media\/00509879_2-post-lift-kph37055likta-td-x1-0487_0714_2_00-it-2018-11-pdf-106x150.png","description":""}],"brb_media_manuals":[{"id":49385,"url":"https:\/\/dev.codekraft.it\/ravaglioli.it\/wp-content\/uploads\/brb_media\/00509875_2-post-lifts-kph37055lik_likt_likta-im-0487-m001-2-rev1-multi-2020-01.pdf","title":"2 post lifts KPH37055LIK LIKT LIKTA IM 0487 M001 2 rev1 multi 2020 01","mpn":"","thumbnail":"https:\/\/dev.codekraft.it\/ravaglioli.it\/wp-content\/uploads\/brb_media\/00509875_2-post-lifts-kph37055lik_likt_likta-im-0487-m001-2-rev1-multi-2020-01-pdf-106x150.png","description":""}],"brb_media_safety_datasheets":"","brb_media_spare_parts":[],"_cdmm_p_id":"502540","_company":"Ravaglioli","_gtin":"4057612814330","accessories":[{"id":152612,"mpn":"S374A2","name":"Kit d\u2019\u00e9nergie pour KPH370.xx","description":"Connexion d'air comprim\u00e9 et prise 230 V | 1 pi\u00e8ce","thumbnail":"https:\/\/dev.codekraft.it\/ravaglioli.it\/wp-content\/uploads\/brb_media\/00506774_s374a2-150x150.png","url":"https:\/\/dev.codekraft.it\/ravaglioli.it\/fr\/product\/kit-denergie-pour-kph370-xx\/"},{"id":153739,"mpn":"S370A27","name":"Bac pour les outils | aimant\u00e9es | 1 jeu \/ 4 pi\u00e8ces","description":"","thumbnail":"https:\/\/dev.codekraft.it\/ravaglioli.it\/wp-content\/uploads\/brb_media\/00509504_2-post-lift-vsg2call902641-mi-150x150.png","url":"https:\/\/dev.codekraft.it\/ravaglioli.it\/fr\/product\/bac-pour-les-outils-aimantees-1-jeu-4-pieces\/"},{"id":153168,"mpn":"S370A18","name":"Rallonges 200 mm","description":"Rehausses pour Fiat Ducato, Peugeot Boxer, Citro\u00ebn Jumper | queue \u00d8 45 mm | 1 jeu \/ 4 pi\u00e8ces","thumbnail":"https:\/\/dev.codekraft.it\/ravaglioli.it\/wp-content\/uploads\/brb_media\/00508733_2-post-lift-s370a18-mi-150x150.png","url":"https:\/\/dev.codekraft.it\/ravaglioli.it\/fr\/product\/rallonges-200-mm\/"},{"id":153234,"mpn":"S370A3","name":"Supports pour rallonges, queue \u00d8 45 mm","description":"Pour el\u00e9vateurs \u00e0 2 colonnes | 1 jeu \/ 2 pi\u00e8ces","thumbnail":"https:\/\/dev.codekraft.it\/ravaglioli.it\/wp-content\/uploads\/brb_media\/00506766_s370a3-01-150x150.png","url":"https:\/\/dev.codekraft.it\/ravaglioli.it\/fr\/product\/supports-pour-rallonges-queue-o-45-mm\/"},{"id":153781,"mpn":"S370A12","name":"Extension en largeur 200 mm","description":"","thumbnail":"https:\/\/dev.codekraft.it\/ravaglioli.it\/wp-content\/uploads\/brb_media\/00506770_s370a4-01-150x150.png","url":"https:\/\/dev.codekraft.it\/ravaglioli.it\/fr\/product\/extension-en-largeur-200-mm\/"},{"id":153456,"mpn":"S370A30","name":"Plaques de r\u00e9partition pour sols avec une couche de b\u00e9ton 150 mm (+ 20 mm)","description":"Plateaux pour installer les \u00e9l\u00e9vateurs 2 colonnes sur un sol de qualit\u00e9 insuffisante | \u00c9paisseur mini 150 mm avec beton R\u2019bk 200 | 1 jeu \/ 2 pi\u00e8ces","thumbnail":"","url":"https:\/\/dev.codekraft.it\/ravaglioli.it\/fr\/product\/plaques-de-repartition-pour-sols-avec-une-couche-de-beton-150-mm-20-mm\/"},{"id":153540,"mpn":"S370A20","name":"Fin de course | actionnement par une barre | pour alimentation triphase | fourni non install\u00e9","description":"Interrupteur pour tous les \u00e9l\u00e9vateurs avec alimentation triphas\u00e9e","thumbnail":"https:\/\/dev.codekraft.it\/ravaglioli.it\/wp-content\/uploads\/brb_media\/00535986_2-post-lift-s370a20-mi-150x150.png","url":"https:\/\/dev.codekraft.it\/ravaglioli.it\/fr\/product\/fin-de-course-actionnement-par-une-barre-pour-alimentation-triphase-fourni-non-installe\/"}],"components":[],"delivery":[],"package":[],"related":[],"similar":[{"id":154283,"mpn":"KPH370.70LIKTA","name":"Pont \u00e9l\u00e9vateur \u00e0 2 colonnes KPH370.70LIKTA","description":"7,0 t, \u00e9lectrohydraulique, bras de support 4 x 3-pi\u00e8ces, asym\u00e9trique","thumbnail":"https:\/\/dev.codekraft.it\/ravaglioli.it\/wp-content\/uploads\/brb_media\/00508710_2-post-lift-kph37070likta-mi-150x150.png","url":"https:\/\/dev.codekraft.it\/ravaglioli.it\/fr\/product\/pont-elevateur-a-2-colonnes-kph370-70likta\/"}],"page_logo_src":"https:\/\/dev.codekraft.it\/ravaglioli.it\/wp-content\/uploads\/2026\/04\/rav-negative-logo-1.png","lang":"fr","translations":{"fr":154289,"en":154287,"de":154288,"it":154290,"es":154291,"ru":154292},"pll_sync_post":[],"_links":{"self":[{"href":"https:\/\/dev.codekraft.it\/ravaglioli.it\/wp-json\/wp\/v2\/product\/154289","targetHints":{"allow":["GET"]}}],"collection":[{"href":"https:\/\/dev.codekraft.it\/ravaglioli.it\/wp-json\/wp\/v2\/product"}],"about":[{"href":"https:\/\/dev.codekraft.it\/ravaglioli.it\/wp-json\/wp\/v2\/types\/product"}],"wp:featuredmedia":[{"embeddable":true,"href":"https:\/\/dev.codekraft.it\/ravaglioli.it\/wp-json\/wp\/v2\/media\/43145"}],"wp:attachment":[{"href":"https:\/\/dev.codekraft.it\/ravaglioli.it\/wp-json\/wp\/v2\/media?parent=154289"}],"wp:term":[{"taxonomy":"product_brand","embeddable":true,"href":"https:\/\/dev.codekraft.it\/ravaglioli.it\/wp-json\/wp\/v2\/product_brand?post=154289"},{"taxonomy":"product_cat","embeddable":true,"href":"https:\/\/dev.codekraft.it\/ravaglioli.it\/wp-json\/wp\/v2\/product_cat?post=154289"},{"taxonomy":"product_tag","embeddable":true,"href":"https:\/\/dev.codekraft.it\/ravaglioli.it\/wp-json\/wp\/v2\/product_tag?post=154289"},{"taxonomy":"product_approvals","embeddable":true,"href":"https:\/\/dev.codekraft.it\/ravaglioli.it\/wp-json\/wp\/v2\/product_approvals?post=154289"},{"taxonomy":"product_application","embeddable":true,"href":"https:\/\/dev.codekraft.it\/ravaglioli.it\/wp-json\/wp\/v2\/product_application?post=154289"}],"curies":[{"name":"wp","href":"https:\/\/api.w.org\/{rel}","templated":true}]}}