{"id":154285,"date":"2025-08-05T09:51:50","date_gmt":"2025-08-05T08:51:50","guid":{"rendered":"https:\/\/dev.codekraft.it\/ravaglioli.it\/product\/elevador-de-2-columnas-kph370-70likta\/"},"modified":"2026-01-14T21:06:59","modified_gmt":"2026-01-14T21:06:59","slug":"elevador-de-2-columnas-kph370-70likta","status":"publish","type":"product","link":"https:\/\/dev.codekraft.it\/ravaglioli.it\/es\/product\/elevador-de-2-columnas-kph370-70likta\/","title":{"rendered":"Elevador de 2 columnas KPH370.70LIKTA"},"content":{"rendered":"<p>Modelo ideal sea para el levantamiento de furgonetas normales y de chasis largo. Versi\u00f3n con dos brazos largos de 3 extensiones y dos de 4 extensiones, por el levantamiento tambien de turismos.<\/p>\n<ul>\n<li>Dispositivo de apoyo mec\u00e1nico de funcionamiento autom\u00e1tico como garant\u00eda de la m\u00e1xima seguridad en la fase de estacionamiento<\/li>\n<li>Los cables no portantes garantizan la sincronizaci\u00f3n<\/li>\n<li>En cada columna est\u00e1 presente un pist\u00f3n de elevaci\u00f3n que no requiere mantenimiento alguno<\/li>\n<\/ul>\n<ul>\n<li>Altura reglable: 5016 &#8211; 4816 &#8211; 4616 mm<\/li>\n<\/ul>\n","protected":false},"excerpt":{"rendered":"<p>7,0 t, electrohidr\u00e1ulico, asim\u00e9trico, apoyo a los brazos 4 x 3-piezas<\/p>\n","protected":false},"featured_media":43137,"template":"","meta":[],"product_brand":[],"product_cat":[57902],"product_tag":[58349,58296,58332],"product_approvals":[],"product_application":[],"class_list":{"0":"post-154285","1":"product","2":"type-product","3":"status-publish","4":"has-post-thumbnail","6":"product_cat-elevadores-de-2-columnas-es","7":"product_tag-motor-homes-es","8":"product_tag-passenger-cars-es","9":"product_tag-light-commercial-es","11":"first","12":"instock","13":"shipping-taxable","14":"product-type-simple"},"approvals":[],"application":[],"brb_media_brochure":[{"id":150471,"url":"https:\/\/dev.codekraft.it\/ravaglioli.it\/wp-content\/uploads\/brb_media\/00528004_2-post-lift-kph37055_70likta-br-multi-2024-06-screen.pdf","title":"2 post lift KPH37055 70LIKTA BR multi 2024 06 screen","mpn":"","thumbnail":"https:\/\/dev.codekraft.it\/ravaglioli.it\/wp-content\/uploads\/brb_media\/00528004_2-post-lift-kph37055_70likta-br-multi-2024-06-screen-pdf-106x150.png","description":""}],"brb_media_drawing":[{"id":49378,"url":"https:\/\/dev.codekraft.it\/ravaglioli.it\/wp-content\/uploads\/brb_media\/00509880_2-post-lift-kph37070likta-td-x0-0488_0704_1_00-it-2016-06.pdf","title":"2 post lift KPH37070LIKTA TD X0 0488 0704 1 00 it 2016 06","mpn":"","thumbnail":"https:\/\/dev.codekraft.it\/ravaglioli.it\/wp-content\/uploads\/brb_media\/00509880_2-post-lift-kph37070likta-td-x0-0488_0704_1_00-it-2016-06-pdf-150x106.png","description":""}],"brb_media_manuals":[{"id":49377,"url":"https:\/\/dev.codekraft.it\/ravaglioli.it\/wp-content\/uploads\/brb_media\/00509876_2-post-lifts-kph37070likt_70likta-var5500-im-0488-m001-2-rev2-multi-2021-03.pdf","title":"2 post lifts KPH37070LIKT 70LIKTA VAR5500 IM 0488 M001 2 rev2 multi 2021 03","mpn":"","thumbnail":"https:\/\/dev.codekraft.it\/ravaglioli.it\/wp-content\/uploads\/brb_media\/00509876_2-post-lifts-kph37070likt_70likta-var5500-im-0488-m001-2-rev2-multi-2021-03-pdf-106x150.png","description":""}],"brb_media_safety_datasheets":"","brb_media_spare_parts":[],"_cdmm_p_id":"502539","_company":"Ravaglioli","_gtin":"4057612814354","accessories":[{"id":153176,"mpn":"S370A7","name":"Espesores 80 mm, rosca \u00d8 60 mm | 1 juego \/ 4 piezas","description":"","thumbnail":"https:\/\/dev.codekraft.it\/ravaglioli.it\/wp-content\/uploads\/brb_media\/00506749_s224a3-150x150.png","url":"https:\/\/dev.codekraft.it\/ravaglioli.it\/es\/product\/espesores-80-mm-rosca-o-60-mm-1-juego-4-piezas\/"},{"id":153158,"mpn":"S370A8","name":"Espesores 140 mm, rosca \u00d8 60 mm | 1 juego \/ 4 piezas","description":"","thumbnail":"https:\/\/dev.codekraft.it\/ravaglioli.it\/wp-content\/uploads\/brb_media\/00506750_s224a4-150x150.png","url":"https:\/\/dev.codekraft.it\/ravaglioli.it\/es\/product\/espesores-140-mm-rosca-o-60-mm-1-juego-4-piezas\/"},{"id":152614,"mpn":"S374A2","name":"Kit de energ\u00eda para KPH370.xx","description":"Conexi\u00f3n de aire comprimido y toma de 230 V | 1 pieza","thumbnail":"https:\/\/dev.codekraft.it\/ravaglioli.it\/wp-content\/uploads\/brb_media\/00506774_s374a2-150x150.png","url":"https:\/\/dev.codekraft.it\/ravaglioli.it\/es\/product\/kit-de-energia-para-kph370-xx\/"},{"id":153542,"mpn":"S370A20","name":"Final de carrera | accionamiento tipo barra | para alimentaci\u00f3n trif\u00e1sica | no premontado","description":"Interruptor para todos los elevadores con alimentaci\u00f3n trif\u00e1sica","thumbnail":"https:\/\/dev.codekraft.it\/ravaglioli.it\/wp-content\/uploads\/brb_media\/00535986_2-post-lift-s370a20-mi-150x150.png","url":"https:\/\/dev.codekraft.it\/ravaglioli.it\/es\/product\/final-de-carrera-accionamiento-tipo-barra-para-alimentacion-trifasica-no-premontado\/"},{"id":153741,"mpn":"S370A27","name":"Bandejas para herramientas | magn\u00e9tico | 1 juego \/ 2 piezas","description":"","thumbnail":"https:\/\/dev.codekraft.it\/ravaglioli.it\/wp-content\/uploads\/brb_media\/00509504_2-post-lift-vsg2call902641-mi-150x150.png","url":"https:\/\/dev.codekraft.it\/ravaglioli.it\/es\/product\/bandejas-para-herramientas-magnetico-1-juego-2-piezas\/"}],"components":[],"delivery":[],"package":[],"related":[],"similar":[{"id":154291,"mpn":"KPH370.55LIKTA","name":"Elevador de 2 columnas KPH370.55LIKTA","description":"5,5 t, electrohidr\u00e1ulico, asim\u00e9trico, apoyo a los brazos 4 x 3-piezas","thumbnail":"https:\/\/dev.codekraft.it\/ravaglioli.it\/wp-content\/uploads\/brb_media\/00508712_2-post-lift-kph37055likta-mi-150x150.png","url":"https:\/\/dev.codekraft.it\/ravaglioli.it\/es\/product\/elevador-de-2-columnas-kph370-55likta\/"}],"page_logo_src":"https:\/\/dev.codekraft.it\/ravaglioli.it\/wp-content\/uploads\/2026\/04\/rav-negative-logo-1.png","lang":"es","translations":{"es":154285,"en":154281,"de":154282,"fr":154283,"it":154284,"ru":154286},"pll_sync_post":[],"_links":{"self":[{"href":"https:\/\/dev.codekraft.it\/ravaglioli.it\/wp-json\/wp\/v2\/product\/154285","targetHints":{"allow":["GET"]}}],"collection":[{"href":"https:\/\/dev.codekraft.it\/ravaglioli.it\/wp-json\/wp\/v2\/product"}],"about":[{"href":"https:\/\/dev.codekraft.it\/ravaglioli.it\/wp-json\/wp\/v2\/types\/product"}],"wp:featuredmedia":[{"embeddable":true,"href":"https:\/\/dev.codekraft.it\/ravaglioli.it\/wp-json\/wp\/v2\/media\/43137"}],"wp:attachment":[{"href":"https:\/\/dev.codekraft.it\/ravaglioli.it\/wp-json\/wp\/v2\/media?parent=154285"}],"wp:term":[{"taxonomy":"product_brand","embeddable":true,"href":"https:\/\/dev.codekraft.it\/ravaglioli.it\/wp-json\/wp\/v2\/product_brand?post=154285"},{"taxonomy":"product_cat","embeddable":true,"href":"https:\/\/dev.codekraft.it\/ravaglioli.it\/wp-json\/wp\/v2\/product_cat?post=154285"},{"taxonomy":"product_tag","embeddable":true,"href":"https:\/\/dev.codekraft.it\/ravaglioli.it\/wp-json\/wp\/v2\/product_tag?post=154285"},{"taxonomy":"product_approvals","embeddable":true,"href":"https:\/\/dev.codekraft.it\/ravaglioli.it\/wp-json\/wp\/v2\/product_approvals?post=154285"},{"taxonomy":"product_application","embeddable":true,"href":"https:\/\/dev.codekraft.it\/ravaglioli.it\/wp-json\/wp\/v2\/product_application?post=154285"}],"curies":[{"name":"wp","href":"https:\/\/api.w.org\/{rel}","templated":true}]}}