{"id":154259,"date":"2025-12-01T15:06:27","date_gmt":"2025-12-01T15:06:27","guid":{"rendered":"https:\/\/dev.codekraft.it\/ravaglioli.it\/product\/demonte-pneu-g1500-3it-plus\/"},"modified":"2026-01-14T21:05:06","modified_gmt":"2026-01-14T21:05:06","slug":"demonte-pneu-g1500-3it-plus","status":"publish","type":"product","link":"https:\/\/dev.codekraft.it\/ravaglioli.it\/fr\/product\/demonte-pneu-g1500-3it-plus\/","title":{"rendered":"D\u00e9monte-pneu G1500.3IT PLUS"},"content":{"rendered":"<p>Version avec syst\u00e8me de gonflage tubeless brevet\u00e9 TOP<\/p>\n<ul>\n<li>3 modes de fonctionnement\n<ul>\n<li>Standard<\/li>\n<li>Automatique (semblable au G1200)<\/li>\n<li>Par PC<\/li>\n<\/ul>\n<\/li>\n<li>Fonctionnement automatique\n<ul>\n<li>Positionner le rouleau sup\u00e9rieur contre la jante et la valve en position Start.<\/li>\n<li>Apr\u00e8s autorisation, le d\u00e9monte-pneu travaille en mode automatique (programme G1200).<\/li>\n<li>D\u00e9s que la premi\u00e8re roue est faite, les outils reprennent automatiquement et tr\u00e8s vite leur position de travail initiale pour refaire l\u2019op\u00e9ration autant de fois que n\u00e9cessaire.<\/li>\n<\/ul>\n<\/li>\n<li>Outil sans &#8211; levier brevet\u00e9<\/li>\n<li>Disques d\u00e9colle-talon \u00e0 commande pneumatique\u00a0:\n<ul>\n<li>R\u00e9alis\u00e9s en mat\u00e9riau anti-rayure pour assurer la protection maximum de la jante.<\/li>\n<li>Le d\u00e9tecteur de bord de la jante permet l\u2019avance automatique du rouleau qui intervient sur le talon sans endommager le flanc du pneumatique.<\/li>\n<\/ul>\n<\/li>\n<li>Id\u00e9al \u00e9galement pour les roues renvers\u00e9es, le blocage se fait \u00e0 l\u2019aide d\u2019un pivot central avec c\u00f4ne. L\u2019effort est minime gr\u00e2ce \u00e0 un support de roue tr\u00e8s sp\u00e9cifique, de type plateau flottant avec effet autobloquant.<\/li>\n<li>3 hauteurs de travail r\u00e9glables<\/li>\n<li>Base de donn\u00e9es\u00a0: Il est possible de m\u00e9moriser 100 000 types de roues par\u00a0:\n<ul>\n<li>nom du client<\/li>\n<li>plaque du v\u00e9hicule<\/li>\n<li>des observations quelconques<\/li>\n<\/ul>\n<\/li>\n<li>Transfert des donn\u00e9es : Possibilit\u00e9 de transfert des donn\u00e9es enregistr\u00e9es d\u2019un d\u00e9monte-pneu \u00e0 un autre &#8211; Particuli\u00e8rement utile en cas de plusieurs d\u00e9monte-pneus\n<ul>\n<li>soit dans le m\u00eame garage (marchant de pneus important, fabricant de pneus ou constructeur d\u2019automobiles).<\/li>\n<li>soit dans diff\u00e9rents magasins (cha\u00eene de magasins de pneus, groupe de concessionnaires).<\/li>\n<\/ul>\n<\/li>\n<li>Avec ces donn\u00e9es personnalis\u00e9es et une simple formation, m\u00eame des op\u00e9rateurs les moins experts pourront d\u00e9monter les pneus les plus difficiles.<\/li>\n<li>Fonctionnement par PC\n<ul>\n<li>Saisir les donn\u00e9es du pneu.<\/li>\n<li>La machine s\u00e9lectionne automatiquement le programme le plus ad\u00e9quat SOFT \/ STANDARD \/ RF\/UHP &#8211; L\u2019op\u00e9rateur peut aussi changer de programme (le logiciel emp\u00eache, cependant, l\u2019application des programmes inad\u00e9quats).<\/li>\n<li>Positionner les rouleaux sup\u00e9rieur et inf\u00e9rieur contre la jante et la valve en position Start.<\/li>\n<li>Apr\u00e8s autorisation, le d\u00e9monte-pneu ex\u00e9cute le programme s\u00e9lectionn\u00e9. Les interventions de l\u2019op\u00e9rateur sont r\u00e9duites au m\u00ednimum.<\/li>\n<li>L\u2019op\u00e9rateur peut interrompre \u00e0 tout moment le mode automatique, puis repartir normalement (sans besoin de recommencer tout du d\u00e9but).<\/li>\n<\/ul>\n<\/li>\n<li>Travail cibl\u00e9 :\u00a0 Le cycle pr\u00e9programm\u00e9 sp\u00e9cial r\u00e9duit la dur\u00e9e du cycle. Il ciclo pre-impostato e dedicato riduce i tempi di lavoro.<\/li>\n<li>Apr\u00e8s la mise en marche, le d\u00e9monte-pneu demande \u00e0 l\u2019op\u00e9rateur de s\u00e9lectionner l\u2019activit\u00e9 souhait\u00e9e:\n<ul>\n<li>d\u00e9montage\/montage des pneus (activit\u00e9 normale)<\/li>\n<li>d\u00e9montage r\u00e9p\u00e9t\u00e9 (ex. dans les d\u00e9molitions de voitures, pour retirer le pneu de la jante)<\/li>\n<li>montage r\u00e9p\u00e9t\u00e9 (ex. dans les usines automobiles)<\/li>\n<\/ul>\n<\/li>\n<li>Console intuitive :\n<ul>\n<li>Facilite l\u2019apprentissage pour l\u2019op\u00e9rateur<\/li>\n<li>Dot\u00e9e de boutons de commande des rouleaux et des outils<\/li>\n<\/ul>\n<\/li>\n<li>Ultra rapide:\n<ul>\n<li>D\u00e8s que la roue est bloqu\u00e9e sur le plateau, le d\u00e9montage et le montage (soit le cycle complet) prennent de 55 \u00e0 75 s, y compris Run-Flat et UHP.<\/li>\n<li>En consid\u00e9rant 35 s pour soulever la roue, la bloquer, la d\u00e9bloquer puis la descendre, la dur\u00e9e totale du cycle est d\u2019environs 90 &#8211; 110 s, du moment o\u00f9 la roue quitte le sol jusqu\u2019au moment o\u00f9 elle y revient.<\/li>\n<\/ul>\n<\/li>\n<li>Invemotor: Vitesse r\u00e9glable par l\u2019op\u00e9rateur &#8211; Commande \u00e0 fr\u00e9quence variable \u00e0 limiteur automatique pour assurer la protection du pneumatique<\/li>\n<\/ul>\n","protected":false},"excerpt":{"rendered":"<p>Sans levier, vitesse max. 18 tr\/min, incl. de TFT affichage 19\u2033 et dispositif de gonflage tubeless, voiture de tourisme, diam\u00e8tre de jante 10 &#8211; 34\u2033, largeur de jante max. 380 mm | mandrin \u00e0 blocage central &#8211; id\u00e9al aussi pour les roues renvers\u00e9es suitable also for reverse wheels | pour tous les types de pneus de diam\u00e8tre de roue max. 54\u2033 (1370 mm)<\/p>\n","protected":false},"featured_media":49350,"template":"","meta":[],"product_brand":[],"product_cat":[57876],"product_tag":[58343,58394,58411,58326,58290],"product_approvals":[],"product_application":[],"class_list":{"0":"post-154259","1":"product","2":"type-product","3":"status-publish","4":"has-post-thumbnail","6":"product_cat-demonte-pneus-fr","7":"product_tag-motor-homes-fr","8":"product_tag-motorbikes-fr","9":"product_tag-scooter-fr","10":"product_tag-light-commercial-fr","11":"product_tag-passenger-cars-fr","13":"first","14":"instock","15":"shipping-taxable","16":"product-type-simple"},"approvals":[],"application":[],"brb_media_brochure":[{"id":150456,"url":"https:\/\/dev.codekraft.it\/ravaglioli.it\/wp-content\/uploads\/brb_media\/00521420_tyre-changers-g15003-br-multi-2023-09-screen.pdf","title":"Tyre changers G15003 BR multi 2023 09 screen","mpn":"","thumbnail":"https:\/\/dev.codekraft.it\/ravaglioli.it\/wp-content\/uploads\/brb_media\/00521420_tyre-changers-g15003-br-multi-2023-09-screen-pdf-106x150.png","description":""}],"brb_media_drawing":"","brb_media_manuals":[{"id":150457,"url":"https:\/\/dev.codekraft.it\/ravaglioli.it\/wp-content\/uploads\/brb_media\/00548693_tyre-changer-ravg1500-im-7104-m040-00_vsg_rev00_de-2023-10.pdf","title":"Tyre changer RAVG1500 IM 7104 M040 00 VSG rev00 de 2023 10","mpn":"","thumbnail":"https:\/\/dev.codekraft.it\/ravaglioli.it\/wp-content\/uploads\/brb_media\/00548693_tyre-changer-ravg1500-im-7104-m040-00_vsg_rev00_de-2023-10-pdf-106x150.png","description":""},{"id":150458,"url":"https:\/\/dev.codekraft.it\/ravaglioli.it\/wp-content\/uploads\/brb_media\/00548694_tyre-changer-ravg1500-im-7104-m040-00_vsg_rev00_en-2023-10.pdf","title":"Tyre changer RAVG1500 IM 7104 M040 00 VSG rev00 en 2023 10","mpn":"","thumbnail":"https:\/\/dev.codekraft.it\/ravaglioli.it\/wp-content\/uploads\/brb_media\/00548694_tyre-changer-ravg1500-im-7104-m040-00_vsg_rev00_en-2023-10-pdf-106x150.png","description":""},{"id":150459,"url":"https:\/\/dev.codekraft.it\/ravaglioli.it\/wp-content\/uploads\/brb_media\/00548695_tyre-changer-ravg1500-im-7104-m040-00_vsg_rev00_fr-2023-10.pdf","title":"Tyre changer RAVG1500 IM 7104 M040 00 VSG rev00 fr 2023 10","mpn":"","thumbnail":"https:\/\/dev.codekraft.it\/ravaglioli.it\/wp-content\/uploads\/brb_media\/00548695_tyre-changer-ravg1500-im-7104-m040-00_vsg_rev00_fr-2023-10-pdf-106x150.png","description":""},{"id":150460,"url":"https:\/\/dev.codekraft.it\/ravaglioli.it\/wp-content\/uploads\/brb_media\/00548697_tyre-changer-ravg1500-im-7104-m040-00_vsg_rev00_es-2023-10.pdf","title":"Tyre changer RAVG1500 IM 7104 M040 00 VSG rev00 es 2023 10","mpn":"","thumbnail":"https:\/\/dev.codekraft.it\/ravaglioli.it\/wp-content\/uploads\/brb_media\/00548697_tyre-changer-ravg1500-im-7104-m040-00_vsg_rev00_es-2023-10-pdf-106x150.png","description":""}],"brb_media_safety_datasheets":"","brb_media_spare_parts":[],"_cdmm_p_id":"502535","_company":"Ravaglioli","_gtin":"5063084200754","accessories":[{"id":152832,"mpn":"G1000A116","name":"T\u00eate de montage sup\u00e9rieure avec support pour outil (710011691, large)","description":"Pr\u00e9dispos\u00e9 pour protection G1000A90K equip\u00e9s","thumbnail":"https:\/\/dev.codekraft.it\/ravaglioli.it\/wp-content\/uploads\/brb_media\/00506674_g1000a116-150x150.png","url":"https:\/\/dev.codekraft.it\/ravaglioli.it\/fr\/product\/tete-de-montage-superieure-avec-support-pour-outil-710011691-large\/"},{"id":153294,"mpn":"G1000A65","name":"Protection plastique G1000A65","description":"Pour support outil sup\u00e9rieur | 1 pi\u00e8ce","thumbnail":"https:\/\/dev.codekraft.it\/ravaglioli.it\/wp-content\/uploads\/brb_media\/00535626_tyre-changer-g1000a65k-mi-150x150.png","url":"https:\/\/dev.codekraft.it\/ravaglioli.it\/fr\/product\/protection-plastique-g1000a65\/"},{"id":153288,"mpn":"G1000A65K","name":"Protection plastique G1000A65K","description":"Pour support outil sup\u00e9rieur | 1 jeu \/ 5 pi\u00e8ces","thumbnail":"https:\/\/dev.codekraft.it\/ravaglioli.it\/wp-content\/uploads\/brb_media\/00535626_tyre-changer-g1000a65k-mi-150x150.png","url":"https:\/\/dev.codekraft.it\/ravaglioli.it\/fr\/product\/protection-plastique-g1000a65k\/"},{"id":153252,"mpn":"G1000A66K","name":"Protection plastique pour c\u00f4ne dispositif de blocage","description":"1 jeu \/ 5 pi\u00e8ces","thumbnail":"https:\/\/dev.codekraft.it\/ravaglioli.it\/wp-content\/uploads\/brb_media\/00192777_g1000a66k-150x150.png","url":"https:\/\/dev.codekraft.it\/ravaglioli.it\/fr\/product\/protection-plastique-pour-cone-dispositif-de-blocage\/"},{"id":153649,"mpn":"G1000A158","name":"Plaque de serrage de type Universel | pour roues invers\u00e9es","description":"Bride universelle","thumbnail":"https:\/\/dev.codekraft.it\/ravaglioli.it\/wp-content\/uploads\/brb_media\/00506723_g1000a87-150x150.png","url":"https:\/\/dev.codekraft.it\/ravaglioli.it\/fr\/product\/plaque-de-serrage-de-type-universel-pour-roues-inversees\/"},{"id":153655,"mpn":"G1000A161","name":"Plaque de serrage de type Universel | pour jantes CLAD avec troue centre","description":"Flasque universelle pour blocage de roue par les troues de fixation - Pour roues avec troue c\u00e9ntral","thumbnail":"https:\/\/dev.codekraft.it\/ravaglioli.it\/wp-content\/uploads\/brb_media\/00535630_g1000a161-mi-150x150.png","url":"https:\/\/dev.codekraft.it\/ravaglioli.it\/fr\/product\/plaque-de-serrage-de-type-universel-pour-jantes-clad-avec-troue-centre\/"},{"id":154234,"mpn":"G1000A150","name":"Plaque de serrage de type Universel | pour jantes \u00e0 centre ferm\u00e9","description":"Flasque universelle pour roues \u00e0 jante pleine","thumbnail":"https:\/\/dev.codekraft.it\/ravaglioli.it\/wp-content\/uploads\/brb_media\/00506723_g1000a87-150x150.png","url":"https:\/\/dev.codekraft.it\/ravaglioli.it\/fr\/product\/plaque-de-serrage-de-type-universel-pour-jantes-a-centre-ferme\/"},{"id":152624,"mpn":"G1000A92","name":"C\u00f4ne avec cale | pour arbre \u00d8 40 | \u00d8 50 mm","description":"","thumbnail":"https:\/\/dev.codekraft.it\/ravaglioli.it\/wp-content\/uploads\/brb_media\/00506712_g1000a92-150x150.png","url":"https:\/\/dev.codekraft.it\/ravaglioli.it\/fr\/product\/cone-avec-cale-pour-arbre-o-40-o-50-mm\/"},{"id":152693,"mpn":"G1000A152A","name":"Bride pour LT (camion l\u00e9ger) | tige pour roue \u00d8 14 mm","description":"Pour d\u00e9monte pneus \u00e0 blocage central","thumbnail":"https:\/\/dev.codekraft.it\/ravaglioli.it\/wp-content\/uploads\/brb_media\/00506669_g1000a101-150x150.png","url":"https:\/\/dev.codekraft.it\/ravaglioli.it\/fr\/product\/bride-pour-lt-camion-leger-tige-pour-roue-o-14-mm\/"},{"id":152318,"mpn":"G1000A159","name":"Antenne de connexion Wi-Fi pour activation de la fonction de connexion","description":"","thumbnail":"","url":"https:\/\/dev.codekraft.it\/ravaglioli.it\/fr\/product\/antenne-de-connexion-wi-fi-pour-activation-de-la-fonction-de-connexion\/"},{"id":155151,"mpn":"G1000A56","name":"WulstBoy avec syst\u00e8me de traction et cha\u00eene de talon jusqu&#039;\u00e0 22\u2033","description":"","thumbnail":"https:\/\/dev.codekraft.it\/ravaglioli.it\/wp-content\/uploads\/brb_media\/00506698_g1000a56-150x150.png","url":"https:\/\/dev.codekraft.it\/ravaglioli.it\/fr\/product\/wulstboy-avec-systeme-de-traction-et-chaine-de-talon-jusqua-22%e2%80%b3\/"},{"id":155329,"mpn":"G1000A36","name":"Rallonge pour pousse talon \u00e0 28\u2033 | pour G1000A32","description":"Compris dans le kit WDK","thumbnail":"https:\/\/dev.codekraft.it\/ravaglioli.it\/wp-content\/uploads\/brb_media\/00506693_g1000a36-150x150.png","url":"https:\/\/dev.codekraft.it\/ravaglioli.it\/fr\/product\/rallonge-pour-pousse-talon-a-28%e2%80%b3-pour-g1000a32\/"},{"id":155795,"mpn":"G800A32","name":"Protection plastique pour bride de jante","description":"Protection du talon pour pneus \u00ab\u00a0Run Flat\u00a0\u00bb | Compris dans le kit WDK | 1 pi\u00e8ce","thumbnail":"https:\/\/dev.codekraft.it\/ravaglioli.it\/wp-content\/uploads\/brb_media\/00506718_g800a32-150x150.png","url":"https:\/\/dev.codekraft.it\/ravaglioli.it\/fr\/product\/protection-plastique-pour-bride-de-jante\/"},{"id":155540,"mpn":"G1000A70K","name":"Protection plastique pour broche d\u2019entra\u00eenement","description":"Protection pour syst\u00e8me de traction sur table de serrage | 1 jeu \/ 5 pi\u00e8ces","thumbnail":"https:\/\/dev.codekraft.it\/ravaglioli.it\/wp-content\/uploads\/brb_media\/00506705_g1000a70k-150x150.png","url":"https:\/\/dev.codekraft.it\/ravaglioli.it\/fr\/product\/protection-plastique-pour-broche-dentrainement\/"},{"id":155528,"mpn":"G1000A81K","name":"Protection en caoutchouc pour plateau appui roue","description":"Jeu de protections pour roues invers\u00e9es | 1 jeu \/ 10 pi\u00e8ces","thumbnail":"https:\/\/dev.codekraft.it\/ravaglioli.it\/wp-content\/uploads\/brb_media\/00506708_g1000a81k-sp-150x150.png","url":"https:\/\/dev.codekraft.it\/ravaglioli.it\/fr\/product\/protection-en-caoutchouc-pour-plateau-appui-roue\/"},{"id":155897,"mpn":"G1000A137","name":"Plaque de serrage de type Universel | pour jantes \u00e0 centre ferm\u00e9 et jantes invers\u00e9es | pour G1000A138","description":"Flasque universelle pour roues \u00e0 jante pleine \/ renvers\u00e9es","thumbnail":"https:\/\/dev.codekraft.it\/ravaglioli.it\/wp-content\/uploads\/brb_media\/00506682_g1000a137-01-150x150.png","url":"https:\/\/dev.codekraft.it\/ravaglioli.it\/fr\/product\/plaque-de-serrage-de-type-universel-pour-jantes-a-centre-ferme-et-jantes-inversees-pour-g1000a138\/"},{"id":155564,"mpn":"G1000A126","name":"C\u00f4ne avec cale | pour arbre \u00d8 40 | \u00d8 69 mm","description":"Necessaire le G1000A80 - G1000A138","thumbnail":"https:\/\/dev.codekraft.it\/ravaglioli.it\/wp-content\/uploads\/brb_media\/00471557_tyre-changers-cone-for-40-mm-shaft-di-150x150.png","url":"https:\/\/dev.codekraft.it\/ravaglioli.it\/fr\/product\/cone-avec-cale-pour-arbre-o-40-o-69-mm\/"},{"id":155819,"mpn":"G1000A100K","name":"Plaques de protection de talon | approuv\u00e9es WDK","description":"Compris dans le kit WDK | 1\u00a0jeu \/ 50\u00a0pi\u00e8ces","thumbnail":"https:\/\/dev.codekraft.it\/ravaglioli.it\/wp-content\/uploads\/brb_media\/00506667_g1000a100k-01-150x150.png","url":"https:\/\/dev.codekraft.it\/ravaglioli.it\/fr\/product\/plaques-de-protection-de-talon-approuvees-wdk\/"},{"id":155552,"mpn":"G1000A101","name":"Bride pour LT (camion l\u00e9ger)","description":"","thumbnail":"https:\/\/dev.codekraft.it\/ravaglioli.it\/wp-content\/uploads\/brb_media\/00506669_g1000a101-150x150.png","url":"https:\/\/dev.codekraft.it\/ravaglioli.it\/fr\/product\/bride-pour-lt-camion-leger\/"},{"id":155516,"mpn":"G800A38","name":"Pinceau Plastique","description":"","thumbnail":"https:\/\/dev.codekraft.it\/ravaglioli.it\/wp-content\/uploads\/brb_media\/00506719_g800a38-150x150.png","url":"https:\/\/dev.codekraft.it\/ravaglioli.it\/fr\/product\/pinceau-plastique\/"}],"components":[],"delivery":[],"package":[],"related":[],"similar":[{"id":156029,"mpn":"RAV.G1250.200129","name":"D\u00e9monte-pneu G1250.30PLUS","description":"Sans levier, automatique, incl. pousse talon pneumatique et pneumatique l\u00e9ve roue, voiture de tourisme, diam\u00e8tre de jante 10 - 30\u2033, largeur de jante max. 15\u2033 | Certifi\u00e9 wdk","thumbnail":"https:\/\/dev.codekraft.it\/ravaglioli.it\/wp-content\/uploads\/brb_media\/00528417_tyre-changer-g125030plus-mi-150x150.png","url":"https:\/\/dev.codekraft.it\/ravaglioli.it\/fr\/product\/demonte-pneu-g1250-30plus\/"},{"id":156035,"mpn":"RAV.G1250.200037","name":"D\u00e9monte-pneu G1250.30PLUSIT","description":"Sans levier, automatique, incl. dispositif de gonflage tubeless, pousse talon pneumatique et pneumatique l\u00e9ve roue, voiture de tourisme, diam\u00e8tre de jante 10 - 30\u2033, largeur de jante max. 15\u2033 | Certifi\u00e9 wdk","thumbnail":"https:\/\/dev.codekraft.it\/ravaglioli.it\/wp-content\/uploads\/brb_media\/00505477_tyre-changer-g1250-30-mi-01-150x150.png","url":"https:\/\/dev.codekraft.it\/ravaglioli.it\/fr\/product\/demonte-pneu-g1250-30plusit\/"}],"page_logo_src":"https:\/\/dev.codekraft.it\/ravaglioli.it\/wp-content\/uploads\/2026\/04\/rav-negative-logo-1.png","lang":"fr","translations":{"fr":154259,"en":154257,"de":154258,"it":154260,"es":154261,"ru":154262},"pll_sync_post":[],"_links":{"self":[{"href":"https:\/\/dev.codekraft.it\/ravaglioli.it\/wp-json\/wp\/v2\/product\/154259","targetHints":{"allow":["GET"]}}],"collection":[{"href":"https:\/\/dev.codekraft.it\/ravaglioli.it\/wp-json\/wp\/v2\/product"}],"about":[{"href":"https:\/\/dev.codekraft.it\/ravaglioli.it\/wp-json\/wp\/v2\/types\/product"}],"wp:featuredmedia":[{"embeddable":true,"href":"https:\/\/dev.codekraft.it\/ravaglioli.it\/wp-json\/wp\/v2\/media\/49350"}],"wp:attachment":[{"href":"https:\/\/dev.codekraft.it\/ravaglioli.it\/wp-json\/wp\/v2\/media?parent=154259"}],"wp:term":[{"taxonomy":"product_brand","embeddable":true,"href":"https:\/\/dev.codekraft.it\/ravaglioli.it\/wp-json\/wp\/v2\/product_brand?post=154259"},{"taxonomy":"product_cat","embeddable":true,"href":"https:\/\/dev.codekraft.it\/ravaglioli.it\/wp-json\/wp\/v2\/product_cat?post=154259"},{"taxonomy":"product_tag","embeddable":true,"href":"https:\/\/dev.codekraft.it\/ravaglioli.it\/wp-json\/wp\/v2\/product_tag?post=154259"},{"taxonomy":"product_approvals","embeddable":true,"href":"https:\/\/dev.codekraft.it\/ravaglioli.it\/wp-json\/wp\/v2\/product_approvals?post=154259"},{"taxonomy":"product_application","embeddable":true,"href":"https:\/\/dev.codekraft.it\/ravaglioli.it\/wp-json\/wp\/v2\/product_application?post=154259"}],"curies":[{"name":"wp","href":"https:\/\/api.w.org\/{rel}","templated":true}]}}