{"id":154102,"date":"2025-09-08T09:01:42","date_gmt":"2025-09-08T08:01:42","guid":{"rendered":"https:\/\/dev.codekraft.it\/ravaglioli.it\/product\/elevador-para-liberar-ejes-kp118\/"},"modified":"2026-01-14T20:49:39","modified_gmt":"2026-01-14T20:49:39","slug":"elevador-para-liberar-ejes-kp118","status":"publish","type":"product","link":"https:\/\/dev.codekraft.it\/ravaglioli.it\/es\/product\/elevador-para-liberar-ejes-kp118\/","title":{"rendered":"Elevador para liberar ejes KP118"},"content":{"rendered":"<ul>\n<li>Accionamiento a trav\u00e9s de bomba de mano<\/li>\n<li>Montable s\u00f3lo en gatos de foso<\/li>\n<\/ul>\n","protected":false},"excerpt":{"rendered":"<p>13,5 t, hidr\u00e1ulica, accionamiento a trav\u00e9s de bomba a mano<\/p>\n","protected":false},"featured_media":42855,"template":"","meta":[],"product_brand":[],"product_cat":[74],"product_tag":[58296,58332],"product_approvals":[],"product_application":[],"class_list":{"0":"post-154102","1":"product","2":"type-product","3":"status-publish","4":"has-post-thumbnail","6":"product_cat-uncategorized-es","7":"product_tag-passenger-cars-es","8":"product_tag-light-commercial-es","10":"first","11":"instock","12":"shipping-taxable","13":"product-type-simple"},"approvals":[],"application":[],"brb_media_brochure":[{"id":147446,"url":"https:\/\/dev.codekraft.it\/ravaglioli.it\/wp-content\/uploads\/brb_media\/00521416_jacking-beams-catalogue-br-multi-2023-09-screen.pdf","title":"Jacking beams catalogue BR multi 2023 09 screen","mpn":"","thumbnail":"https:\/\/dev.codekraft.it\/ravaglioli.it\/wp-content\/uploads\/brb_media\/00521416_jacking-beams-catalogue-br-multi-2023-09-screen-pdf-106x150.png","description":""}],"brb_media_drawing":[{"id":87110,"url":"https:\/\/dev.codekraft.it\/ravaglioli.it\/wp-content\/uploads\/brb_media\/00510432_jacking-beam-kp118-td-0424_0704_0_00-it-2005-08.pdf","title":"Jacking beam KP118 TD 0424 0704 0 00 it 2005 08","mpn":"","thumbnail":"https:\/\/dev.codekraft.it\/ravaglioli.it\/wp-content\/uploads\/brb_media\/00510432_jacking-beam-kp118-td-0424_0704_0_00-it-2005-08-pdf-106x150.png","description":""}],"brb_media_manuals":[{"id":87109,"url":"https:\/\/dev.codekraft.it\/ravaglioli.it\/wp-content\/uploads\/brb_media\/00510430_jacking-beams-kp118-p-n-np-y-py-im-0424-m001-2-rev0-2023-06.pdf","title":"Jacking beams KP118 P N NP Y PY IM 0424 M001 2 rev0 2023 06","mpn":"","thumbnail":"https:\/\/dev.codekraft.it\/ravaglioli.it\/wp-content\/uploads\/brb_media\/00510430_jacking-beams-kp118-p-n-np-y-py-im-0424-m001-2-rev0-2023-06-pdf-106x150.png","description":""}],"brb_media_safety_datasheets":"","brb_media_spare_parts":[],"_cdmm_p_id":"502472","_company":"Ravaglioli","_gtin":"5063084901651","accessories":[],"components":[],"delivery":[],"package":[],"related":[],"similar":[{"id":154108,"mpn":"VSG.KP118.901484","name":"Elevador para liberar ejes KP118P","description":"13,5 t, neumohidr\u00e1ulico","thumbnail":"https:\/\/dev.codekraft.it\/ravaglioli.it\/wp-content\/uploads\/brb_media\/00508593_jacking-beam-kp118p-mi-150x150.png","url":"https:\/\/dev.codekraft.it\/ravaglioli.it\/es\/product\/elevador-para-liberar-ejes-kp118p\/"},{"id":154114,"mpn":"VSG.KP118.901293","name":"Elevador para liberar ejes KP118NP","description":"13,5 t, neumohidr\u00e1ulico, accionamiento a trav\u00e9s de bomba a mano o neumohidr\u00e1ulica, presi\u00f3n de trabajo 6 - 10 bar, traslaci\u00f3n sobre esferas","thumbnail":"https:\/\/dev.codekraft.it\/ravaglioli.it\/wp-content\/uploads\/brb_media\/00508595_jacking-beam-kp118-440p_kp118np-mi-150x150.png","url":"https:\/\/dev.codekraft.it\/ravaglioli.it\/es\/product\/elevador-para-liberar-ejes-kp118np\/"}],"page_logo_src":"https:\/\/dev.codekraft.it\/ravaglioli.it\/wp-content\/uploads\/2026\/04\/rav-negative-logo-1.png","lang":"es","translations":{"es":154102,"en":154098,"de":154099,"fr":154100,"it":154101,"ru":154103},"pll_sync_post":[],"_links":{"self":[{"href":"https:\/\/dev.codekraft.it\/ravaglioli.it\/wp-json\/wp\/v2\/product\/154102","targetHints":{"allow":["GET"]}}],"collection":[{"href":"https:\/\/dev.codekraft.it\/ravaglioli.it\/wp-json\/wp\/v2\/product"}],"about":[{"href":"https:\/\/dev.codekraft.it\/ravaglioli.it\/wp-json\/wp\/v2\/types\/product"}],"wp:featuredmedia":[{"embeddable":true,"href":"https:\/\/dev.codekraft.it\/ravaglioli.it\/wp-json\/wp\/v2\/media\/42855"}],"wp:attachment":[{"href":"https:\/\/dev.codekraft.it\/ravaglioli.it\/wp-json\/wp\/v2\/media?parent=154102"}],"wp:term":[{"taxonomy":"product_brand","embeddable":true,"href":"https:\/\/dev.codekraft.it\/ravaglioli.it\/wp-json\/wp\/v2\/product_brand?post=154102"},{"taxonomy":"product_cat","embeddable":true,"href":"https:\/\/dev.codekraft.it\/ravaglioli.it\/wp-json\/wp\/v2\/product_cat?post=154102"},{"taxonomy":"product_tag","embeddable":true,"href":"https:\/\/dev.codekraft.it\/ravaglioli.it\/wp-json\/wp\/v2\/product_tag?post=154102"},{"taxonomy":"product_approvals","embeddable":true,"href":"https:\/\/dev.codekraft.it\/ravaglioli.it\/wp-json\/wp\/v2\/product_approvals?post=154102"},{"taxonomy":"product_application","embeddable":true,"href":"https:\/\/dev.codekraft.it\/ravaglioli.it\/wp-json\/wp\/v2\/product_application?post=154102"}],"curies":[{"name":"wp","href":"https:\/\/api.w.org\/{rel}","templated":true}]}}