{"id":154042,"date":"2025-09-08T09:01:42","date_gmt":"2025-09-08T08:01:42","guid":{"rendered":"https:\/\/dev.codekraft.it\/ravaglioli.it\/product\/elevador-para-liberar-ejes-j30x\/"},"modified":"2026-01-14T20:46:53","modified_gmt":"2026-01-14T20:46:53","slug":"elevador-para-liberar-ejes-j30x","status":"publish","type":"product","link":"https:\/\/dev.codekraft.it\/ravaglioli.it\/es\/product\/elevador-para-liberar-ejes-j30x\/","title":{"rendered":"Elevador para liberar ejes J30X"},"content":{"rendered":"<ul>\n<li>Accionamiento a trav\u00e9s de bomba de mano<\/li>\n<li>Grande altura de elevaci\u00f3n<\/li>\n<li>Dispositivo de traslaci\u00f3n sobre rodillos el\u00e1sticos<\/li>\n<li>Dispositivo de bloqueo mec\u00e1nico a inserci\u00f3n autom\u00e1tica y desbloqueo manual<\/li>\n<li>Mando de bajada a dos manos de tipo hombre presente<\/li>\n<li>&gt;\/= 4 t &#8211; no 8 t<\/li>\n<\/ul>\n","protected":false},"excerpt":{"rendered":"<p>3,0 t, hidr\u00e1ulica, accionamiento a trav\u00e9s de bomba a mano<\/p>\n","protected":false},"featured_media":42786,"template":"","meta":[],"product_brand":[],"product_cat":[74],"product_tag":[58296,58332],"product_approvals":[],"product_application":[],"class_list":{"0":"post-154042","1":"product","2":"type-product","3":"status-publish","4":"has-post-thumbnail","6":"product_cat-uncategorized-es","7":"product_tag-passenger-cars-es","8":"product_tag-light-commercial-es","10":"first","11":"instock","12":"shipping-taxable","13":"product-type-simple"},"approvals":[],"application":[],"brb_media_brochure":[{"id":147446,"url":"https:\/\/dev.codekraft.it\/ravaglioli.it\/wp-content\/uploads\/brb_media\/00521416_jacking-beams-catalogue-br-multi-2023-09-screen.pdf","title":"Jacking beams catalogue BR multi 2023 09 screen","mpn":"","thumbnail":"https:\/\/dev.codekraft.it\/ravaglioli.it\/wp-content\/uploads\/brb_media\/00521416_jacking-beams-catalogue-br-multi-2023-09-screen-pdf-106x150.png","description":""}],"brb_media_drawing":[{"id":87037,"url":"https:\/\/dev.codekraft.it\/ravaglioli.it\/wp-content\/uploads\/brb_media\/00510414_jacking-beam-j30x-td-043407051-it-2019-06.pdf","title":"Jacking beam J30X TD 043407051 it 2019 06","mpn":"","thumbnail":"https:\/\/dev.codekraft.it\/ravaglioli.it\/wp-content\/uploads\/brb_media\/00510414_jacking-beam-j30x-td-043407051-it-2019-06-pdf-150x106.png","description":""}],"brb_media_manuals":[{"id":87029,"url":"https:\/\/dev.codekraft.it\/ravaglioli.it\/wp-content\/uploads\/brb_media\/00510410_jacking-beams-j30pk-pkl-r-pr-prl-x-px-pxl-prev-plrev-im-0434-m001-1-rev2-multi-2023-06.pdf","title":"Jacking beams J30PK PKL R PR PRL X PX PXL PREV PLREV IM 0434 M001 1 rev2 multi 2023 06","mpn":"","thumbnail":"https:\/\/dev.codekraft.it\/ravaglioli.it\/wp-content\/uploads\/brb_media\/00510410_jacking-beams-j30pk-pkl-r-pr-prl-x-px-pxl-prev-plrev-im-0434-m001-1-rev2-multi-2023-06-pdf-106x150.png","description":""}],"brb_media_safety_datasheets":"","brb_media_spare_parts":[],"_cdmm_p_id":"502462","_company":"Ravaglioli","_gtin":"5063084901514","accessories":[],"components":[],"delivery":[],"package":[],"related":[],"similar":[{"id":154048,"mpn":"VSG.J30PX.901781","name":"Elevador para liberar ejes J30PX","description":"3,0 t, neumohidr\u00e1ulico","thumbnail":"https:\/\/dev.codekraft.it\/ravaglioli.it\/wp-content\/uploads\/brb_media\/00508589_jacking-beam-j30pxl-mi-150x150.png","url":"https:\/\/dev.codekraft.it\/ravaglioli.it\/es\/product\/elevador-para-liberar-ejes-j30px\/"}],"page_logo_src":"https:\/\/dev.codekraft.it\/ravaglioli.it\/wp-content\/uploads\/2026\/04\/rav-negative-logo-1.png","lang":"es","translations":{"es":154042,"en":154038,"de":154039,"fr":154040,"it":154041,"ru":154043},"pll_sync_post":[],"_links":{"self":[{"href":"https:\/\/dev.codekraft.it\/ravaglioli.it\/wp-json\/wp\/v2\/product\/154042","targetHints":{"allow":["GET"]}}],"collection":[{"href":"https:\/\/dev.codekraft.it\/ravaglioli.it\/wp-json\/wp\/v2\/product"}],"about":[{"href":"https:\/\/dev.codekraft.it\/ravaglioli.it\/wp-json\/wp\/v2\/types\/product"}],"wp:featuredmedia":[{"embeddable":true,"href":"https:\/\/dev.codekraft.it\/ravaglioli.it\/wp-json\/wp\/v2\/media\/42786"}],"wp:attachment":[{"href":"https:\/\/dev.codekraft.it\/ravaglioli.it\/wp-json\/wp\/v2\/media?parent=154042"}],"wp:term":[{"taxonomy":"product_brand","embeddable":true,"href":"https:\/\/dev.codekraft.it\/ravaglioli.it\/wp-json\/wp\/v2\/product_brand?post=154042"},{"taxonomy":"product_cat","embeddable":true,"href":"https:\/\/dev.codekraft.it\/ravaglioli.it\/wp-json\/wp\/v2\/product_cat?post=154042"},{"taxonomy":"product_tag","embeddable":true,"href":"https:\/\/dev.codekraft.it\/ravaglioli.it\/wp-json\/wp\/v2\/product_tag?post=154042"},{"taxonomy":"product_approvals","embeddable":true,"href":"https:\/\/dev.codekraft.it\/ravaglioli.it\/wp-json\/wp\/v2\/product_approvals?post=154042"},{"taxonomy":"product_application","embeddable":true,"href":"https:\/\/dev.codekraft.it\/ravaglioli.it\/wp-json\/wp\/v2\/product_application?post=154042"}],"curies":[{"name":"wp","href":"https:\/\/api.w.org\/{rel}","templated":true}]}}