{"id":153961,"date":"2025-09-08T09:01:42","date_gmt":"2025-09-08T08:01:42","guid":{"rendered":"https:\/\/dev.codekraft.it\/ravaglioli.it\/product\/rollenbremsenprufstand-ravrt122p4f\/"},"modified":"2026-01-14T20:42:25","modified_gmt":"2026-01-14T20:42:25","slug":"rollenbremsenprufstand-ravrt122p4f","status":"publish","type":"product","link":"https:\/\/dev.codekraft.it\/ravaglioli.it\/de\/product\/rollenbremsenprufstand-ravrt122p4f\/","title":{"rendered":"Rollenbremsenpr\u00fcfstand RAVRT122P4F"},"content":{"rendered":"<p>L\u00f6sungen f\u00fcr die Bremsendiagnose<\/p>\n<p>Die 100 cm langen Rollen und der kleine Rahmen des Bremsenpr\u00fcfstands RAVRT122P4F erm\u00f6glichen die Durchf\u00fchrung von Bremspr\u00fcfungen an einer Vielzahl von Fahrzeugen: Mopeds\/Motorr\u00e4der mit 2 bis 4 R\u00e4dern, Pkw, Nutzfahrzeuge und Wohnmobile mit einem H\u00f6chstgewicht von bis zu 3,5 t.<\/p>\n<ul>\n<li>Leichte Handhabung: Die intuitive Software mit einer einfach gestalteten grafischen Oberfl\u00e4che f\u00fchrt den Bediener sicher durch jeden Schritt der Pr\u00fcfung<\/li>\n<li>Sehr vielseitig: Pr\u00fcfung aller Fahrzeugtypen, von Motorr\u00e4dern bis zu Wohnmobilen<\/li>\n<li>All-in-One: Ein einziger Bremsenpr\u00fcfstand spart viel Platz in der Werkstatt<\/li>\n<\/ul>\n<ul>\n<li>Mit den Abdeckungen-Sets l\u00e4sst sich der Bremsenpr\u00fcfstand schnell von Auto auf Motorrad umstellen. Beim Pr\u00fcfen der Letzteren wird das seitliche Verschieben erheblich reduziert, was dem Bediener maximale Sicherheit bietet.<\/li>\n<li>Korundbeschichtete Rollen: F\u00fcr eine l\u00e4ngere Lebensdauer auch bei intensiver Nutzung &#8211; Optimaler Reibkoeffizient<\/li>\n<li>Geschwindigkeitspr\u00fcfstand Speedometer: Pr\u00fcfstand mit zwei Geschwindigkeiten und Wirbelstrombremse f\u00fcr Mopeds, Dreir\u00e4der und Vierr\u00e4der (z. B. APE, QUAD und MICRO CAR) &#8211; Modell RAVRT094MVBX + RAVRT094MTRBX\n<ul>\n<li>Erforderlich f\u00fcr die Durchf\u00fchrung von Schadstoffpr\u00fcfungen (MCTCNet2)<\/li>\n<li>Einzelversion nur f\u00fcr 2 R\u00e4der erh\u00e4ltlich, Modell RAVRT094MVBX<\/li>\n<\/ul>\n<\/li>\n<li>Durch die Integration des einfachen (RAVRT094M) oder doppelten (RAVRT094MVBX + RAVTR094MTRBX) Geschwindigkeitspr\u00fcfstands lassen sich alle erforderlichen Pr\u00fcfungen f\u00fcr 2-, 3-, 4-r\u00e4drige Fahrzeuge durchf\u00fchren (wie beispielsweise die Abgasanalyse) &#8211;\u00a0 sowie H\u00f6chstgeschwindigkeitstest f\u00fcr Mopeds.<\/li>\n<li>Kompatibel mit dem System TEq-Link<\/li>\n<li>Internetverbindung zum\n<ul>\n<li>Versand der Ergebnisse an die Kunden<\/li>\n<li>Remote-Support<\/li>\n<\/ul>\n<\/li>\n<\/ul>\n<ul>\n<li>Ausgestattet mit:\n<ul>\n<li>Bremsmotoren 4,7 kW<\/li>\n<li>Integrierten vierzellige Wiegesysteme<\/li>\n<\/ul>\n<\/li>\n<li>Mit dem Geschwindigkeitspr\u00fcfstand integrierbar<\/li>\n<li>N\u00fctzlich f\u00fcr Schmalspurfahrzeuge<\/li>\n<li>An verschiedene Fahrzeugtypen anpassbar<\/li>\n<li>Integrierte Managementsoftware, kompatibel mit dem MCTC-Net2-System<\/li>\n<li>Bremsverteilung zwischen Vorder- und Hinterachse<\/li>\n<li>Achslast<\/li>\n<li>Pedalkraft (nur mit SRT047M)<\/li>\n<li>Freier Rollwiderstand am einzelnen Rad<\/li>\n<li>Unrundheitsvermessung der Bremsen an einzelnen R\u00e4dern<\/li>\n<li>Unrundheitsvermessung der Bremsen an einzelnen R\u00e4dern<\/li>\n<li>Maximale Unwucht der Achsenbremskraft in Prozent<\/li>\n<li>Gesamteffizienz des Betriebsund Feststellbremssystems in Prozent<\/li>\n<\/ul>\n","protected":false},"excerpt":{"rendered":"<p>Universeller Automobil-\/Motorrad-Bremsenpr\u00fcfstand, 2,5 t Achslast, 6000 N<\/p>\n","protected":false},"featured_media":37722,"template":"","meta":[],"product_brand":[],"product_cat":[57950],"product_tag":[58391,58408,58287,58425],"product_approvals":[],"product_application":[],"class_list":{"0":"post-153961","1":"product","2":"type-product","3":"status-publish","4":"has-post-thumbnail","6":"product_cat-bremsprufstande-prufstrasen-de","7":"product_tag-motorbikes-de","8":"product_tag-scooter-de","9":"product_tag-passenger-cars-de","10":"product_tag-quad-bikes-de","12":"first","13":"instock","14":"shipping-taxable","15":"product-type-simple"},"approvals":[],"application":[],"brb_media_brochure":[{"id":42678,"url":"https:\/\/dev.codekraft.it\/ravaglioli.it\/wp-content\/uploads\/brb_media\/00508569_brake-testers-test-lanes-ravrt122p4f-br-de-2023-04-screen.pdf","title":"Brake testers Test lanes RAVRT122P4F BR de 2023 04 screen","mpn":"","thumbnail":"https:\/\/dev.codekraft.it\/ravaglioli.it\/wp-content\/uploads\/brb_media\/00508569_brake-testers-test-lanes-ravrt122p4f-br-de-2023-04-screen-pdf-106x150.png","description":""},{"id":42679,"url":"https:\/\/dev.codekraft.it\/ravaglioli.it\/wp-content\/uploads\/brb_media\/00508570_brake-testers-test-lanes-ravrt122p4f-br-en-2023-04-screen.pdf","title":"Brake testers Test lanes RAVRT122P4F BR en 2023 04 screen","mpn":"","thumbnail":"https:\/\/dev.codekraft.it\/ravaglioli.it\/wp-content\/uploads\/brb_media\/00508570_brake-testers-test-lanes-ravrt122p4f-br-en-2023-04-screen-pdf-106x150.png","description":""},{"id":42680,"url":"https:\/\/dev.codekraft.it\/ravaglioli.it\/wp-content\/uploads\/brb_media\/00508571_brake-testers-test-lanes-ravrt122p4f-br-fr-2023-04-screen.pdf","title":"Brake testers Test lanes RAVRT122P4F BR fr 2023 04 screen","mpn":"","thumbnail":"https:\/\/dev.codekraft.it\/ravaglioli.it\/wp-content\/uploads\/brb_media\/00508571_brake-testers-test-lanes-ravrt122p4f-br-fr-2023-04-screen-pdf-106x150.png","description":""},{"id":42681,"url":"https:\/\/dev.codekraft.it\/ravaglioli.it\/wp-content\/uploads\/brb_media\/00508572_brake-testers-test-lanes-ravrt122p4f-br-it-2023-04-screen.pdf","title":"Brake testers Test lanes RAVRT122P4F BR it 2023 04 screen","mpn":"","thumbnail":"https:\/\/dev.codekraft.it\/ravaglioli.it\/wp-content\/uploads\/brb_media\/00508572_brake-testers-test-lanes-ravrt122p4f-br-it-2023-04-screen-pdf-106x150.png","description":""},{"id":42682,"url":"https:\/\/dev.codekraft.it\/ravaglioli.it\/wp-content\/uploads\/brb_media\/00508573_brake-testers-test-lanes-ravrt122p4f-br-es-2023-04-screen.pdf","title":"Brake testers Test lanes RAVRT122P4F BR es 2023 04 screen","mpn":"","thumbnail":"https:\/\/dev.codekraft.it\/ravaglioli.it\/wp-content\/uploads\/brb_media\/00508573_brake-testers-test-lanes-ravrt122p4f-br-es-2023-04-screen-pdf-106x150.png","description":""},{"id":42683,"url":"https:\/\/dev.codekraft.it\/ravaglioli.it\/wp-content\/uploads\/brb_media\/00508574_brake-testers-test-lanes-ravrt122p4f-br-ru-2023-04-screen.pdf","title":"Brake testers Test lanes RAVRT122P4F BR ru 2023 04 screen","mpn":"","thumbnail":"https:\/\/dev.codekraft.it\/ravaglioli.it\/wp-content\/uploads\/brb_media\/00508574_brake-testers-test-lanes-ravrt122p4f-br-ru-2023-04-screen-pdf-106x150.png","description":""}],"brb_media_drawing":"","brb_media_manuals":"","brb_media_safety_datasheets":"","brb_media_spare_parts":[],"_cdmm_p_id":"502445","_company":"Ravaglioli","_gtin":"","accessories":[{"id":153937,"mpn":"SRT047U","name":"Motorrad-Bremshebel-Kraftmesser mit Bluetooth-Fernbedienung und Sicherheitsabschaltung","description":"","thumbnail":"https:\/\/dev.codekraft.it\/ravaglioli.it\/wp-content\/uploads\/brb_media\/00508537_brake-testers-test-lanes-srt047u-mi-150x150.png","url":"https:\/\/dev.codekraft.it\/ravaglioli.it\/de\/product\/motorrad-bremshebel-kraftmesser-mit-bluetooth-fernbedienung-und-sicherheitsabschaltung\/"},{"id":153943,"mpn":"SRT047LMA","name":"Zusatz-Motorrad-Bremshebelkraftmesser f\u00fcr Motorrad-Bremshebel-Kraftmesser SRT047U oder SRT047LMBTH","description":"","thumbnail":"https:\/\/dev.codekraft.it\/ravaglioli.it\/wp-content\/uploads\/brb_media\/00508547_brake-testers-test-lanes-srt047lma-mi-150x150.png","url":"https:\/\/dev.codekraft.it\/ravaglioli.it\/de\/product\/zusatz-motorrad-bremshebelkraftmesser-fur-motorrad-bremshebel-kraftmesser-srt047u-oder-srt047lmbth\/"},{"id":153137,"mpn":"SRT101","name":"Trittbleche mobil","description":"F\u00fcr Motorrad-Bremsenpr\u00fcfstande | 1 Satz \/ 4 St\u00fcck","thumbnail":"https:\/\/dev.codekraft.it\/ravaglioli.it\/wp-content\/uploads\/brb_media\/00508553_brake-testers-test-lanes-srt101-mi-150x150.png","url":"https:\/\/dev.codekraft.it\/ravaglioli.it\/de\/product\/trittbleche-mobil\/"},{"id":153107,"mpn":"SRT102L","name":"\u00dcberfahr-Abdeckungen f\u00fcr Universal-Bremsenpr\u00fcfst\u00e4nde | 1 Satz \/ 2 St\u00fcck","description":"","thumbnail":"https:\/\/dev.codekraft.it\/ravaglioli.it\/wp-content\/uploads\/brb_media\/00508556_brake-testers-test-lanes-srt102l-mi-150x150.png","url":"https:\/\/dev.codekraft.it\/ravaglioli.it\/de\/product\/uberfahr-abdeckungen-fur-universal-bremsenprufstande-1-satz-2-stuck\/"},{"id":153949,"mpn":"SRT079M","name":"Adapter f\u00fcr Pedalkraftmesser SRT047M","description":"","thumbnail":"https:\/\/dev.codekraft.it\/ravaglioli.it\/wp-content\/uploads\/brb_media\/00508550_brake-testers-test-lanes-srt079m-mi-01-150x150.png","url":"https:\/\/dev.codekraft.it\/ravaglioli.it\/de\/product\/adapter-fur-pedalkraftmesser-srt047m\/"},{"id":153227,"mpn":"SRT105","name":"Haltegurte 1 Satz \/ 2 St\u00fcck","description":"1 Satz \/ 2 St\u00fcck","thumbnail":"https:\/\/dev.codekraft.it\/ravaglioli.it\/wp-content\/uploads\/brb_media\/00508557_brake-testers-test-lanes-srt105-mi-150x150.png","url":"https:\/\/dev.codekraft.it\/ravaglioli.it\/de\/product\/haltegurte-1-satz-2-stuck\/"},{"id":153955,"mpn":"SRT047M","name":"Pedalkraftmesser f\u00fcr Motorr\u00e4der mit gemischter Bet\u00e4tigung (Hebel + Pedal)","description":"","thumbnail":"https:\/\/dev.codekraft.it\/ravaglioli.it\/wp-content\/uploads\/brb_media\/00508548_brake-testers-test-lanes-srt047m-mi-150x150.png","url":"https:\/\/dev.codekraft.it\/ravaglioli.it\/de\/product\/pedalkraftmesser-fur-motorrader-mit-gemischter-betatigung-hebel-pedal\/"},{"id":152299,"mpn":"SRT048","name":"Adapter zur Nutzung des Pedalkraftmessers SRT047M an der Handbremse","description":"","thumbnail":"https:\/\/dev.codekraft.it\/ravaglioli.it\/wp-content\/uploads\/brb_media\/00508549_brake-testers-test-lanes-srt048-mi-150x150.png","url":"https:\/\/dev.codekraft.it\/ravaglioli.it\/de\/product\/adapter-zur-nutzung-des-pedalkraftmessers-srt047m-an-der-handbremse\/"}],"components":[],"delivery":[],"package":[],"related":[],"similar":[],"page_logo_src":"https:\/\/dev.codekraft.it\/ravaglioli.it\/wp-content\/uploads\/2026\/04\/rav-negative-logo-1.png","lang":"de","translations":{"de":153961,"en":153960,"fr":153962,"it":153963,"es":153964,"ru":153965},"pll_sync_post":[],"_links":{"self":[{"href":"https:\/\/dev.codekraft.it\/ravaglioli.it\/wp-json\/wp\/v2\/product\/153961","targetHints":{"allow":["GET"]}}],"collection":[{"href":"https:\/\/dev.codekraft.it\/ravaglioli.it\/wp-json\/wp\/v2\/product"}],"about":[{"href":"https:\/\/dev.codekraft.it\/ravaglioli.it\/wp-json\/wp\/v2\/types\/product"}],"wp:featuredmedia":[{"embeddable":true,"href":"https:\/\/dev.codekraft.it\/ravaglioli.it\/wp-json\/wp\/v2\/media\/37722"}],"wp:attachment":[{"href":"https:\/\/dev.codekraft.it\/ravaglioli.it\/wp-json\/wp\/v2\/media?parent=153961"}],"wp:term":[{"taxonomy":"product_brand","embeddable":true,"href":"https:\/\/dev.codekraft.it\/ravaglioli.it\/wp-json\/wp\/v2\/product_brand?post=153961"},{"taxonomy":"product_cat","embeddable":true,"href":"https:\/\/dev.codekraft.it\/ravaglioli.it\/wp-json\/wp\/v2\/product_cat?post=153961"},{"taxonomy":"product_tag","embeddable":true,"href":"https:\/\/dev.codekraft.it\/ravaglioli.it\/wp-json\/wp\/v2\/product_tag?post=153961"},{"taxonomy":"product_approvals","embeddable":true,"href":"https:\/\/dev.codekraft.it\/ravaglioli.it\/wp-json\/wp\/v2\/product_approvals?post=153961"},{"taxonomy":"product_application","embeddable":true,"href":"https:\/\/dev.codekraft.it\/ravaglioli.it\/wp-json\/wp\/v2\/product_application?post=153961"}],"curies":[{"name":"wp","href":"https:\/\/api.w.org\/{rel}","templated":true}]}}