{"id":153878,"date":"2025-06-05T13:39:32","date_gmt":"2025-06-05T12:39:32","guid":{"rendered":"https:\/\/dev.codekraft.it\/ravaglioli.it\/product\/version-sur-demande-pour-kph370-32r-avec-commande-unique-pour-montee-descente-decrochage-pneumatique-des-arrets-et-unite-hydraulique-en-haut\/"},"modified":"2025-11-05T19:28:13","modified_gmt":"2025-11-05T19:28:13","slug":"version-sur-demande-pour-kph370-32r-avec-commande-unique-pour-montee-descente-decrochage-pneumatique-des-arrets-et-unite-hydraulique-en-haut","status":"publish","type":"product","link":"https:\/\/dev.codekraft.it\/ravaglioli.it\/fr\/product\/version-sur-demande-pour-kph370-32r-avec-commande-unique-pour-montee-descente-decrochage-pneumatique-des-arrets-et-unite-hydraulique-en-haut\/","title":{"rendered":"Version sur demande pour KPH370.32R | avec commande unique pour mont\u00e9e-descente, d\u00e9crochage pneumatique des arr\u00eats et unit\u00e9 hydraulique en haut"},"content":{"rendered":"","protected":false},"excerpt":{"rendered":"<p>pour KPH370.32R | avec commande unique pour mont\u00e9e-descente, d\u00e9crochage pneumatique des arr\u00eats et unit\u00e9 hydraulique en haut<\/p>\n","protected":false},"featured_media":0,"template":"","meta":[],"product_brand":[],"product_cat":[57880],"product_tag":[],"product_approvals":[],"product_application":[],"class_list":{"0":"post-153878","1":"product","2":"type-product","3":"status-publish","5":"product_cat-accessoires-ponts-elevateurs-a-2-colonnes-fr","7":"first","8":"instock","9":"shipping-taxable","10":"product-type-simple"},"approvals":[],"application":[],"brb_media_brochure":"","brb_media_drawing":"","brb_media_manuals":"","brb_media_safety_datasheets":"","brb_media_spare_parts":[],"_cdmm_p_id":"502405","_company":"Ravaglioli","_gtin":"4057612827392","accessories":[{"id":152820,"mpn":"S370A1T","name":"Fin de course | actionnement par c\u00e2ble \u00e9lastique | fourni non install\u00e9","description":"Interrupteur pour tous les \u00e9l\u00e9vateurs avec pupitre hydraulique en position haute (VARPH370.xx\/T)","thumbnail":"https:\/\/dev.codekraft.it\/ravaglioli.it\/wp-content\/uploads\/brb_media\/00506763_S370A1T-150x150.png","url":"https:\/\/dev.codekraft.it\/ravaglioli.it\/fr\/product\/fin-de-course-actionnement-par-cable-elastique-fourni-non-installe\/"}],"components":[],"delivery":[],"package":[],"related":[],"similar":[],"page_logo_src":"https:\/\/dev.codekraft.it\/ravaglioli.it\/wp-content\/uploads\/2026\/04\/rav-negative-logo-1.png","lang":"fr","translations":{"fr":153878,"de":153877,"it":153879,"es":153880,"ru":153881},"pll_sync_post":[],"_links":{"self":[{"href":"https:\/\/dev.codekraft.it\/ravaglioli.it\/wp-json\/wp\/v2\/product\/153878","targetHints":{"allow":["GET"]}}],"collection":[{"href":"https:\/\/dev.codekraft.it\/ravaglioli.it\/wp-json\/wp\/v2\/product"}],"about":[{"href":"https:\/\/dev.codekraft.it\/ravaglioli.it\/wp-json\/wp\/v2\/types\/product"}],"wp:attachment":[{"href":"https:\/\/dev.codekraft.it\/ravaglioli.it\/wp-json\/wp\/v2\/media?parent=153878"}],"wp:term":[{"taxonomy":"product_brand","embeddable":true,"href":"https:\/\/dev.codekraft.it\/ravaglioli.it\/wp-json\/wp\/v2\/product_brand?post=153878"},{"taxonomy":"product_cat","embeddable":true,"href":"https:\/\/dev.codekraft.it\/ravaglioli.it\/wp-json\/wp\/v2\/product_cat?post=153878"},{"taxonomy":"product_tag","embeddable":true,"href":"https:\/\/dev.codekraft.it\/ravaglioli.it\/wp-json\/wp\/v2\/product_tag?post=153878"},{"taxonomy":"product_approvals","embeddable":true,"href":"https:\/\/dev.codekraft.it\/ravaglioli.it\/wp-json\/wp\/v2\/product_approvals?post=153878"},{"taxonomy":"product_application","embeddable":true,"href":"https:\/\/dev.codekraft.it\/ravaglioli.it\/wp-json\/wp\/v2\/product_application?post=153878"}],"curies":[{"name":"wp","href":"https:\/\/api.w.org\/{rel}","templated":true}]}}