{"id":152145,"date":"2025-09-08T09:01:42","date_gmt":"2025-09-08T08:01:42","guid":{"rendered":"https:\/\/dev.codekraft.it\/ravaglioli.it\/product\/juego-wdk-para-desmontadora-de-rueda-g1190-30-series\/"},"modified":"2026-01-14T20:04:43","modified_gmt":"2026-01-14T20:04:43","slug":"juego-wdk-para-desmontadora-de-rueda-g1190-30-series","status":"publish","type":"product","link":"https:\/\/dev.codekraft.it\/ravaglioli.it\/es\/product\/juego-wdk-para-desmontadora-de-rueda-g1190-30-series\/","title":{"rendered":"Juego WDK para desmontadora de rueda G1190.30-Series"},"content":{"rendered":"<p><strong>Alcance de la entrega:<\/strong><\/p>\n<ul>\n<li>Protecci\u00f3n de pl\u00e1stico para la pesta\u00f1a de la llanta (N. art\u00edculo G800A32)<\/li>\n<li>Empujador de talones (N. art\u00edculo G1000A36)<\/li>\n<li>Pel\u00edculas protectoras de tal\u00f3n (N. art\u00edculo G1000A100K)<\/li>\n<li>Certificado WDK (N. art\u00edculo G1000A111)<\/li>\n<\/ul>\n","protected":false},"excerpt":{"rendered":"<p>Alcance de la entrega: Protecci\u00f3n de pl\u00e1stico para la pesta\u00f1a de la llanta (N. art\u00edculo G800A32) Empujador de talones (N. art\u00edculo G1000A36) Pel\u00edculas protectoras de tal\u00f3n (N. art\u00edculo G1000A100K) Certificado WDK (N. art\u00edculo G1000A111)<\/p>\n","protected":false},"featured_media":0,"template":"","meta":[],"product_brand":[],"product_cat":[57910],"product_tag":[],"product_approvals":[],"product_application":[],"class_list":{"0":"post-152145","1":"product","2":"type-product","3":"status-publish","5":"product_cat-accesorios-desmontadoras-es","7":"first","8":"instock","9":"shipping-taxable","10":"product-type-simple"},"approvals":[],"application":[],"brb_media_brochure":"","brb_media_drawing":"","brb_media_manuals":"","brb_media_safety_datasheets":"","brb_media_spare_parts":[],"_cdmm_p_id":"502377","_company":"VSG","_gtin":"","accessories":[],"components":[],"delivery":[],"package":[],"related":[],"similar":[],"page_logo_src":"https:\/\/dev.codekraft.it\/ravaglioli.it\/wp-content\/uploads\/2026\/04\/rav-negative-logo-1.png","lang":"es","translations":{"es":152145,"en":152141,"de":152142,"fr":152143,"it":152144,"ru":152146},"pll_sync_post":[],"_links":{"self":[{"href":"https:\/\/dev.codekraft.it\/ravaglioli.it\/wp-json\/wp\/v2\/product\/152145","targetHints":{"allow":["GET"]}}],"collection":[{"href":"https:\/\/dev.codekraft.it\/ravaglioli.it\/wp-json\/wp\/v2\/product"}],"about":[{"href":"https:\/\/dev.codekraft.it\/ravaglioli.it\/wp-json\/wp\/v2\/types\/product"}],"wp:attachment":[{"href":"https:\/\/dev.codekraft.it\/ravaglioli.it\/wp-json\/wp\/v2\/media?parent=152145"}],"wp:term":[{"taxonomy":"product_brand","embeddable":true,"href":"https:\/\/dev.codekraft.it\/ravaglioli.it\/wp-json\/wp\/v2\/product_brand?post=152145"},{"taxonomy":"product_cat","embeddable":true,"href":"https:\/\/dev.codekraft.it\/ravaglioli.it\/wp-json\/wp\/v2\/product_cat?post=152145"},{"taxonomy":"product_tag","embeddable":true,"href":"https:\/\/dev.codekraft.it\/ravaglioli.it\/wp-json\/wp\/v2\/product_tag?post=152145"},{"taxonomy":"product_approvals","embeddable":true,"href":"https:\/\/dev.codekraft.it\/ravaglioli.it\/wp-json\/wp\/v2\/product_approvals?post=152145"},{"taxonomy":"product_application","embeddable":true,"href":"https:\/\/dev.codekraft.it\/ravaglioli.it\/wp-json\/wp\/v2\/product_application?post=152145"}],"curies":[{"name":"wp","href":"https:\/\/api.w.org\/{rel}","templated":true}]}}