{"id":152071,"date":"2025-06-18T12:27:53","date_gmt":"2025-06-18T11:27:53","guid":{"rendered":"https:\/\/dev.codekraft.it\/ravaglioli.it\/product\/plaque-a-jeux-200-series\/"},"modified":"2026-01-14T20:02:01","modified_gmt":"2026-01-14T20:02:01","slug":"plaque-a-jeux-200-series","status":"publish","type":"product","link":"https:\/\/dev.codekraft.it\/ravaglioli.it\/fr\/product\/plaque-a-jeux-200-series\/","title":{"rendered":"Plaque \u00e0 jeux 200 Series"},"content":{"rendered":"<p>L\u2019\u00e9quipment produit une sollicitation altern\u00e9e sur les roues et par cons\u00e9quent sur les organes de la direction, des suspensions et permet un contr\u00f4le visuel des d\u00e9fauts \u00e9ventuels (jeu au niveau des joints sph\u00e9riques, bloc silenceur, attache des amortisseurs, etc.).<\/p>\n<ul>\n<li>Actionnement \u00e9lectro-hydraulique<\/li>\n<li>Plates-formes avec surface bossel\u00e9e pour emp\u00eacher le glissement des rou\u00e9s sur les plates-formes<\/li>\n<li>Possibilit\u00e9 d\u2019installation: au sol, encastr\u00e9e, sur fosse<\/li>\n<li>Pour les voitures particuli\u00e8res et les v\u00e9hicules utilitaires l\u00e9gers &#8211; Inclut les nouveaux mod\u00e8les conform\u00e9ment \u00e0 la directive 2014\/45 de l&#8217;UE<\/li>\n<li>Pour les v\u00e9hicules utilitaires et les voitures particuli\u00e8res &#8211; Les tuyaux hydrauliques ne sont pas inclus dans la dotation et doivent etre ajout\u00e9es au moment de l&#8217;installation<\/li>\n<\/ul>\n<ul>\n<li>Interrupteur g\u00e9n\u00e9ral sur le pupitre de commande<\/li>\n<li>Boutons d&#8217;actionnement sur lampe d&#8217;\u00e9clairage<\/li>\n<li>En basse tension<\/li>\n<li>Commandes d&#8217;entra\u00eenement des plaques sur la torche avec un c\u00e2ble de 5500 mm<\/li>\n<\/ul>\n","protected":false},"excerpt":{"rendered":"<p>L\u2019\u00e9quipment produit une sollicitation altern\u00e9e sur les roues et par cons\u00e9quent sur les organes de la direction, des suspensions et permet un contr\u00f4le visuel des d\u00e9fauts \u00e9ventuels (jeu au niveau des joints sph\u00e9riques, bloc silenceur, attache des amortisseurs, etc.). Actionnement \u00e9lectro-hydraulique Plates-formes avec surface bossel\u00e9e pour emp\u00eacher le glissement des rou\u00e9s sur les plates-formes Possibilit\u00e9 [&hellip;]<\/p>\n","protected":false},"featured_media":39748,"template":"","meta":[],"product_brand":[],"product_cat":[57966],"product_tag":[58326,58290],"product_approvals":[],"product_application":[],"class_list":{"0":"post-152071","1":"product","2":"type-product","3":"status-publish","4":"has-post-thumbnail","6":"product_cat-bancs-dessai-de-freins-chaines-de-controle-fr","7":"product_tag-light-commercial-fr","8":"product_tag-passenger-cars-fr","10":"first","11":"instock","12":"shipping-taxable","13":"product-type-simple"},"approvals":[],"application":[],"brb_media_brochure":[{"id":39749,"url":"https:\/\/dev.codekraft.it\/ravaglioli.it\/wp-content\/uploads\/brb_media\/00506485_diagnostic-play-detector-br-multi-2023-03-screen.pdf","title":"Diagnostic Play Detector BR multi 2023 03 screen","mpn":"","thumbnail":"https:\/\/dev.codekraft.it\/ravaglioli.it\/wp-content\/uploads\/brb_media\/00506485_diagnostic-play-detector-br-multi-2023-03-screen-pdf-106x150.png","description":""}],"brb_media_drawing":"","brb_media_manuals":"","brb_media_safety_datasheets":"","brb_media_spare_parts":[],"_cdmm_p_id":"501906","_company":"Ravaglioli","_gtin":"","accessories":[{"id":152077,"mpn":"VARR200\/3BTH","name":"Contr\u00f4le Bluetooth pour plaques \u00e0 jeux R200, R200I, R203, R203I et R203\/8","description":"Commandement et lampe plaque avec liaison Bluetooth","thumbnail":"https:\/\/dev.codekraft.it\/ravaglioli.it\/wp-content\/uploads\/brb_media\/00506529_diagnostic-play-detectors-mi-150x150.png","url":"https:\/\/dev.codekraft.it\/ravaglioli.it\/fr\/product\/controle-bluetooth-pour-plaques-a-jeux-r200-r200i-r203-r203i-et-r203-8\/"},{"id":152083,"mpn":"VARR200\/8BTH","name":"Contr\u00f4le bluetooth pour plaques \u00e0 jeux R200\/8I, R200\/8, R202\/8I et R202\/8","description":"Commandement et lampe plaque avec liaison bluetooth","thumbnail":"https:\/\/dev.codekraft.it\/ravaglioli.it\/wp-content\/uploads\/brb_media\/00506529_diagnostic-play-detectors-mi-150x150.png","url":"https:\/\/dev.codekraft.it\/ravaglioli.it\/fr\/product\/controle-bluetooth-pour-plaques-a-jeux-r200-8i-r200-8-r202-8i-et-r202-8\/"}],"components":[],"delivery":[],"package":[],"related":[],"similar":[],"page_logo_src":"https:\/\/dev.codekraft.it\/ravaglioli.it\/wp-content\/uploads\/2026\/04\/rav-negative-logo-1.png","lang":"fr","translations":{"fr":152071,"en":152069,"de":152070,"it":152072,"es":152073,"ru":152074},"pll_sync_post":[],"_links":{"self":[{"href":"https:\/\/dev.codekraft.it\/ravaglioli.it\/wp-json\/wp\/v2\/product\/152071","targetHints":{"allow":["GET"]}}],"collection":[{"href":"https:\/\/dev.codekraft.it\/ravaglioli.it\/wp-json\/wp\/v2\/product"}],"about":[{"href":"https:\/\/dev.codekraft.it\/ravaglioli.it\/wp-json\/wp\/v2\/types\/product"}],"wp:featuredmedia":[{"embeddable":true,"href":"https:\/\/dev.codekraft.it\/ravaglioli.it\/wp-json\/wp\/v2\/media\/39748"}],"wp:attachment":[{"href":"https:\/\/dev.codekraft.it\/ravaglioli.it\/wp-json\/wp\/v2\/media?parent=152071"}],"wp:term":[{"taxonomy":"product_brand","embeddable":true,"href":"https:\/\/dev.codekraft.it\/ravaglioli.it\/wp-json\/wp\/v2\/product_brand?post=152071"},{"taxonomy":"product_cat","embeddable":true,"href":"https:\/\/dev.codekraft.it\/ravaglioli.it\/wp-json\/wp\/v2\/product_cat?post=152071"},{"taxonomy":"product_tag","embeddable":true,"href":"https:\/\/dev.codekraft.it\/ravaglioli.it\/wp-json\/wp\/v2\/product_tag?post=152071"},{"taxonomy":"product_approvals","embeddable":true,"href":"https:\/\/dev.codekraft.it\/ravaglioli.it\/wp-json\/wp\/v2\/product_approvals?post=152071"},{"taxonomy":"product_application","embeddable":true,"href":"https:\/\/dev.codekraft.it\/ravaglioli.it\/wp-json\/wp\/v2\/product_application?post=152071"}],"curies":[{"name":"wp","href":"https:\/\/api.w.org\/{rel}","templated":true}]}}