{"id":152070,"date":"2025-06-18T12:27:53","date_gmt":"2025-06-18T11:27:53","guid":{"rendered":"https:\/\/dev.codekraft.it\/ravaglioli.it\/product\/gelenkspieltester-200-series\/"},"modified":"2026-01-14T20:02:00","modified_gmt":"2026-01-14T20:02:00","slug":"gelenkspieltester-200-series","status":"publish","type":"product","link":"https:\/\/dev.codekraft.it\/ravaglioli.it\/de\/product\/gelenkspieltester-200-series\/","title":{"rendered":"Gelenkspieltester 200 Series"},"content":{"rendered":"<p>Die Anlage erzeugt eine Beanspruchung mit alternierender Wirkung auf die R\u00e4der entsprechend auf die Elemente der Lenkung sowie der Aufh\u00e4ngungen und gew\u00e4hrleistet eine visuelle Kontrolle eventueller M\u00e4ngel (Spiel der Kugelgelenke, Silentlager, Stossd\u00e4mpferanschluss, usw.).<\/p>\n<ul>\n<li>Elektrohydraulischer Antrieb<\/li>\n<li>Platten mit Bossenoberfl\u00e4che um das Platte-Rad-Rutschen zu vermeiden<\/li>\n<li>Installationsbereich: Fu\u00dfboden, Unterflur, \u00fcber Grube<\/li>\n<li>F\u00fcr Pkw und leichte Nutzfahrzeuge &#8211; Enth\u00e4lt neue Modelle gem\u00e4\u00df der EU-Richtlinie 2014\/45<\/li>\n<li>F\u00fcr Nutzfahrzeuge und Pkw &#8211; Die Hydraulikschl\u00e4uche zwischen Aggregat und R\u00fcttelplatten sind nicht im Lieferumfang enthalten und m\u00fcssen vor Ort bezogen werden.<\/li>\n<\/ul>\n<ul>\n<li>Hauptschalter auf Konsole<\/li>\n<li>Bet\u00e4tigungstasten auf der Beleuchtungslampe<\/li>\n<li>In Niederspannung<\/li>\n<li>Gelenkspieltester-Fernbedienung mit 5500 mm Kabel<\/li>\n<\/ul>\n","protected":false},"excerpt":{"rendered":"<p>Die Anlage erzeugt eine Beanspruchung mit alternierender Wirkung auf die R\u00e4der entsprechend auf die Elemente der Lenkung sowie der Aufh\u00e4ngungen und gew\u00e4hrleistet eine visuelle Kontrolle eventueller M\u00e4ngel (Spiel der Kugelgelenke, Silentlager, Stossd\u00e4mpferanschluss, usw.). Elektrohydraulischer Antrieb Platten mit Bossenoberfl\u00e4che um das Platte-Rad-Rutschen zu vermeiden Installationsbereich: Fu\u00dfboden, Unterflur, \u00fcber Grube F\u00fcr Pkw und leichte Nutzfahrzeuge &#8211; Enth\u00e4lt [&hellip;]<\/p>\n","protected":false},"featured_media":39748,"template":"","meta":[],"product_brand":[],"product_cat":[57950],"product_tag":[58287,58323],"product_approvals":[],"product_application":[],"class_list":{"0":"post-152070","1":"product","2":"type-product","3":"status-publish","4":"has-post-thumbnail","6":"product_cat-bremsprufstande-prufstrasen-de","7":"product_tag-passenger-cars-de","8":"product_tag-light-commercial-de","10":"first","11":"instock","12":"shipping-taxable","13":"product-type-simple"},"approvals":[],"application":[],"brb_media_brochure":[{"id":39749,"url":"https:\/\/dev.codekraft.it\/ravaglioli.it\/wp-content\/uploads\/brb_media\/00506485_diagnostic-play-detector-br-multi-2023-03-screen.pdf","title":"Diagnostic Play Detector BR multi 2023 03 screen","mpn":"","thumbnail":"https:\/\/dev.codekraft.it\/ravaglioli.it\/wp-content\/uploads\/brb_media\/00506485_diagnostic-play-detector-br-multi-2023-03-screen-pdf-106x150.png","description":""}],"brb_media_drawing":"","brb_media_manuals":"","brb_media_safety_datasheets":"","brb_media_spare_parts":[],"_cdmm_p_id":"501906","_company":"Ravaglioli","_gtin":"","accessories":[{"id":152076,"mpn":"VARR200\/3BTH","name":"Bluetooth-Steuerung f\u00fcr Gelenkspieltester R200, R200I, R203, R203I und R203\/8","description":"Bluetooth gesteuerte Bedieneinheit mit Lampe","thumbnail":"https:\/\/dev.codekraft.it\/ravaglioli.it\/wp-content\/uploads\/brb_media\/00506529_diagnostic-play-detectors-mi-150x150.png","url":"https:\/\/dev.codekraft.it\/ravaglioli.it\/de\/product\/bluetooth-steuerung-fur-gelenkspieltester-r200-r200i-r203-r203i-und-r203-8\/"},{"id":152082,"mpn":"VARR200\/8BTH","name":"Bluetooth-Steuerung f\u00fcr Gelenkspieltester R200\/8I, R200\/8, R202\/8I und R202\/8","description":"Bluetooth gesteuerte Bedieneinheit mit Lampe","thumbnail":"https:\/\/dev.codekraft.it\/ravaglioli.it\/wp-content\/uploads\/brb_media\/00506529_diagnostic-play-detectors-mi-150x150.png","url":"https:\/\/dev.codekraft.it\/ravaglioli.it\/de\/product\/bluetooth-steuerung-fur-gelenkspieltester-r200-8i-r200-8-r202-8i-und-r202-8\/"}],"components":[],"delivery":[],"package":[],"related":[],"similar":[],"page_logo_src":"https:\/\/dev.codekraft.it\/ravaglioli.it\/wp-content\/uploads\/2026\/04\/rav-negative-logo-1.png","lang":"de","translations":{"de":152070,"en":152069,"fr":152071,"it":152072,"es":152073,"ru":152074},"pll_sync_post":[],"_links":{"self":[{"href":"https:\/\/dev.codekraft.it\/ravaglioli.it\/wp-json\/wp\/v2\/product\/152070","targetHints":{"allow":["GET"]}}],"collection":[{"href":"https:\/\/dev.codekraft.it\/ravaglioli.it\/wp-json\/wp\/v2\/product"}],"about":[{"href":"https:\/\/dev.codekraft.it\/ravaglioli.it\/wp-json\/wp\/v2\/types\/product"}],"wp:featuredmedia":[{"embeddable":true,"href":"https:\/\/dev.codekraft.it\/ravaglioli.it\/wp-json\/wp\/v2\/media\/39748"}],"wp:attachment":[{"href":"https:\/\/dev.codekraft.it\/ravaglioli.it\/wp-json\/wp\/v2\/media?parent=152070"}],"wp:term":[{"taxonomy":"product_brand","embeddable":true,"href":"https:\/\/dev.codekraft.it\/ravaglioli.it\/wp-json\/wp\/v2\/product_brand?post=152070"},{"taxonomy":"product_cat","embeddable":true,"href":"https:\/\/dev.codekraft.it\/ravaglioli.it\/wp-json\/wp\/v2\/product_cat?post=152070"},{"taxonomy":"product_tag","embeddable":true,"href":"https:\/\/dev.codekraft.it\/ravaglioli.it\/wp-json\/wp\/v2\/product_tag?post=152070"},{"taxonomy":"product_approvals","embeddable":true,"href":"https:\/\/dev.codekraft.it\/ravaglioli.it\/wp-json\/wp\/v2\/product_approvals?post=152070"},{"taxonomy":"product_application","embeddable":true,"href":"https:\/\/dev.codekraft.it\/ravaglioli.it\/wp-json\/wp\/v2\/product_application?post=152070"}],"curies":[{"name":"wp","href":"https:\/\/api.w.org\/{rel}","templated":true}]}}