{"id":151993,"date":"2025-10-30T14:31:23","date_gmt":"2025-10-30T14:31:23","guid":{"rendered":"https:\/\/dev.codekraft.it\/ravaglioli.it\/product\/elevador-para-talleres-de-carroceria-rav-kbi30-199997\/"},"modified":"2026-01-14T20:01:32","modified_gmt":"2026-01-14T20:01:32","slug":"elevador-para-talleres-de-carroceria-rav-kbi30-199997","status":"publish","type":"product","link":"https:\/\/dev.codekraft.it\/ravaglioli.it\/es\/product\/elevador-para-talleres-de-carroceria-rav-kbi30-199997\/","title":{"rendered":"Elevador para talleres de carrocer\u00eda RAV.KBI30.199997"},"content":{"rendered":"<p>Elevador de tijera id\u00f3neo tanto para la instalaci\u00f3n sobre rejilla en el interior de las cabinas de pintura y las zonas de preparaci\u00f3n, como empotrado en suelos tradicionales. El dise\u00f1o ergon\u00f3mico permite alcanzar con facilidad los puntos de elevaci\u00f3n del veh\u00edculo, eliminando los obst\u00e1culos a su alrededory facilitando todas las operaciones en la carrocer\u00eda.<\/p>\n<ul>\n<li>Amplia gama de capacidad de carga: apto para todo tipo de turismos<\/li>\n<li>Rapidez de uso: el taco integrado en el brazo permite reducir el n\u00famero de operaciones necesarias para elevar el veh\u00edculo<\/li>\n<li>Instalaci\u00f3n flexible: instalaci\u00f3n f\u00e1cil y r\u00e1pida con una intervenci\u00f3n m\u00ednima incluso en presencia de rejillas<\/li>\n<\/ul>\n<ul>\n<li>El dise\u00f1o de la geometr\u00eda de los brazospermite elevar todo el parque circulante automovil\u00edstico, desde microcoches hasta sedanes con gran distancia entre ejes.<\/li>\n<li>Taco always on: Los brazos llevan el taco incorporado, para poder dejarlos siempre montados en el elevador, incluso cuando se encuentra en la posici\u00f3n de reposo. De esta forma, el elevador siempre est\u00e1 listo para usar, sin requerir ninguna intervenci\u00f3n adicional por parte del operario.<\/li>\n<li>El elevador puede instalarse sin emplear espesores suplementares en rejillas de entre 270 y 370 mm de profundidad.<\/li>\n<li>No es necesario modificar la rejilla de aspiraci\u00f3n est\u00e1ndar, sino que basta con retirar las rejillas en una superficie de 2000 x 700 mm.<\/li>\n<li>Configuraciones disponibles: Hay una amplia gama de configuraciones disponibles para adaptarse a todo tipo de ciclos de trabajo en el taller de carrocer\u00eda.<\/li>\n<li>Compatible con el sistema TEq-Link\n<ul>\n<li>Conexi\u00f3n a internet<\/li>\n<li>Env\u00edo de resultados a los clientes<\/li>\n<li>Asistencia remota<\/li>\n<\/ul>\n<\/li>\n<li>Ausencia de elementos bajo tensi\u00f3n en la zona de trabajo, con configuraci\u00f3n antiexplosi\u00f3n conforme a la Directiva 2014\/34\/UE. Adecuado tambi\u00e9n para el uso en el interior de cabinas de pintura. El cuadro de mandos, de dise\u00f1o compacto, se instala directamente al interior de la estaci\u00f3n de trabajo.<\/li>\n<\/ul>\n<ul>\n<li>M\u00e1xima ergonom\u00eda para todo tipo de turismos<\/li>\n<li>Gran altura de elevaci\u00f3n para trabajar en posici\u00f3n erecta<\/li>\n<li>La seguridad de las operaciones est\u00e1 garantizada gracias al sistema de topes para brazos autom\u00e1ticos y el tope mec\u00e1nico del cilindro. (Patente pendiente)<\/li>\n<\/ul>\n","protected":false},"excerpt":{"rendered":"<p>3,0 t, electrohidr\u00e1ulico, ATEX conforme a la directiva 2014\/34 \/UE, con brazos neum\u00e1ticos y TEq-Link, bajo suelo<\/p>\n","protected":false},"featured_media":77858,"template":"","meta":[],"product_brand":[],"product_cat":[58066],"product_tag":[58296],"product_approvals":[],"product_application":[],"class_list":{"0":"post-151993","1":"product","2":"type-product","3":"status-publish","4":"has-post-thumbnail","6":"product_cat-elevadores-de-baja-altura-es","7":"product_tag-passenger-cars-es","9":"first","10":"instock","11":"shipping-taxable","12":"product-type-simple"},"approvals":[],"application":[],"brb_media_brochure":[{"id":77851,"url":"https:\/\/dev.codekraft.it\/ravaglioli.it\/wp-content\/uploads\/brb_media\/00510125_scissor-lift-kbi-series-br-de-08-2023-screen.pdf","title":"Scissor Lift KBI series BR de 08 2023 screen","mpn":"","thumbnail":"https:\/\/dev.codekraft.it\/ravaglioli.it\/wp-content\/uploads\/brb_media\/00510125_scissor-lift-kbi-series-br-de-08-2023-screen-pdf-106x150.png","description":""},{"id":77852,"url":"https:\/\/dev.codekraft.it\/ravaglioli.it\/wp-content\/uploads\/brb_media\/00510126_scissor-lift-kbi-series-br-en-08-2023-screen.pdf","title":"Scissor Lift KBI series BR en 08 2023 screen","mpn":"","thumbnail":"https:\/\/dev.codekraft.it\/ravaglioli.it\/wp-content\/uploads\/brb_media\/00510126_scissor-lift-kbi-series-br-en-08-2023-screen-pdf-106x150.png","description":""},{"id":77853,"url":"https:\/\/dev.codekraft.it\/ravaglioli.it\/wp-content\/uploads\/brb_media\/00510127_scissor-lift-kbi-series-br-fr-08-2023-screen.pdf","title":"Scissor Lift KBI series BR fr 08 2023 screen","mpn":"","thumbnail":"https:\/\/dev.codekraft.it\/ravaglioli.it\/wp-content\/uploads\/brb_media\/00510127_scissor-lift-kbi-series-br-fr-08-2023-screen-pdf-106x150.png","description":""},{"id":77854,"url":"https:\/\/dev.codekraft.it\/ravaglioli.it\/wp-content\/uploads\/brb_media\/00510128_scissor-lift-kbi-series-br-it-08-2023-screen.pdf","title":"Scissor Lift KBI series BR it 08 2023 screen","mpn":"","thumbnail":"https:\/\/dev.codekraft.it\/ravaglioli.it\/wp-content\/uploads\/brb_media\/00510128_scissor-lift-kbi-series-br-it-08-2023-screen-pdf-106x150.png","description":""},{"id":77856,"url":"https:\/\/dev.codekraft.it\/ravaglioli.it\/wp-content\/uploads\/brb_media\/00510129_scissor-lift-kbi-series-br-es-08-2023-screen.pdf","title":"Scissor Lift KBI series BR es 08 2023 screen","mpn":"","thumbnail":"https:\/\/dev.codekraft.it\/ravaglioli.it\/wp-content\/uploads\/brb_media\/00510129_scissor-lift-kbi-series-br-es-08-2023-screen-pdf-106x150.png","description":""},{"id":77857,"url":"https:\/\/dev.codekraft.it\/ravaglioli.it\/wp-content\/uploads\/brb_media\/00510130_scissor-lift-kbi-series-br-ru-08-2023-screen.pdf","title":"Scissor Lift KBI series BR ru 08 2023 screen","mpn":"","thumbnail":"https:\/\/dev.codekraft.it\/ravaglioli.it\/wp-content\/uploads\/brb_media\/00510130_scissor-lift-kbi-series-br-ru-08-2023-screen-pdf-106x150.png","description":""}],"brb_media_drawing":[{"id":84046,"url":"https:\/\/dev.codekraft.it\/ravaglioli.it\/wp-content\/uploads\/brb_media\/00510361_body-shop-lifts-kbi-series-td-055007040-2022-01.pdf","title":"Body shop lifts KBI Series TD 055007040 2022 01","mpn":"","thumbnail":"https:\/\/dev.codekraft.it\/ravaglioli.it\/wp-content\/uploads\/brb_media\/00510361_body-shop-lifts-kbi-series-td-055007040-2022-01-pdf-106x150.png","description":""}],"brb_media_manuals":[{"id":151952,"url":"https:\/\/dev.codekraft.it\/ravaglioli.it\/wp-content\/uploads\/brb_media\/00550007_bodyshop-lifts-kbi30-kbi28-im-0550-m001-0-rev2-multi-2024-02.pdf","title":"Bodyshop Lifts KBI30 KBI28 IM 0550 M001 0 REV2 multi 2024 02","mpn":"","thumbnail":"https:\/\/dev.codekraft.it\/ravaglioli.it\/wp-content\/uploads\/brb_media\/00550007_bodyshop-lifts-kbi30-kbi28-im-0550-m001-0-rev2-multi-2024-02-pdf-106x150.png","description":""}],"brb_media_safety_datasheets":"","brb_media_spare_parts":[],"_cdmm_p_id":"501035","_company":"Ravaglioli","_gtin":"5063084199997","accessories":[{"id":152005,"mpn":"VSG.KBIAC.900005","name":"Plantilla de conexi\u00f3n","description":"Para le conexi\u00f3n entre la base delantera\/trasera | necesaria para instalar el elevador","thumbnail":"https:\/\/dev.codekraft.it\/ravaglioli.it\/wp-content\/uploads\/brb_media\/00510146_scissor-lift-kbi-series-automatic-base-connection-di-150x150.png","url":"https:\/\/dev.codekraft.it\/ravaglioli.it\/es\/product\/plantilla-de-conexion\/"}],"components":[],"delivery":[],"package":[],"related":[],"similar":[{"id":156187,"mpn":"RAV.KBI30.199973","name":"Elevador para talleres de carrocer\u00eda RAV.KBI30.199973","description":"3,0 t, electrohidr\u00e1ulico, con brazos neum\u00e1ticos y TEq-Link, bajo suelo","thumbnail":"https:\/\/dev.codekraft.it\/ravaglioli.it\/wp-content\/uploads\/brb_media\/00510133_scissor-lift-kbi-series-mi-150x150.png","url":"https:\/\/dev.codekraft.it\/ravaglioli.it\/es\/product\/elevador-para-talleres-de-carroceria-rav-kbi30-199973\/"},{"id":156157,"mpn":"RAV.KBI30.199782","name":"Elevador para talleres de carrocer\u00eda RAV.KBI30.199782","description":"3,0 t, hidroneum\u00e1tico, con brazos manuale, bajo suelo","thumbnail":"https:\/\/dev.codekraft.it\/ravaglioli.it\/wp-content\/uploads\/brb_media\/00510131_scissor-lift-kbi-series-mi-02-150x150.png","url":"https:\/\/dev.codekraft.it\/ravaglioli.it\/es\/product\/elevador-para-talleres-de-carroceria-rav-kbi30-199782\/"},{"id":156163,"mpn":"RAV.KBI30.199812","name":"Elevador para talleres de carrocer\u00eda RAV.KBI30.199812","description":"3,0 t, electrohidr\u00e1ulico, con brazos manuale, bajo suelo","thumbnail":"https:\/\/dev.codekraft.it\/ravaglioli.it\/wp-content\/uploads\/brb_media\/00510132_scissor-lift-kbi-series-mi-04-150x150.png","url":"https:\/\/dev.codekraft.it\/ravaglioli.it\/es\/product\/elevador-para-talleres-de-carroceria-rav-kbi30-199812\/"},{"id":156169,"mpn":"RAV.KBI30.199850","name":"Elevador para talleres de carrocer\u00eda RAV.KBI30.199850","description":"3,0 t, electrohidr\u00e1ulico, con brazos neum\u00e1ticos, bajo suelo","thumbnail":"https:\/\/dev.codekraft.it\/ravaglioli.it\/wp-content\/uploads\/brb_media\/00510133_scissor-lift-kbi-series-mi-150x150.png","url":"https:\/\/dev.codekraft.it\/ravaglioli.it\/es\/product\/elevador-para-talleres-de-carroceria-rav-kbi30-199850\/"},{"id":156175,"mpn":"RAV.KBI30.199904","name":"Elevador para talleres de carrocer\u00eda RAV.KBI30.199904","description":"3,0 t, electrohidr\u00e1ulico, ATEX conforme a la Directiva 2014\/34\/UE, con brazos neum\u00e1ticos, bajo suelo","thumbnail":"https:\/\/dev.codekraft.it\/ravaglioli.it\/wp-content\/uploads\/brb_media\/00510134_scissor-lift-kbi-series-mi-03-150x150.png","url":"https:\/\/dev.codekraft.it\/ravaglioli.it\/es\/product\/elevador-para-talleres-de-carroceria-rav-kbi30-199904\/"}],"page_logo_src":"https:\/\/dev.codekraft.it\/ravaglioli.it\/wp-content\/uploads\/2026\/04\/rav-negative-logo-1.png","lang":"es","translations":{"es":151993,"en":151989,"de":151990,"fr":151991,"it":151992,"ru":151994},"pll_sync_post":[],"_links":{"self":[{"href":"https:\/\/dev.codekraft.it\/ravaglioli.it\/wp-json\/wp\/v2\/product\/151993","targetHints":{"allow":["GET"]}}],"collection":[{"href":"https:\/\/dev.codekraft.it\/ravaglioli.it\/wp-json\/wp\/v2\/product"}],"about":[{"href":"https:\/\/dev.codekraft.it\/ravaglioli.it\/wp-json\/wp\/v2\/types\/product"}],"wp:featuredmedia":[{"embeddable":true,"href":"https:\/\/dev.codekraft.it\/ravaglioli.it\/wp-json\/wp\/v2\/media\/77858"}],"wp:attachment":[{"href":"https:\/\/dev.codekraft.it\/ravaglioli.it\/wp-json\/wp\/v2\/media?parent=151993"}],"wp:term":[{"taxonomy":"product_brand","embeddable":true,"href":"https:\/\/dev.codekraft.it\/ravaglioli.it\/wp-json\/wp\/v2\/product_brand?post=151993"},{"taxonomy":"product_cat","embeddable":true,"href":"https:\/\/dev.codekraft.it\/ravaglioli.it\/wp-json\/wp\/v2\/product_cat?post=151993"},{"taxonomy":"product_tag","embeddable":true,"href":"https:\/\/dev.codekraft.it\/ravaglioli.it\/wp-json\/wp\/v2\/product_tag?post=151993"},{"taxonomy":"product_approvals","embeddable":true,"href":"https:\/\/dev.codekraft.it\/ravaglioli.it\/wp-json\/wp\/v2\/product_approvals?post=151993"},{"taxonomy":"product_application","embeddable":true,"href":"https:\/\/dev.codekraft.it\/ravaglioli.it\/wp-json\/wp\/v2\/product_application?post=151993"}],"curies":[{"name":"wp","href":"https:\/\/api.w.org\/{rel}","templated":true}]}}